000
CDUS46 KSGX 161417
CLIPSP


CLIMATE REPORT
NATIONAL WEATHER SERVICE SAN DIEGO, CA
717 AM PDT TUE SEP 16 2014


...................................

...THE PALM SPRINGS INTL AIRPORT CA CLIMATE SUMMARY FOR SEPTEMBER 15 2014...

CLIMATE NORMAL PERIOD 1981 TO 2010
CLIMATE RECORD PERIOD 1893 TO 2014


WEATHER ITEM   OBSERVED TIME   RECORD YEAR NORMAL DEPARTURE LAST
                VALUE   (LST)  VALUE       VALUE  FROM      YEAR
                                                  NORMAL
..................................................................
TEMPERATURE (F)
 YESTERDAY
  MAXIMUM        111    306 PM 116    1929 101     10      109
  MINIMUM         86    527 AM  53    1941  73     13       79
                                      1927
  AVERAGE         99                        87     12       94

PRECIPITATION (IN)
  YESTERDAY        0.00          0.04 1997   0.01  -0.01     0.00
  MONTH TO DATE    0.04                      0.25  -0.21     0.03
  SINCE JUL 1      1.19                      0.84   0.35     1.08
  SINCE JAN 1      1.94                      3.78  -1.84     2.05

SNOWFALL (IN)
  YESTERDAY        0.0
  MONTH TO DATE    0.0
  SINCE JAN 1      0.0
  SINCE JUL 1      0.0
  SNOW DEPTH       0

DEGREE DAYS
 HEATING
  YESTERDAY        0                         0      0        0
  MONTH TO DATE    0                         0      0        0
  SINCE SEP 1      0                         0      0        0
  SINCE JUL 1      0                         0      0        0

 COOLING
  YESTERDAY       34                        22     12       29
  MONTH TO DATE  421                       357     64      411
  SINCE SEP 1    421                       357     64      411
  SINCE JAN 1   4018                      3441    577     3907
..................................................................


WIND (MPH)
  RESULTANT WIND SPEED   1   RESULTANT WIND DIRECTION   N (10)
  HIGHEST WIND SPEED    17   HIGHEST WIND DIRECTION    NW (320)
  HIGHEST GUST SPEED    19   HIGHEST GUST DIRECTION    NW (320)
  AVERAGE WIND SPEED     7.5


SKY COVER
  POSSIBLE SUNSHINE  MM
  AVERAGE SKY COVER 0.1


WEATHER CONDITIONS
 THE FOLLOWING WEATHER WAS RECORDED YESTERDAY.
  NO SIGNIFICANT WEATHER WAS OBSERVED.


RELATIVE HUMIDITY (PERCENT)
 HIGHEST    31           600 AM
 LOWEST     13           200 PM
 AVERAGE    22

..........................................................


THE PALM SPRINGS INTL AIRPORT CA CLIMATE NORMALS FOR TODAY
                         NORMAL    RECORD    YEAR
 MAXIMUM TEMPERATURE (F)  101       114      1922
 MINIMUM TEMPERATURE (F)   73        54      1954


SUNRISE AND SUNSET
SEPTEMBER 16 2014.....SUNRISE   630 AM PDT   SUNSET   651 PM PDT
SEPTEMBER 17 2014.....SUNRISE   631 AM PDT   SUNSET   650 PM PDT


-  INDICATES NEGATIVE NUMBERS.
R  INDICATES RECORD WAS SET OR TIED.
MM INDICATES DATA IS MISSING.
T  INDICATES TRACE AMOUNT.




$$
