000
CDUS46 KSGX 260019
CLIPSP


CLIMATE REPORT
NATIONAL WEATHER SERVICE SAN DIEGO, CA
419 PM PST THU DEC 25 2014


...................................

...THE PALM SPRINGS INTL AIRPORT CA CLIMATE SUMMARY FOR DECEMBER 25 2014...
VALID TODAY AS OF 0400 PM LOCAL TIME.

CLIMATE NORMAL PERIOD 1981 TO 2010
CLIMATE RECORD PERIOD 1893 TO 2014


WEATHER ITEM   OBSERVED TIME   RECORD YEAR NORMAL DEPARTURE LAST
                VALUE   (LST)  VALUE       VALUE  FROM      YEAR
                                                  NORMAL
..................................................................
TEMPERATURE (F)
 TODAY
  MAXIMUM         68    100 PM  86    1985  66      2       78
  MINIMUM         47    130 AM  23    1953  44      3       56
  AVERAGE         58                        55      3       67

PRECIPITATION (IN)
  TODAY            0.00          4.02 1940   0.04  -0.04     0.00
  MONTH TO DATE    0.74                      0.61   0.13      T
  SINCE JUL 1      2.00                      2.53  -0.53     1.26
  SINCE JAN 1      2.75                      5.47  -2.72     2.23

SNOWFALL (IN)
  TODAY            0.0
  MONTH TO DATE    0.0
  SINCE JAN 1      0.0
  SINCE JUL 1      0.0
  SNOW DEPTH       0

DEGREE DAYS
 HEATING
  TODAY            7                        10     -3        0
  MONTH TO DATE  121                       233   -112      195
  SINCE DEC 1    121                       233   -112      195
  SINCE JUL 1    154                       329   -175      256

 COOLING
  TODAY            0                         0      0        2
  MONTH TO DATE   24                         0     24        3
  SINCE DEC 1     24                         0     24        3
  SINCE JAN 1   4948                      4137    811     4509
..................................................................


WIND (MPH)
  RESULTANT WIND SPEED   4   RESULTANT WIND DIRECTION  NE (30)
  HIGHEST WIND SPEED    26   HIGHEST WIND DIRECTION     N (20)
  HIGHEST GUST SPEED    35   HIGHEST GUST DIRECTION     N (20)
  AVERAGE WIND SPEED     7.3


SKY COVER
  POSSIBLE SUNSHINE  MM
  AVERAGE SKY COVER 0.1


WEATHER CONDITIONS
 THE FOLLOWING WEATHER WAS RECORDED TODAY.
  NO SIGNIFICANT WEATHER WAS OBSERVED.


RELATIVE HUMIDITY (PERCENT)
 HIGHEST    54           700 AM
 LOWEST     10           200 PM
 AVERAGE    32

..........................................................


THE PALM SPRINGS INTL AIRPORT CA CLIMATE NORMALS FOR TOMORROW
                         NORMAL    RECORD    YEAR
 MAXIMUM TEMPERATURE (F)   66        84      1933
 MINIMUM TEMPERATURE (F)   44        28      1987


SUNRISE AND SUNSET
DECEMBER 25 2014......SUNRISE   649 AM PST   SUNSET   443 PM PST
DECEMBER 26 2014......SUNRISE   649 AM PST   SUNSET   444 PM PST


-  INDICATES NEGATIVE NUMBERS.
R  INDICATES RECORD WAS SET OR TIED.
MM INDICATES DATA IS MISSING.
T  INDICATES TRACE AMOUNT.




$$
