690
CDUS46 KSGX 262316
CLIPSP


CLIMATE REPORT
NATIONAL WEATHER SERVICE SAN DIEGO, CA
416 PM PDT SUN MAR 26 2017


...................................

...THE PALM SPRINGS INTL AIRPORT CA CLIMATE SUMMARY FOR MARCH 26 2017...
VALID TODAY AS OF 0400 PM LOCAL TIME.

CLIMATE NORMAL PERIOD 1981 TO 2010
CLIMATE RECORD PERIOD 1893 TO 2017


WEATHER ITEM   OBSERVED TIME   RECORD YEAR NORMAL DEPARTURE LAST
                VALUE   (LST)  VALUE       VALUE  FROM      YEAR
                                                  NORMAL
..................................................................
TEMPERATURE (F)
 TODAY
  MAXIMUM         82    240 PM 100    1988  81      1       87
  MINIMUM         55    506 AM  39    1936  54      1       58
  AVERAGE         69                        67      2       73

PRECIPITATION (IN)
  TODAY            0.00          0.30 1980   0.00   0.00     0.00
  MONTH TO DATE    0.00                      0.58  -0.58     0.02
  SINCE OCT 1      6.97                      4.46   2.51     2.47
  SINCE JAN 1      5.18                      2.61   2.57     2.28

DEGREE DAYS
 HEATING
  TODAY            0                         1     -1        0
  MONTH TO DATE   19                        67    -48       16
  SINCE MAR 1     19                        67    -48       16
  SINCE JUL 1    679                       845   -166      726

 COOLING
  TODAY            4                         4      0        8
  MONTH TO DATE  206                        71    135      178
  SINCE MAR 1    206                        71    135      178
  SINCE JAN 1    251                        98    153      328
..................................................................


WIND (MPH)
  RESULTANT WIND SPEED   5   RESULTANT WIND DIRECTION  NW (320)
  HIGHEST WIND SPEED    22   HIGHEST WIND DIRECTION    NW (330)
  HIGHEST GUST SPEED    30   HIGHEST GUST DIRECTION    NW (330)
  AVERAGE WIND SPEED     7.6


SKY COVER
  POSSIBLE SUNSHINE  MM
  AVERAGE SKY COVER 0.0


WEATHER CONDITIONS
 THE FOLLOWING WEATHER WAS RECORDED TODAY.
  NO SIGNIFICANT WEATHER WAS OBSERVED.


RELATIVE HUMIDITY (PERCENT)
 HIGHEST    72           400 AM
 LOWEST     25          1100 AM
 AVERAGE    49

..........................................................


THE PALM SPRINGS INTL AIRPORT CA CLIMATE NORMALS FOR TOMORROW
                         NORMAL    RECORD    YEAR
 MAXIMUM TEMPERATURE (F)   81       103      1988
 MINIMUM TEMPERATURE (F)   54        36      1945


SUNRISE AND SUNSET
MARCH 26 2017.........SUNRISE   641 AM PDT   SUNSET   702 PM PDT
MARCH 27 2017.........SUNRISE   640 AM PDT   SUNSET   703 PM PDT


-  INDICATES NEGATIVE NUMBERS.
R  INDICATES RECORD WAS SET OR TIED.
MM INDICATES DATA IS MISSING.
T  INDICATES TRACE AMOUNT.




$$
