000
CDUS46 KSGX 271422
CLIPSP


CLIMATE REPORT
NATIONAL WEATHER SERVICE SAN DIEGO, CA
722 AM PDT SAT AUG 27 2016


...................................

...THE PALM SPRINGS INTL AIRPORT CA CLIMATE SUMMARY FOR AUGUST 26 2016...

CLIMATE NORMAL PERIOD 1981 TO 2010
CLIMATE RECORD PERIOD 1893 TO 2016


WEATHER ITEM   OBSERVED TIME   RECORD YEAR NORMAL DEPARTURE LAST
                VALUE   (LST)  VALUE       VALUE  FROM      YEAR
                                                  NORMAL
..................................................................
TEMPERATURE (F)
 YESTERDAY
  MAXIMUM        102    249 PM 116    1967 105     -3      106
                                      1944
                                      1924
  MINIMUM         75    529 AM  54    1978  77     -2       86
  AVERAGE         89                        91     -2       96

PRECIPITATION (IN)
  YESTERDAY        0.00          0.04 2013   0.01  -0.01     0.00
  MONTH TO DATE    0.00                      0.28  -0.28      T
  SINCE OCT 1      2.63                      5.32  -2.69     2.63
  SINCE JAN 1      2.44                      3.47  -1.03     1.76

DEGREE DAYS
 HEATING
  YESTERDAY        0                         0      0        0
  MONTH TO DATE    0                         0      0        0
  SINCE JUN 1      0                         0      0        0
  SINCE JUL 1      0                         0      0        0

 COOLING
  YESTERDAY       24                        26     -2       31
  MONTH TO DATE  765                       703     62      793
  SINCE JUN 1   2514                      2196    318     2383
  SINCE JAN 1   3511                      2955    556     3448
..................................................................


WIND (MPH)
  RESULTANT WIND SPEED   3   RESULTANT WIND DIRECTION   N (340)
  HIGHEST WIND SPEED    21   HIGHEST WIND DIRECTION    NW (320)
  HIGHEST GUST SPEED    26   HIGHEST GUST DIRECTION    NW (320)
  AVERAGE WIND SPEED     6.3


SKY COVER
  POSSIBLE SUNSHINE  MM
  AVERAGE SKY COVER 0.1


WEATHER CONDITIONS
 THE FOLLOWING WEATHER WAS RECORDED YESTERDAY.
  NO SIGNIFICANT WEATHER WAS OBSERVED.


RELATIVE HUMIDITY (PERCENT)
 HIGHEST    41          1000 AM
 LOWEST     14           400 PM
 AVERAGE    28

..........................................................


THE PALM SPRINGS INTL AIRPORT CA CLIMATE NORMALS FOR TODAY
                         NORMAL    RECORD    YEAR
 MAXIMUM TEMPERATURE (F)  105       121      1981
 MINIMUM TEMPERATURE (F)   77        52      1954


SUNRISE AND SUNSET
AUGUST 27 2016........SUNRISE   617 AM PDT   SUNSET   717 PM PDT
AUGUST 28 2016........SUNRISE   617 AM PDT   SUNSET   716 PM PDT


-  INDICATES NEGATIVE NUMBERS.
R  INDICATES RECORD WAS SET OR TIED.
MM INDICATES DATA IS MISSING.
T  INDICATES TRACE AMOUNT.




$$
