000
CDUS45 KPUB 181056
CLIPUB


CLIMATE REPORT
NATIONAL WEATHER SERVICE PUEBLO
456 AM MDT WED OCT 18 2017


...................................

...THE PUEBLO CO CLIMATE SUMMARY FOR OCTOBER 17 2017...

CLIMATE NORMAL PERIOD 1981 TO 2010
CLIMATE RECORD PERIOD 1888 TO 2017


WEATHER ITEM   OBSERVED TIME   RECORD YEAR NORMAL DEPARTURE LAST
                VALUE   (LST)  VALUE       VALUE  FROM      YEAR
                                                  NORMAL
..................................................................
TEMPERATURE (F)
 YESTERDAY
  MAXIMUM         80    319 PM  93    1991  69     11       89
  MINIMUM         35    603 AM  20    1992  34      1       41
  AVERAGE         58                        51      7       65

PRECIPITATION (IN)
  YESTERDAY        0.00          0.69 1942   0.02  -0.02     0.00
  MONTH TO DATE    0.20                      0.41  -0.21      T
  SINCE SEP 1      1.40                      1.18   0.22     0.05
  SINCE JAN 1     15.66                     11.41   4.25    10.37

SNOWFALL (IN)
  YESTERDAY        0.0           0.6  1925   0.0    0.0      0.0
  MONTH TO DATE    0.0                       0.4   -0.4      0.0
  SINCE SEP 1      0.0                       0.7   -0.7      0.0
  SINCE JUL 1      0.0                       0.7   -0.7       T
  SNOW DEPTH       0

DEGREE DAYS
 HEATING
  YESTERDAY        7                        14     -7        0
  MONTH TO DATE  156                       183    -27       96
  SINCE SEP 1    243                       276    -33      116
  SINCE JUL 1    243                       281    -38      116

 COOLING
  YESTERDAY        0                         0      0        0
  MONTH TO DATE    0                         0      0       18
  SINCE SEP 1    146                        83     63      190
  SINCE JAN 1   1027                       894    133     1355
..................................................................


WIND (MPH)
  HIGHEST WIND SPEED    16   HIGHEST WIND DIRECTION    NW (310)
  HIGHEST GUST SPEED    19   HIGHEST GUST DIRECTION    NW (300)
  AVERAGE WIND SPEED     6.2


SKY COVER
  POSSIBLE SUNSHINE  MM
  AVERAGE SKY COVER 0.0


WEATHER CONDITIONS
 THE FOLLOWING WEATHER WAS RECORDED YESTERDAY.
  NO SIGNIFICANT WEATHER WAS OBSERVED.


RELATIVE HUMIDITY (PERCENT)
 HIGHEST    52           600 AM
 LOWEST      7           200 PM
 AVERAGE    30

..........................................................


THE PUEBLO CO CLIMATE NORMALS FOR TODAY
                         NORMAL    RECORD    YEAR
 MAXIMUM TEMPERATURE (F)   69        88      2009
                                             2003
 MINIMUM TEMPERATURE (F)   33        19      1996


SUNRISE AND SUNSET
OCTOBER 18 2017.......SUNRISE   710 AM MDT   SUNSET   616 PM MDT
OCTOBER 19 2017.......SUNRISE   711 AM MDT   SUNSET   614 PM MDT


-  INDICATES NEGATIVE NUMBERS.
R  INDICATES RECORD WAS SET OR TIED.
MM INDICATES DATA IS MISSING.
T  INDICATES TRACE AMOUNT.




$$
