000
CDUS45 KPUB 291053
CLIPUB


CLIMATE REPORT
NATIONAL WEATHER SERVICE PUEBLO
452 AM MDT FRI MAY 29 2015


...................................

...THE PUEBLO CO CLIMATE SUMMARY FOR MAY 28 2015...

CLIMATE NORMAL PERIOD 1981 TO 2010
CLIMATE RECORD PERIOD 1888 TO 2015


WEATHER ITEM   OBSERVED TIME   RECORD YEAR NORMAL DEPARTURE LAST
                VALUE   (LST)  VALUE       VALUE  FROM      YEAR
                                                  NORMAL
..................................................................
TEMPERATURE (F)
 YESTERDAY
  MAXIMUM         81    114 PM  97    2000  80      1       91
                                      1974
                                      1951
  MINIMUM         50    356 AM  35    1915  48      2       51
  AVERAGE         66                        64      2       71

PRECIPITATION (IN)
  YESTERDAY        0.18          0.59 1983   0.05   0.13     0.00
  MONTH TO DATE    5.35                      1.37   3.98     0.45
  SINCE MAR 1      7.34                      3.70   3.64     3.27
  SINCE JAN 1      8.72                      4.35   4.37     4.00

SNOWFALL (IN)
  YESTERDAY        0.0           0.0  2002   0.0    0.0      0.0
                                      2001
  MONTH TO DATE    T                         0.5   -0.5       T
  SINCE MAR 1      1.7                      10.0   -8.3     10.7
  SINCE JUL 1     42.8                      31.8   11.0     29.3
  SNOW DEPTH       0

DEGREE DAYS
 HEATING
  YESTERDAY        0                         3     -3        0
  MONTH TO DATE  234                       165     69      156
  SINCE MAR 1   1222                      1302    -80     1208
  SINCE JUL 1   5244                      5605   -361     5413

 COOLING
  YESTERDAY        1                         2     -1        6
  MONTH TO DATE    2                        24    -22       30
  SINCE MAR 1      2                        26    -24       32
  SINCE JAN 1      2                        26    -24       32
..................................................................


WIND (MPH)
  HIGHEST WIND SPEED    37   HIGHEST WIND DIRECTION     W (290)
  HIGHEST GUST SPEED    49   HIGHEST GUST DIRECTION     W (290)
  AVERAGE WIND SPEED     6.4


SKY COVER
  POSSIBLE SUNSHINE  MM
  AVERAGE SKY COVER 0.1


WEATHER CONDITIONS
 THE FOLLOWING WEATHER WAS RECORDED YESTERDAY.
  THUNDERSTORM
  LIGHT RAIN


RELATIVE HUMIDITY (PERCENT)
 HIGHEST    96           200 AM
 LOWEST     24           200 PM
 AVERAGE    60

..........................................................


THE PUEBLO CO CLIMATE NORMALS FOR TODAY
                         NORMAL    RECORD    YEAR
 MAXIMUM TEMPERATURE (F)   81       102      2000
 MINIMUM TEMPERATURE (F)   48        36      1947


SUNRISE AND SUNSET
MAY 29 2015...........SUNRISE   538 AM MDT   SUNSET   814 PM MDT
MAY 30 2015...........SUNRISE   537 AM MDT   SUNSET   814 PM MDT


-  INDICATES NEGATIVE NUMBERS.
R  INDICATES RECORD WAS SET OR TIED.
MM INDICATES DATA IS MISSING.
T  INDICATES TRACE AMOUNT.




$$
