000
CDUS45 KPUB 301028
CLIPUB


CLIMATE REPORT
NATIONAL WEATHER SERVICE PUEBLO
428 AM MDT TUE JUN 30 2015


...................................

...THE PUEBLO CO CLIMATE SUMMARY FOR JUNE 29 2015...

CLIMATE NORMAL PERIOD 1981 TO 2010
CLIMATE RECORD PERIOD 1888 TO 2015


WEATHER ITEM   OBSERVED TIME   RECORD YEAR NORMAL DEPARTURE LAST
                VALUE   (LST)  VALUE       VALUE  FROM      YEAR
                                                  NORMAL
..................................................................
TEMPERATURE (F)
 YESTERDAY
  MAXIMUM         92    335 PM 108    1990  92      0      100
  MINIMUM         60    301 AM  45    1945  56      4       59
  AVERAGE         76                        74      2       80

PRECIPITATION (IN)
  YESTERDAY        0.00          0.58 1921   0.05  -0.05     0.00
  MONTH TO DATE    1.22                      1.31  -0.09     0.86
  SINCE JUN 1      1.22                      1.31  -0.09     0.86
  SINCE JAN 1     10.14                      5.80   4.34     5.06

SNOWFALL (IN)
  YESTERDAY        0.0           0.0  2002   0.0    0.0      0.0
                                      2001
  MONTH TO DATE    0.0                       0.0    0.0       T
  SINCE JUN 1      0.0                       0.0    0.0       T
  SINCE JUL 1     42.8                      31.8   11.0     29.3
  SNOW DEPTH       0

DEGREE DAYS
 HEATING
  YESTERDAY        0                         0      0        0
  MONTH TO DATE    0                        22    -22        3
  SINCE JUN 1      0                        22    -22        3
  SINCE JUL 1   5254                      5635   -381     5416

 COOLING
  YESTERDAY       11                         9      2       15
  MONTH TO DATE  228                       166     62      223
  SINCE JUN 1    228                       166     62      223
  SINCE JAN 1    232                       200     32      275
..................................................................


WIND (MPH)
  HIGHEST WIND SPEED    16   HIGHEST WIND DIRECTION    SE (130)
  HIGHEST GUST SPEED    22   HIGHEST GUST DIRECTION    SE (130)
  AVERAGE WIND SPEED     6.1


SKY COVER
  POSSIBLE SUNSHINE  MM
  AVERAGE SKY COVER 0.0


WEATHER CONDITIONS
 THE FOLLOWING WEATHER WAS RECORDED YESTERDAY.
  NO SIGNIFICANT WEATHER WAS OBSERVED.


RELATIVE HUMIDITY (PERCENT)
 HIGHEST    90           100 AM
 LOWEST     23           400 PM
 AVERAGE    57

..........................................................


THE PUEBLO CO CLIMATE NORMALS FOR TODAY
                         NORMAL    RECORD    YEAR
 MAXIMUM TEMPERATURE (F)   92       103      2014
                                             2002
                                             1980
 MINIMUM TEMPERATURE (F)   57        47      1891


SUNRISE AND SUNSET
JUNE 30 2015..........SUNRISE   538 AM MDT   SUNSET   826 PM MDT
JULY  1 2015..........SUNRISE   538 AM MDT   SUNSET   825 PM MDT


-  INDICATES NEGATIVE NUMBERS.
R  INDICATES RECORD WAS SET OR TIED.
MM INDICATES DATA IS MISSING.
T  INDICATES TRACE AMOUNT.




$$
