000
CDUS45 KPUB 251033
CLIPUB


CLIMATE REPORT
NATIONAL WEATHER SERVICE PUEBLO
433 AM MDT SUN JUN 25 2017


...................................

...THE PUEBLO CO CLIMATE SUMMARY FOR JUNE 24 2017...

CLIMATE NORMAL PERIOD 1981 TO 2010
CLIMATE RECORD PERIOD 1888 TO 2017


WEATHER ITEM   OBSERVED TIME   RECORD YEAR NORMAL DEPARTURE LAST
                VALUE   (LST)  VALUE       VALUE  FROM      YEAR
                                                  NORMAL
..................................................................
TEMPERATURE (F)
 YESTERDAY
  MAXIMUM         78    208 PM 107    2012  90    -12       98
  MINIMUM         59    408 AM  45    1995  55      4       59
  AVERAGE         69                        73     -4       79

PRECIPITATION (IN)
  YESTERDAY        0.00          2.24 1979   0.04  -0.04     0.01
  MONTH TO DATE    1.57                      1.07   0.50     0.41
  SINCE JUN 1      1.57                      1.07   0.50     0.41
  SINCE JAN 1     10.63                      5.56   5.07     7.58

SNOWFALL (IN)
  YESTERDAY        0.0           0.0  2002   0.0    0.0      0.0
                                      2001
  MONTH TO DATE    0.0                       0.0    0.0       T
  SINCE JUN 1      0.0                       0.0    0.0       T
  SINCE JUL 1     28.2                      31.8   -3.6     31.4
  SNOW DEPTH       0

DEGREE DAYS
 HEATING
  YESTERDAY        0                         0      0        0
  MONTH TO DATE    5                        22    -17        1
  SINCE JUN 1      5                        22    -17        1
  SINCE JUL 1   4543                      5635  -1092     4624

 COOLING
  YESTERDAY        4                         8     -4       14
  MONTH TO DATE  173                       122     51      255
  SINCE JUN 1    173                       122     51      255
  SINCE JAN 1    183                       156     27      285
..................................................................


WIND (MPH)
  HIGHEST WIND SPEED    17   HIGHEST WIND DIRECTION    SE (120)
  HIGHEST GUST SPEED    21   HIGHEST GUST DIRECTION    SE (120)
  AVERAGE WIND SPEED     7.1


SKY COVER
  POSSIBLE SUNSHINE  MM
  AVERAGE SKY COVER 0.9


WEATHER CONDITIONS
 THE FOLLOWING WEATHER WAS RECORDED YESTERDAY.
  NO SIGNIFICANT WEATHER WAS OBSERVED.


RELATIVE HUMIDITY (PERCENT)
 HIGHEST    78           200 AM
 LOWEST     38           100 PM
 AVERAGE    58

..........................................................


THE PUEBLO CO CLIMATE NORMALS FOR TODAY
                         NORMAL    RECORD    YEAR
 MAXIMUM TEMPERATURE (F)   91       105      2012
 MINIMUM TEMPERATURE (F)   55        45      1998


SUNRISE AND SUNSET
JUNE 25 2017..........SUNRISE   536 AM MDT   SUNSET   825 PM MDT
JUNE 26 2017..........SUNRISE   536 AM MDT   SUNSET   826 PM MDT


-  INDICATES NEGATIVE NUMBERS.
R  INDICATES RECORD WAS SET OR TIED.
MM INDICATES DATA IS MISSING.
T  INDICATES TRACE AMOUNT.




$$
