000
CDUS45 KPUB 280028
CLIPUB


CLIMATE REPORT
NATIONAL WEATHER SERVICE PUEBLO
628 PM MDT FRI MAY 27 2016


...................................

...THE PUEBLO CO CLIMATE SUMMARY FOR MAY 27 2016...
VALID TODAY AS OF 0500 PM LOCAL TIME.

CLIMATE NORMAL PERIOD 1981 TO 2010
CLIMATE RECORD PERIOD 1888 TO 2016


WEATHER ITEM   OBSERVED TIME   RECORD YEAR NORMAL DEPARTURE LAST
                VALUE   (LST)  VALUE       VALUE  FROM      YEAR
                                                  NORMAL
..................................................................
TEMPERATURE (F)
 TODAY
  MAXIMUM         67    443 PM  95    2006  80    -13       79
  MINIMUM         48    617 AM  34    1997  48      0       48
  AVERAGE         58                        64     -6       64

PRECIPITATION (IN)
  TODAY            0.76          1.93 1902   0.05   0.71     0.15
  MONTH TO DATE    1.55                      1.32   0.23     5.20
  SINCE MAR 1      5.10                      3.65   1.45     7.19
  SINCE JAN 1      5.96                      4.30   1.66     8.57

SNOWFALL (IN)
  TODAY            0.0           0.0  2002   0.0    0.0      0.0
                                      2001
  MONTH TO DATE    0.0                       0.5   -0.5       T
  SINCE MAR 1      7.2                      10.0   -2.8      1.7
  SINCE JUL 1     31.4                      31.8   -0.4     42.8
  SNOW DEPTH       0

DEGREE DAYS
 HEATING
  TODAY            7                         3      4        1
  MONTH TO DATE  142                       162    -20      234
  SINCE MAR 1   1106                      1299   -193     1222
  SINCE JUL 1   4615                      5602   -987     5244

 COOLING
  TODAY            0                         2     -2        0
  MONTH TO DATE   28                        22      6        1
  SINCE MAR 1     28                        24      4        1
  SINCE JAN 1     28                        24      4        1
..................................................................


WIND (MPH)
  HIGHEST WIND SPEED    38   HIGHEST WIND DIRECTION     N (10)
  HIGHEST GUST SPEED    47   HIGHEST GUST DIRECTION     N (10)
  AVERAGE WIND SPEED    16.3


SKY COVER
  POSSIBLE SUNSHINE  MM
  AVERAGE SKY COVER 0.7


WEATHER CONDITIONS
 THE FOLLOWING WEATHER WAS RECORDED TODAY.
  HEAVY RAIN
  RAIN
  LIGHT RAIN
  FOG


RELATIVE HUMIDITY (PERCENT)
 HIGHEST    93           300 AM
 LOWEST     37           400 PM
 AVERAGE    65

..........................................................


THE PUEBLO CO CLIMATE NORMALS FOR TOMORROW
                         NORMAL    RECORD    YEAR
 MAXIMUM TEMPERATURE (F)   80        97      2000
                                             1974
                                             1951
 MINIMUM TEMPERATURE (F)   48        35      1915


SUNRISE AND SUNSET
MAY 27 2016...........SUNRISE   538 AM MDT   SUNSET   813 PM MDT
MAY 28 2016...........SUNRISE   538 AM MDT   SUNSET   813 PM MDT


-  INDICATES NEGATIVE NUMBERS.
R  INDICATES RECORD WAS SET OR TIED.
MM INDICATES DATA IS MISSING.
T  INDICATES TRACE AMOUNT.




$$
