000
CDUS46 KOTX 260823
CLIPUW


CLIMATE REPORT
NATIONAL WEATHER SERVICE SPOKANE, WA
1222 AM PST THU FEB 26 2015


...................................

...THE PULLMAN-MOSCOW  AIRPORT CLIMATE SUMMARY FOR FEBRUARY 25 2015...

CLIMATE NORMAL PERIOD 1981 TO 2010
CLIMATE RECORD PERIOD 9999 TO 9999


WEATHER ITEM   OBSERVED TIME   RECORD YEAR NORMAL DEPARTURE LAST
                VALUE   (LST)  VALUE       VALUE  FROM      YEAR
                                                  NORMAL
..................................................................
TEMPERATURE (F)
 YESTERDAY
  MAXIMUM         48    227 PM  66    1986  45      3       33
  MINIMUM         25    627 AM -12    2011  29     -4       23
  AVERAGE         37                        37      0       28

PRECIPITATION (IN)
  YESTERDAY        T             1.26 1948   0.06  -0.06      T
  MONTH TO DATE    2.10                      1.36   0.74     2.31
  SINCE OCT 1     10.56                      8.38   2.18     7.56
  SINCE JAN 1      3.71                      3.18   0.53     4.22

SNOWFALL (IN)
  YESTERDAY       MM

DEGREE DAYS
 HEATING
  YESTERDAY       28                        28      0       37
  MONTH TO DATE  580                       761   -181      914
  SINCE DEC 1   2415                      2876   -461     3061
  SINCE JUL 1   3752                      4620   -868     4750

 COOLING
  YESTERDAY        0                         0      0        0
  MONTH TO DATE    0                         0      0        0
  SINCE DEC 1      0                         0      0        0
  SINCE JAN 1      0                         0      0        0
..................................................................


WIND (MPH)
  HIGHEST WIND SPEED    17   HIGHEST WIND DIRECTION     W (280)
  HIGHEST GUST SPEED    21   HIGHEST GUST DIRECTION     W (280)
  AVERAGE WIND SPEED     4.6


SKY COVER
  POSSIBLE SUNSHINE  MM
  AVERAGE SKY COVER 0.2


WEATHER CONDITIONS
 THE FOLLOWING WEATHER WAS RECORDED YESTERDAY.
  LIGHT RAIN
  FOG


RELATIVE HUMIDITY (PERCENT)
 HIGHEST    85           700 AM
 LOWEST     49           300 PM
 AVERAGE    67

..........................................................


THE PULLMAN-MOSCOW  AIRPORT CLIMATE NORMALS FOR TODAY
                         NORMAL    RECORD    YEAR
 MAXIMUM TEMPERATURE (F)   45        57      2005
                                             1986
 MINIMUM TEMPERATURE (F)   29       -12      2011


SUNRISE AND SUNSET
FEBRUARY 26 2015......SUNRISE   634 AM PST   SUNSET   530 PM PST
FEBRUARY 27 2015......SUNRISE   632 AM PST   SUNSET   531 PM PST


-  INDICATES NEGATIVE NUMBERS.
R  INDICATES RECORD WAS SET OR TIED.
MM INDICATES DATA IS MISSING.
T  INDICATES TRACE AMOUNT.




$$
