622
CDUS46 KOTX 250925
CLIPUW


CLIMATE REPORT
NATIONAL WEATHER SERVICE SPOKANE, WA
224 AM PDT SUN SEP 25 2016


...................................

...THE PULLMAN-MOSCOW  AIRPORT CLIMATE SUMMARY FOR SEPTEMBER 24 2016...

CLIMATE NORMAL PERIOD 1981 TO 2010
CLIMATE RECORD PERIOD 9999 TO 9999


WEATHER ITEM   OBSERVED TIME   RECORD YEAR NORMAL DEPARTURE LAST
                VALUE   (LST)  VALUE       VALUE  FROM      YEAR
                                                  NORMAL
..................................................................
TEMPERATURE (F)
 YESTERDAY
  MAXIMUM         64    327 PM  95    2011  70     -6       81
  MINIMUM         40   1149 PM  26    1981  41     -1       40
  AVERAGE         52                        55     -3       61

PRECIPITATION (IN)
  YESTERDAY        0.00                      0.03  -0.03     0.00
  MONTH TO DATE    0.33                      0.59  -0.26     0.69
  SINCE OCT 1     20.28                     16.70   3.58    17.47
  SINCE JAN 1     12.29                     11.50   0.79    10.62

SNOWFALL (IN)
  YESTERDAY       MM

DEGREE DAYS
 HEATING
  YESTERDAY       13                        10      3        4
  MONTH TO DATE  205                       161     44      170
  SINCE SEP 1    205                       161     44      170
  SINCE JUL 1    307                       294     13      227

 COOLING
  YESTERDAY        0                         0      0        0
  MONTH TO DATE    0                        21    -21        8
  SINCE SEP 1      0                        21    -21        8
  SINCE JAN 1    197                       211    -14      416
..................................................................


WIND (MPH)
  HIGHEST WIND SPEED    16   HIGHEST WIND DIRECTION    SW (240)
  HIGHEST GUST SPEED    20   HIGHEST GUST DIRECTION    SW (230)
  AVERAGE WIND SPEED     6.4


SKY COVER
  POSSIBLE SUNSHINE  MM
  AVERAGE SKY COVER 0.2


WEATHER CONDITIONS
 THE FOLLOWING WEATHER WAS RECORDED YESTERDAY.
  NO SIGNIFICANT WEATHER WAS OBSERVED.


RELATIVE HUMIDITY (PERCENT)
 HIGHEST    92           700 AM
 LOWEST     36           400 PM
 AVERAGE    64

..........................................................


THE PULLMAN-MOSCOW  AIRPORT CLIMATE NORMALS FOR TODAY
                         NORMAL    RECORD    YEAR
 MAXIMUM TEMPERATURE (F)   70        92      1994
 MINIMUM TEMPERATURE (F)   41        29      1996


SUNRISE AND SUNSET
SEPTEMBER 25 2016.....SUNRISE   640 AM PDT   SUNSET   639 PM PDT
SEPTEMBER 26 2016.....SUNRISE   641 AM PDT   SUNSET   637 PM PDT


-  INDICATES NEGATIVE NUMBERS.
R  INDICATES RECORD WAS SET OR TIED.
MM INDICATES DATA IS MISSING.
T  INDICATES TRACE AMOUNT.




$$
