000
CDUS46 KOTX 300830
CLIPUW


CLIMATE REPORT
NATIONAL WEATHER SERVICE SPOKANE, WA
130 AM PDT SAT MAY 30 2015


...................................

...THE PULLMAN-MOSCOW  AIRPORT CLIMATE SUMMARY FOR MAY 29 2015...

CLIMATE NORMAL PERIOD 1981 TO 2010
CLIMATE RECORD PERIOD 9999 TO 9999


WEATHER ITEM   OBSERVED TIME   RECORD YEAR NORMAL DEPARTURE LAST
                VALUE   (LST)  VALUE       VALUE  FROM      YEAR
                                                  NORMAL
..................................................................
TEMPERATURE (F)
 YESTERDAY
  MAXIMUM         81    323 PM  92    1983  67     14       63
  MINIMUM         56    413 AM  31    1977  44     12       40
  AVERAGE         69                        56     13       52

PRECIPITATION (IN)
  YESTERDAY        T             0.86 1988   0.04  -0.04     0.00
  MONTH TO DATE    1.89                      1.48   0.41     0.97
  SINCE OCT 1     15.57                     13.63   1.94    13.02
  SINCE JAN 1      8.72                      8.43   0.29     9.68

SNOWFALL (IN)
  YESTERDAY       MM

DEGREE DAYS
 HEATING
  YESTERDAY        0                        10    -10       13
  MONTH TO DATE  271                       354    -83      305
  SINCE MAR 1   1441                      1678   -237     1578
  SINCE JUL 1   5272                      6381  -1109     6429

 COOLING
  YESTERDAY        4                         0      4        0
  MONTH TO DATE    4                         0      4        1
  SINCE MAR 1      4                         0      4        1
  SINCE JAN 1      4                         0      4        1
..................................................................


WIND (MPH)
  HIGHEST WIND SPEED    18   HIGHEST WIND DIRECTION     E (90)
  HIGHEST GUST SPEED    22   HIGHEST GUST DIRECTION     E (90)
  AVERAGE WIND SPEED     7.6


SKY COVER
  POSSIBLE SUNSHINE  MM
  AVERAGE SKY COVER 0.1


WEATHER CONDITIONS
 THE FOLLOWING WEATHER WAS RECORDED YESTERDAY.
  THUNDERSTORM


RELATIVE HUMIDITY (PERCENT)
 HIGHEST    77          1200 AM
 LOWEST     33           300 PM
 AVERAGE    55

..........................................................


THE PULLMAN-MOSCOW  AIRPORT CLIMATE NORMALS FOR TODAY
                         NORMAL    RECORD    YEAR
 MAXIMUM TEMPERATURE (F)   68        90      1983
 MINIMUM TEMPERATURE (F)   44        32      1978


SUNRISE AND SUNSET
MAY 30 2015...........SUNRISE   500 AM PDT   SUNSET   833 PM PDT
MAY 31 2015...........SUNRISE   459 AM PDT   SUNSET   834 PM PDT


-  INDICATES NEGATIVE NUMBERS.
R  INDICATES RECORD WAS SET OR TIED.
MM INDICATES DATA IS MISSING.
T  INDICATES TRACE AMOUNT.




$$
