000
CDUS46 KOTX 010831
CLIPUW


CLIMATE REPORT
NATIONAL WEATHER SERVICE SPOKANE, WA
127 AM PDT MON SEP 1 2014


...................................

...THE PULLMAN-MOSCOW  AIRPORT CLIMATE SUMMARY FOR AUGUST 31 2014...

CLIMATE NORMAL PERIOD 1981 TO 2010
CLIMATE RECORD PERIOD 9999 TO 9999


WEATHER ITEM   OBSERVED TIME   RECORD YEAR NORMAL DEPARTURE LAST
                VALUE   (LST)  VALUE       VALUE  FROM      YEAR
                                                  NORMAL
..................................................................
TEMPERATURE (F)
 YESTERDAY
  MAXIMUM         70    310 PM 100    1967  79     -9       88
  MINIMUM         44   1145 PM  31    1942  47     -3       44
  AVERAGE         57                        63     -6       66

PRECIPITATION (IN)
  YESTERDAY        0.00        0.68   1986  0.02  -0.02     0.00
  MONTH TO DATE    0.50                     0.63  -0.13     0.45
  SINCE OCT 1     14.78                    16.11  -1.33    16.42
  SINCE JAN 1     11.44                    10.91   0.53     8.88

SNOWFALL (IN)
  YESTERDAY       MM            MM     MM    MM     MM       MM
  MONTH TO DATE   MM                         MM     MM       MM
  SINCE JUN 1     MM                         MM     MM       MM
  SINCE JUL 1     MM                         MM     MM       MM
  SNOW DEPTH      MM

DEGREE DAYS
 HEATING
  YESTERDAY        8                         4      4        0
  MONTH TO DATE   15                        67    -52       16
  SINCE JUN 1    229                       339   -110      230
  SINCE JUL 1     25                       133   -108       40

 COOLING
  YESTERDAY        0                         2     -2        1
  MONTH TO DATE  136                        90     46      112
  SINCE JUN 1    326                       185    141      250
  SINCE JAN 1    327                       190    137      262
..................................................................


WIND (MPH)
  HIGHEST WIND SPEED    20   HIGHEST WIND DIRECTION    SW (230)
  HIGHEST GUST SPEED    25   HIGHEST GUST DIRECTION    SW (240)
  AVERAGE WIND SPEED    10.4


SKY COVER
  POSSIBLE SUNSHINE  MM
  AVERAGE SKY COVER 0.5


WEATHER CONDITIONS
 THE FOLLOWING WEATHER WAS RECORDED YESTERDAY.
  NO SIGNIFICANT WEATHER WAS OBSERVED.


RELATIVE HUMIDITY (PERCENT)
 HIGHEST    67           100 AM
 LOWEST     33           300 PM
 AVERAGE    50

..........................................................


THE PULLMAN-MOSCOW  AIRPORT CLIMATE NORMALS FOR TODAY
                         NORMAL    RECORD    YEAR
 MAXIMUM TEMPERATURE (F)   79        99      1998
 MINIMUM TEMPERATURE (F)   47        32      1999


SUNRISE AND SUNSET
SEPTEMBER  1 2014.....SUNRISE   608 AM PDT   SUNSET   728 PM PDT
SEPTEMBER  2 2014.....SUNRISE   610 AM PDT   SUNSET   726 PM PDT


-  INDICATES NEGATIVE NUMBERS.
R  INDICATES RECORD WAS SET OR TIED.
MM INDICATES DATA IS MISSING.
T  INDICATES TRACE AMOUNT.

$$
