000
CDUS46 KOTX 240835
CLIPUW


CLIMATE REPORT
NATIONAL WEATHER SERVICE SPOKANE, WA
1234 AM PST MON NOV 24 2014


...................................

...THE PULLMAN-MOSCOW  AIRPORT CLIMATE SUMMARY FOR NOVEMBER 23 2014...

CLIMATE NORMAL PERIOD 1981 TO 2010
CLIMATE RECORD PERIOD 9999 TO 9999


WEATHER ITEM   OBSERVED TIME   RECORD YEAR NORMAL DEPARTURE LAST
                VALUE   (LST)  VALUE       VALUE  FROM      YEAR
                                                  NORMAL
..................................................................
TEMPERATURE (F)
 YESTERDAY
  MAXIMUM         46    122 PM  60    1954  40      6       40
  MINIMUM         35   1150 PM  -8    1985  29      6       19
  AVERAGE         41                        34      7       30

PRECIPITATION (IN)
  YESTERDAY        0.19          1.18 1942   0.08   0.11     0.00
  MONTH TO DATE    1.35                      1.76  -0.41     1.77
  SINCE OCT 1      2.37                      3.10  -0.73     1.92
  SINCE JAN 1     14.25                     14.79  -0.54    13.46

SNOWFALL (IN)
  YESTERDAY       MM

DEGREE DAYS
 HEATING
  YESTERDAY       24                        31     -7       35
  MONTH TO DATE  660                       616     44      628
  SINCE SEP 1   1124                      1389   -265     1425
  SINCE JUL 1   1149                      1522   -373     1465

 COOLING
  YESTERDAY        0                         0      0        0
  MONTH TO DATE    0                         0      0        0
  SINCE SEP 1     19                        23     -4       72
  SINCE JAN 1    346                       213    133      334
..................................................................


WIND (MPH)
  HIGHEST WIND SPEED    35   HIGHEST WIND DIRECTION     W (250)
  HIGHEST GUST SPEED    46   HIGHEST GUST DIRECTION    SW (240)
  AVERAGE WIND SPEED    15.9


SKY COVER
  POSSIBLE SUNSHINE  MM
  AVERAGE SKY COVER 0.5


WEATHER CONDITIONS
 THE FOLLOWING WEATHER WAS RECORDED YESTERDAY.
  RAIN
  LIGHT RAIN
  FOG


RELATIVE HUMIDITY (PERCENT)
 HIGHEST    92           500 PM
 LOWEST     62          1200 PM
 AVERAGE    77

..........................................................


THE PULLMAN-MOSCOW  AIRPORT CLIMATE NORMALS FOR TODAY
                         NORMAL    RECORD    YEAR
 MAXIMUM TEMPERATURE (F)   40        56      1959
 MINIMUM TEMPERATURE (F)   29       -10      2010


SUNRISE AND SUNSET
NOVEMBER 24 2014......SUNRISE   704 AM PST   SUNSET   406 PM PST
NOVEMBER 25 2014......SUNRISE   705 AM PST   SUNSET   406 PM PST


-  INDICATES NEGATIVE NUMBERS.
R  INDICATES RECORD WAS SET OR TIED.
MM INDICATES DATA IS MISSING.
T  INDICATES TRACE AMOUNT.




$$
