000
CDUS46 KOTX 170831
CLIPUW


CLIMATE REPORT
NATIONAL WEATHER SERVICE SPOKANE, WA
130 AM PDT TUE OCT 17 2017


...................................

...THE PULLMAN-MOSCOW  AIRPORT CLIMATE SUMMARY FOR OCTOBER 16 2017...

CLIMATE NORMAL PERIOD 1981 TO 2010
CLIMATE RECORD PERIOD 9999 TO 9999


WEATHER ITEM   OBSERVED TIME   RECORD YEAR NORMAL DEPARTURE LAST
                VALUE   (LST)  VALUE       VALUE  FROM      YEAR
                                                  NORMAL
..................................................................
TEMPERATURE (F)
 YESTERDAY
  MAXIMUM         65    201 PM  81    1991  59      6       59
  MINIMUM         39    630 AM  22    1992  36      3       44
  AVERAGE         52                        47      5       52

PRECIPITATION (IN)
  YESTERDAY        0.00                      0.05  -0.05     0.14
  MONTH TO DATE    1.03                      0.59   0.44     2.51
  SINCE OCT 1      1.03                      0.59   0.44     2.51
  SINCE JAN 1     16.64                     12.28   4.36    14.83

SNOWFALL (IN)
  YESTERDAY       MM

DEGREE DAYS
 HEATING
  YESTERDAY       13                        18     -5       13
  MONTH TO DATE  276                       240     36      228
  SINCE SEP 1    463                       468     -5      444
  SINCE JUL 1    486                       601   -115      546

 COOLING
  YESTERDAY        0                         0      0        0
  MONTH TO DATE    0                         0      0        0
  SINCE SEP 1     83                        22     61        6
  SINCE JAN 1    517                       212    305      203
..................................................................


WIND (MPH)
  HIGHEST WIND SPEED    15   HIGHEST WIND DIRECTION    SE (140)
  HIGHEST GUST SPEED    19   HIGHEST GUST DIRECTION    SE (150)
  AVERAGE WIND SPEED     6.7


SKY COVER
  POSSIBLE SUNSHINE  MM
  AVERAGE SKY COVER 0.0


WEATHER CONDITIONS
 THE FOLLOWING WEATHER WAS RECORDED YESTERDAY.
  NO SIGNIFICANT WEATHER WAS OBSERVED.


RELATIVE HUMIDITY (PERCENT)
 HIGHEST    70           600 AM
 LOWEST     28           200 PM
 AVERAGE    49

..........................................................


THE PULLMAN-MOSCOW  AIRPORT CLIMATE NORMALS FOR TODAY
                         NORMAL    RECORD    YEAR
 MAXIMUM TEMPERATURE (F)   58        77      1974
                                             1958
                                             1954
 MINIMUM TEMPERATURE (F)   36        21      2010
                                             1984


SUNRISE AND SUNSET
OCTOBER 17 2017.......SUNRISE   709 AM PDT   SUNSET   557 PM PDT
OCTOBER 18 2017.......SUNRISE   711 AM PDT   SUNSET   555 PM PDT


-  INDICATES NEGATIVE NUMBERS.
R  INDICATES RECORD WAS SET OR TIED.
MM INDICATES DATA IS MISSING.
T  INDICATES TRACE AMOUNT.




$$
