000
CDUS41 KBOX 230603
CLIPVD


CLIMATE REPORT
NATIONAL WEATHER SERVICE TAUNTON MA
1253 AM EST THU FEB 23 2017


...................................

...THE PROVIDENCE RI CLIMATE SUMMARY FOR FEBRUARY 22 2017...

CLIMATE NORMAL PERIOD 1981 TO 2010
CLIMATE RECORD PERIOD 1904 TO 2017


WEATHER ITEM   OBSERVED TIME   RECORD YEAR NORMAL DEPARTURE LAST
                VALUE   (LST)  VALUE       VALUE  FROM      YEAR
                                                  NORMAL
..................................................................
TEMPERATURE (F)
 YESTERDAY
  MAXIMUM         57    139 PM  65    1991  42     15       51
  MINIMUM         35    241 AM   1    1918  25     10       31
  AVERAGE         46                        33     13       41

PRECIPITATION (IN)
  YESTERDAY        0.00          1.10 2003   0.12  -0.12      T
  MONTH TO DATE    2.07                      2.50  -0.43     3.64
  SINCE DEC 1     10.17                     10.58  -0.41    11.47
  SINCE JAN 1      7.03                      6.36   0.67     6.67

SNOWFALL (IN)
  YESTERDAY        0.0           5.0  1919   0.3   -0.3      0.0
  MONTH TO DATE   16.8                       6.9    9.9     11.5
  SINCE DEC 1     38.2                      24.6   13.6     19.4
  SINCE JUL 1     38.2                      26.1   12.1     19.4
  SNOW DEPTH       0

DEGREE DAYS
 HEATING
  YESTERDAY       19                        32    -13       24
  MONTH TO DATE  707                       739    -32      732
  SINCE DEC 1   2564                      2801   -237     2325
  SINCE JUL 1   3451                      3876   -425     3206

 COOLING
  YESTERDAY        0                         0      0        0
  MONTH TO DATE    0                         0      0        0
  SINCE DEC 1      0                         0      0        0
  SINCE JAN 1      0                         0      0        0
..................................................................


WIND (MPH)
  RESULTANT WIND SPEED   4   RESULTANT WIND DIRECTION  SW (210)
  HIGHEST WIND SPEED    10   HIGHEST WIND DIRECTION     W (270)
  HIGHEST GUST SPEED    13   HIGHEST GUST DIRECTION     W (270)
  AVERAGE WIND SPEED     5.5


SKY COVER
  POSSIBLE SUNSHINE  MM
  AVERAGE SKY COVER 0.6


WEATHER CONDITIONS
 THE FOLLOWING WEATHER WAS RECORDED YESTERDAY.
  NO SIGNIFICANT WEATHER WAS OBSERVED.


RELATIVE HUMIDITY (PERCENT)
 HIGHEST    92          1100 PM
 LOWEST     47           100 PM
 AVERAGE    70

..........................................................


THE PROVIDENCE RI CLIMATE NORMALS FOR TODAY
                         NORMAL    RECORD    YEAR
 MAXIMUM TEMPERATURE (F)   42        60      1990
                                             1943
 MINIMUM TEMPERATURE (F)   25        -4      1907


SUNRISE AND SUNSET
FEBRUARY 23 2017......SUNRISE   629 AM EST   SUNSET   529 PM EST
FEBRUARY 24 2017......SUNRISE   628 AM EST   SUNSET   530 PM EST


-  INDICATES NEGATIVE NUMBERS.
R  INDICATES RECORD WAS SET OR TIED.
MM INDICATES DATA IS MISSING.
T  INDICATES TRACE AMOUNT.




$$
