000
CDUS41 KBOX 230548
CLIPVD


CLIMATE REPORT
NATIONAL WEATHER SERVICE TAUNTON MA
137 AM EDT SUN JUL 23 2017


...................................

...THE PROVIDENCE RI CLIMATE SUMMARY FOR JULY 22 2017...

CLIMATE NORMAL PERIOD 1981 TO 2010
CLIMATE RECORD PERIOD 1904 TO 2017


WEATHER ITEM   OBSERVED TIME   RECORD YEAR NORMAL DEPARTURE LAST
                VALUE   (LST)  VALUE       VALUE  FROM      YEAR
                                                  NORMAL
..................................................................
TEMPERATURE (F)
 YESTERDAY
  MAXIMUM         84    209 PM 101    2011  83      1       92
  MINIMUM         70    523 AM  54    1937  65      5       70
  AVERAGE         77                        74      3       81

PRECIPITATION (IN)
  YESTERDAY        T             1.47 1947   0.11  -0.11     0.91
  MONTH TO DATE    2.70                      2.22   0.48     2.98
  SINCE JUN 1      6.96                      5.86   1.10     4.03
  SINCE JAN 1     31.98                     25.93   6.05    22.15

SNOWFALL (IN)
  YESTERDAY        0.0           0.0  2002   0.0    0.0      0.0
                                      2001
                                      2000
  MONTH TO DATE    0.0                       0.0    0.0      0.0
  SINCE JUN 1      0.0                       0.0    0.0      0.0
  SINCE JUL 1      0.0                       0.0    0.0      0.0
  SNOW DEPTH       0

DEGREE DAYS
 HEATING
  YESTERDAY        0                         0      0        0
  MONTH TO DATE    1                         0      1        0
  SINCE JUN 1     50                        43      7       12
  SINCE JUL 1      1                         0      1        0

 COOLING
  YESTERDAY       12                         9      3       16
  MONTH TO DATE  223                       186     37      221
  SINCE JUN 1    392                       318     74      356
  SINCE JAN 1    450                       344    106      407
..................................................................


WIND (MPH)
  RESULTANT WIND SPEED   3   RESULTANT WIND DIRECTION   S (180)
  HIGHEST WIND SPEED    15   HIGHEST WIND DIRECTION     S (170)
  HIGHEST GUST SPEED    17   HIGHEST GUST DIRECTION     S (170)
  AVERAGE WIND SPEED     5.3


SKY COVER
  POSSIBLE SUNSHINE  MM
  AVERAGE SKY COVER 0.7


WEATHER CONDITIONS
 THE FOLLOWING WEATHER WAS RECORDED YESTERDAY.
  LIGHT RAIN


RELATIVE HUMIDITY (PERCENT)
 HIGHEST    87           100 AM
 LOWEST     51           100 PM
 AVERAGE    69

..........................................................


THE PROVIDENCE RI CLIMATE NORMALS FOR TODAY
                         NORMAL    RECORD    YEAR
 MAXIMUM TEMPERATURE (F)   83        97      1978
                                             1918
 MINIMUM TEMPERATURE (F)   65        54      1976
                                             1950


SUNRISE AND SUNSET
JULY 23 2017..........SUNRISE   531 AM EDT   SUNSET   812 PM EDT
JULY 24 2017..........SUNRISE   532 AM EDT   SUNSET   812 PM EDT


-  INDICATES NEGATIVE NUMBERS.
R  INDICATES RECORD WAS SET OR TIED.
MM INDICATES DATA IS MISSING.
T  INDICATES TRACE AMOUNT.




$$
