000
CDUS41 KBOX 270556
CLIPVD


CLIMATE REPORT
NATIONAL WEATHER SERVICE TAUNTON MA
146 AM EDT FRI MAY 27 2016


...................................

...THE PROVIDENCE RI CLIMATE SUMMARY FOR MAY 26 2016...

CLIMATE NORMAL PERIOD 1981 TO 2010
CLIMATE RECORD PERIOD 1904 TO 2016


WEATHER ITEM   OBSERVED TIME   RECORD YEAR NORMAL DEPARTURE LAST
                VALUE   (LST)  VALUE       VALUE  FROM      YEAR
                                                  NORMAL
..................................................................
TEMPERATURE (F)
 YESTERDAY
  MAXIMUM         86    450 PM  96    2010  71     15       85
  MINIMUM         61   1159 PM  35    1972  52      9       61
  AVERAGE         74                        62     12       73

PRECIPITATION (IN)
  YESTERDAY        0.00          1.67 1961   0.13  -0.13     0.00
  MONTH TO DATE    1.68                      2.93  -1.25     0.51
  SINCE MAR 1      8.27                     12.30  -4.03     7.42
  SINCE JAN 1     16.62                     19.45  -2.83    13.77

SNOWFALL (IN)
  YESTERDAY        0.0           0.0  2001   0.0    0.0      0.0
                                      2000
  MONTH TO DATE    0.0                       0.0    0.0      0.0
  SINCE MAR 1      9.3                       6.1    3.2     16.3
  SINCE JUL 1     28.7                      33.8   -5.1     76.2
  SNOW DEPTH       0

DEGREE DAYS
 HEATING
  YESTERDAY        0                         5     -5        0
  MONTH TO DATE  218                       204     14      122
  SINCE MAR 1   1374                      1492   -118     1586
  SINCE JUL 1   4745                      5554   -809     5948

 COOLING
  YESTERDAY        9                         1      8        8
  MONTH TO DATE   17                        13      4       38
  SINCE MAR 1     17                        15      2       38
  SINCE JAN 1     17                        15      2       38
..................................................................


WIND (MPH)
  RESULTANT WIND SPEED   4   RESULTANT WIND DIRECTION   S (190)
  HIGHEST WIND SPEED    17   HIGHEST WIND DIRECTION     S (160)
  HIGHEST GUST SPEED    21   HIGHEST GUST DIRECTION     S (170)
  AVERAGE WIND SPEED     6.4


SKY COVER
  POSSIBLE SUNSHINE  MM
  AVERAGE SKY COVER 0.5


WEATHER CONDITIONS
 THE FOLLOWING WEATHER WAS RECORDED YESTERDAY.
  NO SIGNIFICANT WEATHER WAS OBSERVED.


RELATIVE HUMIDITY (PERCENT)
 HIGHEST    78           900 PM
 LOWEST     32           500 PM
 AVERAGE    55

..........................................................


THE PROVIDENCE RI CLIMATE NORMALS FOR TODAY
                         NORMAL    RECORD    YEAR
 MAXIMUM TEMPERATURE (F)   72        90      1981
                                             1914
 MINIMUM TEMPERATURE (F)   52        35      1972


SUNRISE AND SUNSET
MAY 27 2016...........SUNRISE   516 AM EDT   SUNSET   810 PM EDT
MAY 28 2016...........SUNRISE   515 AM EDT   SUNSET   811 PM EDT


-  INDICATES NEGATIVE NUMBERS.
R  INDICATES RECORD WAS SET OR TIED.
MM INDICATES DATA IS MISSING.
T  INDICATES TRACE AMOUNT.




$$
