000
CDUS41 KBOX 060543
CLIPVD


CLIMATE REPORT
NATIONAL WEATHER SERVICE TAUNTON MA
1238 AM EST SAT FEB 6 2016


...................................

...THE PROVIDENCE RI CLIMATE SUMMARY FOR FEBRUARY 5 2016...

CLIMATE NORMAL PERIOD 1981 TO 2010
CLIMATE RECORD PERIOD 1904 TO 2016


WEATHER ITEM   OBSERVED TIME   RECORD YEAR NORMAL DEPARTURE LAST
                VALUE   (LST)  VALUE       VALUE  FROM      YEAR
                                                  NORMAL
..................................................................
TEMPERATURE (F)
 YESTERDAY
  MAXIMUM         42   1215 AM  62    1991  39      3       37
  MINIMUM         26   1159 PM -10    1918  22      4       10
  AVERAGE         34                        30      4       24

PRECIPITATION (IN)
  YESTERDAY        0.93          1.42 1920   0.11   0.82      T
  MONTH TO DATE    2.06                      0.57   1.49     0.87
  SINCE DEC 1      9.89                      8.65   1.24    10.74
  SINCE JAN 1      5.09                      4.43   0.66     4.49

SNOWFALL (IN)
  YESTERDAY        5.1           9.8  1907   0.3    4.8      0.3
  MONTH TO DATE    5.1                       1.6    3.5      8.2
  SINCE DEC 1     13.0                      19.3   -6.3     34.7
  SINCE JUL 1     13.0                      20.8   -7.8     36.3
  SNOW DEPTH       0

DEGREE DAYS
 HEATING
  YESTERDAY       31                        35     -4       41
  MONTH TO DATE  103                       175    -72      220
  SINCE DEC 1   1696                      2237   -541     2250
  SINCE JUL 1   2577                      3312   -735     3286

 COOLING
  YESTERDAY        0                         0      0        0
  MONTH TO DATE    0                         0      0        0
  SINCE DEC 1      0                         0      0        0
  SINCE JAN 1      0                         0      0        0
..................................................................


WIND (MPH)
  RESULTANT WIND SPEED  11   RESULTANT WIND DIRECTION   N (350)
  HIGHEST WIND SPEED    25   HIGHEST WIND DIRECTION     N (340)
  HIGHEST GUST SPEED    34   HIGHEST GUST DIRECTION    NW (320)
  AVERAGE WIND SPEED    12.5


SKY COVER
  POSSIBLE SUNSHINE  MM
  AVERAGE SKY COVER 0.8


WEATHER CONDITIONS
 THE FOLLOWING WEATHER WAS RECORDED YESTERDAY.
  RAIN
  LIGHT RAIN
  HEAVY SNOW
  SNOW
  LIGHT SNOW
  SLEET
  FOG
  FOG W/VISIBILITY <= 1/4 MILE


RELATIVE HUMIDITY (PERCENT)
 HIGHEST   100           300 PM
 LOWEST     68          1100 PM
 AVERAGE    84

..........................................................


THE PROVIDENCE RI CLIMATE NORMALS FOR TODAY
                         NORMAL    RECORD    YEAR
 MAXIMUM TEMPERATURE (F)   39        57      1909
 MINIMUM TEMPERATURE (F)   22        -4      1918


SUNRISE AND SUNSET
FEBRUARY  6 2016......SUNRISE   653 AM EST   SUNSET   507 PM EST
FEBRUARY  7 2016......SUNRISE   652 AM EST   SUNSET   508 PM EST


-  INDICATES NEGATIVE NUMBERS.
R  INDICATES RECORD WAS SET OR TIED.
MM INDICATES DATA IS MISSING.
T  INDICATES TRACE AMOUNT.




$$
