000
CDUS41 KBOX 230542
CLIPVD


CLIMATE REPORT
NATIONAL WEATHER SERVICE TAUNTON MA
1241 AM EST SUN NOV 23 2014


...................................

...THE PROVIDENCE RI CLIMATE SUMMARY FOR NOVEMBER 22 2014...

CLIMATE NORMAL PERIOD 1981 TO 2010
CLIMATE RECORD PERIOD 1904 TO 2014


WEATHER ITEM   OBSERVED TIME   RECORD YEAR NORMAL DEPARTURE LAST
                VALUE   (LST)  VALUE       VALUE  FROM      YEAR
                                                  NORMAL
..................................................................
TEMPERATURE (F)
 YESTERDAY
  MAXIMUM         44   1159 PM  70    1931  51     -7       52
  MINIMUM         19    546 AM  16    1987  34    -15       40
                                      1969
  AVERAGE         32                        43    -11       46

PRECIPITATION (IN)
  YESTERDAY        0.00          2.06 2005   0.16  -0.16     0.18
  MONTH TO DATE    2.55                      3.25  -0.70     1.29
  SINCE SEP 1      6.59                     11.10  -4.51     6.49
  SINCE JAN 1     38.04                     41.70  -3.66    37.30

SNOWFALL (IN)
  YESTERDAY        0.0           T    1997   0.1   -0.1      0.0
  MONTH TO DATE    1.0                       0.7    0.3      0.1
  SINCE SEP 1      1.0                       0.7    0.3      0.1
  SINCE JUL 1      1.0                       0.7    0.3      0.1
  SNOW DEPTH       0

DEGREE DAYS
 HEATING
  YESTERDAY       33                        23     10       19
  MONTH TO DATE  501                       425     76      441
  SINCE SEP 1    853                       874    -21      854
  SINCE JUL 1    853                       883    -30      854

 COOLING
  YESTERDAY        0                         0      0        0
  MONTH TO DATE    0                         0      0        0
  SINCE SEP 1    127                        88     39       70
  SINCE JAN 1    709                       744    -35      892
..................................................................


WIND (MPH)
  RESULTANT WIND SPEED  10   RESULTANT WIND DIRECTION  SW (230)
  HIGHEST WIND SPEED    20   HIGHEST WIND DIRECTION    SW (230)
  HIGHEST GUST SPEED    25   HIGHEST GUST DIRECTION    SW (220)
  AVERAGE WIND SPEED    10.6


SKY COVER
  POSSIBLE SUNSHINE  MM
  AVERAGE SKY COVER 0.5


WEATHER CONDITIONS
 THE FOLLOWING WEATHER WAS RECORDED YESTERDAY.
  NO SIGNIFICANT WEATHER WAS OBSERVED.


RELATIVE HUMIDITY (PERCENT)
 HIGHEST    67           400 AM
 LOWEST     33           100 PM
 AVERAGE    50

..........................................................


THE PROVIDENCE RI CLIMATE NORMALS FOR TODAY
                         NORMAL    RECORD    YEAR
 MAXIMUM TEMPERATURE (F)   51        72      1979
                                             1931
 MINIMUM TEMPERATURE (F)   34        14      1972


SUNRISE AND SUNSET
NOVEMBER 23 2014......SUNRISE   644 AM EST   SUNSET   420 PM EST
NOVEMBER 24 2014......SUNRISE   646 AM EST   SUNSET   419 PM EST


-  INDICATES NEGATIVE NUMBERS.
R  INDICATES RECORD WAS SET OR TIED.
MM INDICATES DATA IS MISSING.
T  INDICATES TRACE AMOUNT.




$$
