000
CDUS41 KBOX 300543
CLIPVD


CLIMATE REPORT
NATIONAL WEATHER SERVICE TAUNTON MA
142 AM EDT TUE MAY 30 2017


...................................

...THE PROVIDENCE RI CLIMATE SUMMARY FOR MAY 29 2017...

CLIMATE NORMAL PERIOD 1981 TO 2010
CLIMATE RECORD PERIOD 1904 TO 2017


WEATHER ITEM   OBSERVED TIME   RECORD YEAR NORMAL DEPARTURE LAST
                VALUE   (LST)  VALUE       VALUE  FROM      YEAR
                                                  NORMAL
..................................................................
TEMPERATURE (F)
 YESTERDAY
  MAXIMUM         56   1215 PM  93    1931  72    -16       80
  MINIMUM         49   1158 PM  40    1949  53     -4       57
                                      1907
  AVERAGE         53                        62     -9       69

PRECIPITATION (IN)
  YESTERDAY        0.21          1.44 1963   0.12   0.09      T
  MONTH TO DATE    6.82                      3.29   3.53     1.68
  SINCE MAR 1     17.77                     12.66   5.11     8.27
  SINCE JAN 1     24.95                     19.81   5.14    16.62

SNOWFALL (IN)
  YESTERDAY        0.0           0.0  2002   0.0    0.0      0.0
                                      2001
                                      2000
  MONTH TO DATE    0.0                       0.0    0.0      0.0
  SINCE MAR 1      7.7                       6.1    1.6      9.3
  SINCE JUL 1     45.9                      33.8   12.1     28.7
  SNOW DEPTH       0

DEGREE DAYS
 HEATING
  YESTERDAY       12                         4      8        0
  MONTH TO DATE  234                       217     17      218
  SINCE MAR 1   1537                      1505     32     1374
  SINCE JUL 1   5095                      5567   -472     4745

 COOLING
  YESTERDAY        0                         2     -2        4
  MONTH TO DATE   41                        17     24       39
  SINCE MAR 1     58                        19     39       39
  SINCE JAN 1     58                        19     39       39
..................................................................


WIND (MPH)
  RESULTANT WIND SPEED   7   RESULTANT WIND DIRECTION  NE (60)
  HIGHEST WIND SPEED    15   HIGHEST WIND DIRECTION    NE (30)
  HIGHEST GUST SPEED    19   HIGHEST GUST DIRECTION    NE (50)
  AVERAGE WIND SPEED     8.1


SKY COVER
  POSSIBLE SUNSHINE  MM
  AVERAGE SKY COVER 0.8


WEATHER CONDITIONS
 THE FOLLOWING WEATHER WAS RECORDED YESTERDAY.
  RAIN
  LIGHT RAIN
  FOG


RELATIVE HUMIDITY (PERCENT)
 HIGHEST   100          1200 AM
 LOWEST     93          1200 PM
 AVERAGE    97

..........................................................


THE PROVIDENCE RI CLIMATE NORMALS FOR TODAY
                         NORMAL    RECORD    YEAR
 MAXIMUM TEMPERATURE (F)   73        94      1929
 MINIMUM TEMPERATURE (F)   53        37      1970


SUNRISE AND SUNSET
MAY 30 2017...........SUNRISE   514 AM EDT   SUNSET   813 PM EDT
MAY 31 2017...........SUNRISE   514 AM EDT   SUNSET   813 PM EDT


-  INDICATES NEGATIVE NUMBERS.
R  INDICATES RECORD WAS SET OR TIED.
MM INDICATES DATA IS MISSING.
T  INDICATES TRACE AMOUNT.




$$
