000
CDUS41 KBOX 261235
CLIPVD


CLIMATE REPORT
NATIONAL WEATHER SERVICE TAUNTON MA
835 AM EDT MON SEP 26 2016


...................................

...THE PROVIDENCE RI CLIMATE SUMMARY FOR SEPTEMBER 25 2016...

CLIMATE NORMAL PERIOD 1981 TO 2010
CLIMATE RECORD PERIOD 1904 TO 2016


WEATHER ITEM   OBSERVED TIME   RECORD YEAR NORMAL DEPARTURE LAST
                VALUE   (LST)  VALUE       VALUE  FROM      YEAR
                                                  NORMAL
..................................................................
TEMPERATURE (F)
 YESTERDAY
  MAXIMUM         68    251 PM  89    1920  71     -3       72
  MINIMUM         49   1052 PM  36    1963  52     -3       52
                                      1950
  AVERAGE         59                        61     -2       62

PRECIPITATION (IN)
  YESTERDAY        0.00          1.77 1940   0.14  -0.14     0.00
  MONTH TO DATE    1.94                      3.24  -1.30     1.11
  SINCE SEP 1      1.94                      3.24  -1.30     1.11
  SINCE JAN 1     27.77                     33.84  -6.07    28.53

SNOWFALL (IN)
  YESTERDAY        0.0           0.0  2002   0.0    0.0      0.0
                                      2001
                                      2000
  MONTH TO DATE    0.0                       0.0    0.0      0.0
  SINCE SEP 1      0.0                       0.0    0.0      0.0
  SINCE JUL 1      0.0                       0.0    0.0      0.0
  SNOW DEPTH       0

DEGREE DAYS
 HEATING
  YESTERDAY        6                         5      1        3
  MONTH TO DATE   16                        59    -43        8
  SINCE SEP 1     16                        59    -43        8
  SINCE JUL 1     16                        68    -52        8

 COOLING
  YESTERDAY        0                         1     -1        0
  MONTH TO DATE  151                        75     76      141
  SINCE SEP 1    151                        75     76      141
  SINCE JAN 1   1034                       731    303      942
..................................................................


WIND (MPH)
  RESULTANT WIND SPEED  10   RESULTANT WIND DIRECTION  NW (330)
  HIGHEST WIND SPEED    18   HIGHEST WIND DIRECTION     N (10)
  HIGHEST GUST SPEED    25   HIGHEST GUST DIRECTION    NW (320)
  AVERAGE WIND SPEED    10.0


SKY COVER
  POSSIBLE SUNSHINE  MM
  AVERAGE SKY COVER 0.0


WEATHER CONDITIONS
 THE FOLLOWING WEATHER WAS RECORDED YESTERDAY.
  NO SIGNIFICANT WEATHER WAS OBSERVED.


RELATIVE HUMIDITY (PERCENT)
 HIGHEST    61          1100 PM
 LOWEST     27           300 PM
 AVERAGE    44

..........................................................


THE PROVIDENCE RI CLIMATE NORMALS FOR TODAY
                         NORMAL    RECORD    YEAR
 MAXIMUM TEMPERATURE (F)   71        89      2007
                                             1930
                                             1920
 MINIMUM TEMPERATURE (F)   51        37      1967
                                             1950
                                             1925


SUNRISE AND SUNSET
SEPTEMBER 26 2016.....SUNRISE   638 AM EDT   SUNSET   635 PM EDT
SEPTEMBER 27 2016.....SUNRISE   639 AM EDT   SUNSET   633 PM EDT


-  INDICATES NEGATIVE NUMBERS.
R  INDICATES RECORD WAS SET OR TIED.
MM INDICATES DATA IS MISSING.
T  INDICATES TRACE AMOUNT.




$$
