000
CDUS43 KLOT 220632
CLIPWK


CLIMATE REPORT
NATIONAL WEATHER SERVICE CHICAGO IL
132 AM CDT FRI MAY 22 2015


...................................

...THE CHICAGO EXECUTIVE CLIMATE SUMMARY FOR MAY 21 2015...

CLIMATE NORMAL PERIOD 1981 TO 2010
CLIMATE RECORD PERIOD 1996 TO 2015


WEATHER ITEM   OBSERVED TIME   RECORD YEAR NORMAL DEPARTURE LAST
                VALUE   (LST)  VALUE       VALUE  FROM      YEAR
                                                  NORMAL
..................................................................
TEMPERATURE (F)
 YESTERDAY
  MAXIMUM         68    527 PM  87    2014  71     -3       87
  MINIMUM         45    416 AM  33    2002  49     -4       62
  AVERAGE         57                        60     -3       75

PRECIPITATION (IN)
  YESTERDAY        0.00          1.37 2004   0.14  -0.14     0.38
  MONTH TO DATE    2.46                      2.58  -0.12     3.23
  SINCE MAR 1      5.93                      7.80  -1.87     6.66
  SINCE JAN 1      6.62                     10.38  -3.76     8.79

DEGREE DAYS
 HEATING
  YESTERDAY        8                         7      1        0
  MONTH TO DATE  172                       194    -22      188
  SINCE MAR 1   1590                      1569     21     1743
  SINCE JUL 1   6718                      6307    411     7102

 COOLING
  YESTERDAY        0                         2     -2       10
  MONTH TO DATE   28                        17     11       35
  SINCE MAR 1     28                        21      7       35
  SINCE JAN 1     28                        21      7       35
..................................................................


WIND (MPH)
  RESULTANT WIND SPEED   7   RESULTANT WIND DIRECTION   W (280)
  HIGHEST WIND SPEED    16   HIGHEST WIND DIRECTION     W (290)
  HIGHEST GUST SPEED    22   HIGHEST GUST DIRECTION     W (280)
  AVERAGE WIND SPEED     7.9



WEATHER CONDITIONS
 THE FOLLOWING WEATHER WAS RECORDED YESTERDAY.
  NO SIGNIFICANT WEATHER WAS OBSERVED.


..........................................................


THE CHICAGO EXECUTIVE CLIMATE NORMALS FOR TODAY
                         NORMAL    RECORD    YEAR
 MAXIMUM TEMPERATURE (F)   71        88      2011
 MINIMUM TEMPERATURE (F)   49        37      2006
                                             1997


SUNRISE AND SUNSET
MAY 22 2015...........SUNRISE   525 AM CDT   SUNSET   812 PM CDT
MAY 23 2015...........SUNRISE   524 AM CDT   SUNSET   813 PM CDT


-  INDICATES NEGATIVE NUMBERS.
R  INDICATES RECORD WAS SET OR TIED.
MM INDICATES DATA IS MISSING.
T  INDICATES TRACE AMOUNT.




$$
