000
CDUS43 KLOT 080633
CLIPWK


CLIMATE REPORT
NATIONAL WEATHER SERVICE CHICAGO IL
1232 AM CST MON FEB 8 2016


...................................

...THE CHICAGO EXECUTIVE CLIMATE SUMMARY FOR FEBRUARY 7 2016...

CLIMATE NORMAL PERIOD 1981 TO 2010
CLIMATE RECORD PERIOD 1996 TO 2016


WEATHER ITEM   OBSERVED TIME   RECORD YEAR NORMAL DEPARTURE LAST
                VALUE   (LST)  VALUE       VALUE  FROM      YEAR
                                                  NORMAL
..................................................................
TEMPERATURE (F)
 YESTERDAY
  MAXIMUM         44    323 PM  56    2009  33     11       43
  MINIMUM         32   1230 AM  -3    2014  18     14       17
  AVERAGE         38                        26     12       30

PRECIPITATION (IN)
  YESTERDAY        0.00          0.61 2013   0.03  -0.03     0.00
  MONTH TO DATE    1.19                      0.22   0.97      T
  SINCE DEC 1      4.38                      3.68   0.70     1.40
  SINCE JAN 1      1.57                      1.85  -0.28     0.69

DEGREE DAYS
 HEATING
  YESTERDAY       27                        39    -12       35
  MONTH TO DATE  226                       280    -54      326
  SINCE DEC 1   2269                      2707   -438     2658
  SINCE JUL 1   3281                      3977   -696     4061

 COOLING
  YESTERDAY        0                         0      0        0
  MONTH TO DATE    0                         0      0        0
  SINCE DEC 1      0                         0      0        0
  SINCE JAN 1      0                         0      0        0
..................................................................


WIND (MPH)
  RESULTANT WIND SPEED  10   RESULTANT WIND DIRECTION  SW (220)
  HIGHEST WIND SPEED    21   HIGHEST WIND DIRECTION    SW (240)
  HIGHEST GUST SPEED    30   HIGHEST GUST DIRECTION    SW (230)
  AVERAGE WIND SPEED    11.0



WEATHER CONDITIONS
 THE FOLLOWING WEATHER WAS RECORDED YESTERDAY.
  NO SIGNIFICANT WEATHER WAS OBSERVED.


..........................................................


THE CHICAGO EXECUTIVE CLIMATE NORMALS FOR TODAY
                         NORMAL    RECORD    YEAR
 MAXIMUM TEMPERATURE (F)   33        53      2001
 MINIMUM TEMPERATURE (F)   19        -4      2007


SUNRISE AND SUNSET
FEBRUARY  8 2016......SUNRISE   657 AM CST   SUNSET   515 PM CST
FEBRUARY  9 2016......SUNRISE   656 AM CST   SUNSET   516 PM CST


-  INDICATES NEGATIVE NUMBERS.
R  INDICATES RECORD WAS SET OR TIED.
MM INDICATES DATA IS MISSING.
T  INDICATES TRACE AMOUNT.




$$
