000
CDUS43 KLOT 300636
CLIPWK


CLIMATE REPORT
NATIONAL WEATHER SERVICE CHICAGO IL
134 AM CDT THU OCT 30 2014


...................................

...THE CHICAGO EXECUTIVE CLIMATE SUMMARY FOR OCTOBER 29 2014...

CLIMATE NORMAL PERIOD 1981 TO 2010
CLIMATE RECORD PERIOD 1996 TO 2014


WEATHER ITEM   OBSERVED TIME   RECORD YEAR NORMAL DEPARTURE LAST
                VALUE   (LST)  VALUE       VALUE  FROM      YEAR
                                                  NORMAL
..................................................................
TEMPERATURE (F)
 YESTERDAY
  MAXIMUM         51    323 PM  77    1999  57     -6       59
  MINIMUM         35   1134 PM  29    2008  39     -4       43
  AVERAGE         43                        48     -5       51

PRECIPITATION (IN)
  YESTERDAY        0.00          0.51 2009   0.08  -0.08     0.00
  MONTH TO DATE    3.42                      2.80   0.62     2.00
  SINCE SEP 1      5.33                      6.01  -0.68     4.03
  SINCE JAN 1     30.85                     28.49   2.36    24.90

DEGREE DAYS
 HEATING
  YESTERDAY       22                        17      5       14
  MONTH TO DATE  321                       372    -51      352
  SINCE SEP 1    436                       474    -38      432
  SINCE JUL 1    440                       484    -44      442

 COOLING
  YESTERDAY        0                         0      0        0
  MONTH TO DATE    4                        11     -7       22
  SINCE SEP 1     92                        92      0      158
  SINCE JAN 1    780                       789     -9      918
..................................................................


WIND (MPH)
  RESULTANT WIND SPEED   7   RESULTANT WIND DIRECTION   W (290)
  HIGHEST WIND SPEED    17   HIGHEST WIND DIRECTION    NW (300)
  HIGHEST GUST SPEED    26   HIGHEST GUST DIRECTION     W (290)
  AVERAGE WIND SPEED     7.3



WEATHER CONDITIONS
 THE FOLLOWING WEATHER WAS RECORDED YESTERDAY.
  NO SIGNIFICANT WEATHER WAS OBSERVED.


..........................................................


THE CHICAGO EXECUTIVE CLIMATE NORMALS FOR TODAY
                         NORMAL    RECORD    YEAR
 MAXIMUM TEMPERATURE (F)   56        74      1999
 MINIMUM TEMPERATURE (F)   38        29      2008


SUNRISE AND SUNSET
OCTOBER 30 2014.......SUNRISE   722 AM CDT   SUNSET   548 PM CDT
OCTOBER 31 2014.......SUNRISE   723 AM CDT   SUNSET   547 PM CDT


-  INDICATES NEGATIVE NUMBERS.
R  INDICATES RECORD WAS SET OR TIED.
MM INDICATES DATA IS MISSING.
T  INDICATES TRACE AMOUNT.




$$
