000
CDUS43 KLOT 040631
CLIPWK


CLIMATE REPORT
NATIONAL WEATHER SERVICE CHICAGO IL
131 AM CDT SAT JUL 4 2015


...................................

...THE CHICAGO EXECUTIVE CLIMATE SUMMARY FOR JULY 3 2015...

CLIMATE NORMAL PERIOD 1981 TO 2010
CLIMATE RECORD PERIOD 1996 TO 2015


WEATHER ITEM   OBSERVED TIME   RECORD YEAR NORMAL DEPARTURE LAST
                VALUE   (LST)  VALUE       VALUE  FROM      YEAR
                                                  NORMAL
..................................................................
TEMPERATURE (F)
 YESTERDAY
  MAXIMUM         76    147 PM  97    2012  83     -7       75
  MINIMUM         54R   355 AM  54    1996  63     -9       57
  AVERAGE         65                        73     -8       66

PRECIPITATION (IN)
  YESTERDAY        0.00          1.75 2004   0.07  -0.07     0.10
  MONTH TO DATE    0.00                      0.21  -0.21     0.20
  SINCE JUN 1      6.10                      3.92   2.18     7.93
  SINCE JAN 1     14.23                     15.41  -1.18    17.13

DEGREE DAYS
 HEATING
  YESTERDAY        0                         0      0        0
  MONTH TO DATE   12                         0     12        1
  SINCE JUN 1     68                        52     16       21
  SINCE JUL 1     12                         0     12        1

 COOLING
  YESTERDAY        0                         8     -8        1
  MONTH TO DATE    0                        24    -24       11
  SINCE JUN 1    111                       178    -67      189
  SINCE JAN 1    162                       220    -58      247
..................................................................


WIND (MPH)
  RESULTANT WIND SPEED   2   RESULTANT WIND DIRECTION  NE (60)
  HIGHEST WIND SPEED     9   HIGHEST WIND DIRECTION    NE (60)
  HIGHEST GUST SPEED    13   HIGHEST GUST DIRECTION    NE (30)
  AVERAGE WIND SPEED     2.7



WEATHER CONDITIONS
 THE FOLLOWING WEATHER WAS RECORDED YESTERDAY.
  NO SIGNIFICANT WEATHER WAS OBSERVED.


..........................................................


THE CHICAGO EXECUTIVE CLIMATE NORMALS FOR TODAY
                         NORMAL    RECORD    YEAR
 MAXIMUM TEMPERATURE (F)   83       103      2012
 MINIMUM TEMPERATURE (F)   63        51      1996


SUNRISE AND SUNSET
JULY  4 2015..........SUNRISE   521 AM CDT   SUNSET   831 PM CDT
JULY  5 2015..........SUNRISE   522 AM CDT   SUNSET   830 PM CDT


-  INDICATES NEGATIVE NUMBERS.
R  INDICATES RECORD WAS SET OR TIED.
MM INDICATES DATA IS MISSING.
T  INDICATES TRACE AMOUNT.




$$
