000
CDUS43 KLOT 300636
CLIPWK


CLIMATE REPORT
NATIONAL WEATHER SERVICE CHICAGO IL
135 AM CDT WED JUL 30 2014


...................................

...THE CHICAGO EXECUTIVE CLIMATE SUMMARY FOR JULY 29 2014...

CLIMATE NORMAL PERIOD 1981 TO 2010
CLIMATE RECORD PERIOD 1996 TO 2014


WEATHER ITEM   OBSERVED TIME   RECORD YEAR NORMAL DEPARTURE LAST
                VALUE   (LST)  VALUE       VALUE  FROM      YEAR
                                                  NORMAL
..................................................................
TEMPERATURE (F)
 YESTERDAY
  MAXIMUM         82    205 PM  98    1999  83     -1       74
  MINIMUM         58    244 AM  53    2003  64     -6       57
  AVERAGE         70                        74     -4       66

PRECIPITATION (IN)
  YESTERDAY        0.14          0.35 2011   0.15  -0.01     0.00
  MONTH TO DATE    1.60                      3.32  -1.72     2.38
  SINCE JUN 1      9.33                      7.03   2.30     9.36
  SINCE JAN 1     18.53                     18.52   0.01    19.32

DEGREE DAYS
 HEATING
  YESTERDAY        0                         0      0        0
  MONTH TO DATE    3                         0      3        7
  SINCE JUN 1     23                        52    -29       64
  SINCE JUL 1      3                         0      3        7

 COOLING
  YESTERDAY        5                         9     -4        1
  MONTH TO DATE  173                       255    -82      265
  SINCE JUN 1    351                       409    -58      416
  SINCE JAN 1    409                       451    -42      497
..................................................................


WIND (MPH)
  RESULTANT WIND SPEED   7   RESULTANT WIND DIRECTION  NW (310)
  HIGHEST WIND SPEED    26   HIGHEST WIND DIRECTION     N (350)
  HIGHEST GUST SPEED    34   HIGHEST GUST DIRECTION     N (360)
  AVERAGE WIND SPEED     7.7



WEATHER CONDITIONS
 THE FOLLOWING WEATHER WAS RECORDED YESTERDAY.
  HEAVY RAIN


..........................................................


THE CHICAGO EXECUTIVE CLIMATE NORMALS FOR TODAY
                         NORMAL    RECORD    YEAR
 MAXIMUM TEMPERATURE (F)   83       102      1999
 MINIMUM TEMPERATURE (F)   64        57      2013
                                             2003
                                             1997


SUNRISE AND SUNSET
JULY 30 2014..........SUNRISE   543 AM CDT   SUNSET   813 PM CDT
JULY 31 2014..........SUNRISE   544 AM CDT   SUNSET   812 PM CDT


-  INDICATES NEGATIVE NUMBERS.
R  INDICATES RECORD WAS SET OR TIED.
MM INDICATES DATA IS MISSING.
T  INDICATES TRACE AMOUNT.




$$
