000
CDUS41 KGYX 060914
CLIPWM


CLIMATE REPORT
NATIONAL WEATHER SERVICE GRAY ME
414 AM EST FRI MAR 6 2015


...................................

...THE PORTLAND ME CLIMATE SUMMARY FOR MARCH 5 2015...

CLIMATE NORMAL PERIOD 1981 TO 2010
CLIMATE RECORD PERIOD 1941 TO 2015


WEATHER ITEM   OBSERVED TIME   RECORD YEAR NORMAL DEPARTURE LAST
                VALUE   (LST)  VALUE       VALUE  FROM      YEAR
                                                  NORMAL
..................................................................
TEMPERATURE (F)
 YESTERDAY
  MAXIMUM         39    110 AM  59    1974  39      0       21
  MINIMUM         12   1159 PM  -4    1948  21     -9        9
  AVERAGE         26                        30     -4       15

PRECIPITATION (IN)
  YESTERDAY        0.00          1.53 1940   0.13  -0.13     0.07
  MONTH TO DATE    0.32                      0.63  -0.31     0.07
  SINCE MAR 1      0.32                      0.63  -0.31     0.07
  SINCE JAN 1      7.80                      7.26   0.54     8.39

SNOWFALL (IN)
  YESTERDAY        0.0           8.5  1917   0.5   -0.5      0.5
  MONTH TO DATE    1.8                       2.5   -0.7      0.5
  SINCE MAR 1      1.8                       2.5   -0.7      0.5
  SINCE JUL 1     91.0                      48.9   42.1     79.0
  SNOW DEPTH      21

DEGREE DAYS
 HEATING
  YESTERDAY       39                        35      4       50
  MONTH TO DATE  198                       177     21      238
  SINCE MAR 1    198                       177     21      238
  SINCE JUL 1   5252                      5219     33     5477

 COOLING
  YESTERDAY        0                         0      0        0
  MONTH TO DATE    0                         0      0        0
  SINCE MAR 1      0                         0      0        0
  SINCE JAN 1      0                         0      0        0
..................................................................


WIND (MPH)
  RESULTANT WIND SPEED  12   RESULTANT WIND DIRECTION  NW (320)
  HIGHEST WIND SPEED    24   HIGHEST WIND DIRECTION    NW (300)
  HIGHEST GUST SPEED    36   HIGHEST GUST DIRECTION     W (290)
  AVERAGE WIND SPEED    12.7


SKY COVER
  AVERAGE SKY COVER 0.9


WEATHER CONDITIONS
 THE FOLLOWING WEATHER WAS RECORDED YESTERDAY.
  NO SIGNIFICANT WEATHER WAS OBSERVED.


RELATIVE HUMIDITY (PERCENT)
 HIGHEST    48          1200 AM
 LOWEST     29           900 AM
 AVERAGE    39

..........................................................


THE PORTLAND ME CLIMATE NORMALS FOR TODAY
                         NORMAL    RECORD    YEAR
 MAXIMUM TEMPERATURE (F)   39        60      1974
 MINIMUM TEMPERATURE (F)   22       -13      1948


SUNRISE AND SUNSET
MARCH  6 2015.........SUNRISE   610 AM EST   SUNSET   536 PM EST
MARCH  7 2015.........SUNRISE   608 AM EST   SUNSET   537 PM EST


-  INDICATES NEGATIVE NUMBERS.
R  INDICATES RECORD WAS SET OR TIED.
MM INDICATES DATA IS MISSING.
T  INDICATES TRACE AMOUNT.




$$
