000
CDUS41 KGYX 260806
CLIPWM


CLIMATE REPORT
NATIONAL WEATHER SERVICE GRAY ME
406 AM EDT FRI MAY 26 2017


...................................

...THE PORTLAND ME CLIMATE SUMMARY FOR MAY 25 2017...

CLIMATE NORMAL PERIOD 1981 TO 2010
CLIMATE RECORD PERIOD 1941 TO 2017


WEATHER ITEM   OBSERVED TIME   RECORD YEAR NORMAL DEPARTURE LAST
                VALUE   (LST)  VALUE       VALUE  FROM      YEAR
                                                  NORMAL
..................................................................
TEMPERATURE (F)
 YESTERDAY
  MAXIMUM         57   1056 AM  92    2007  66     -9       65
  MINIMUM         47    319 AM  27    1956  47      0       51
  AVERAGE         52                        57     -5       58

PRECIPITATION (IN)
  YESTERDAY        1.03          2.74 1894   0.13   0.90     0.01
  MONTH TO DATE    3.66                      3.24   0.42     1.84
  SINCE MAR 1     13.56                     11.80   1.76     7.77
  SINCE JAN 1     21.76                     18.43   3.33    15.31

SNOWFALL (IN)
  YESTERDAY        0.0           0.0  2002   0.0    0.0      0.0
                                      2001
                                      2000
  MONTH TO DATE    0.0                       0.1   -0.1      0.0
  SINCE MAR 1     29.1                      15.6   13.5     10.8
  SINCE JUL 1     95.3                      62.0   33.3     51.8
  SNOW DEPTH       0

DEGREE DAYS
 HEATING
  YESTERDAY       13                         9      4        7
  MONTH TO DATE  309                       306      3      303
  SINCE MAR 1   1967                      1912     55     1804
  SINCE JUL 1   6445                      6954   -509     6095

 COOLING
  YESTERDAY        0                         0      0        0
  MONTH TO DATE   15                         0     15        0
  SINCE MAR 1     17                         0     17        0
  SINCE JAN 1     17                         0     17        0
..................................................................


WIND (MPH)
  RESULTANT WIND SPEED   9   RESULTANT WIND DIRECTION   E (80)
  HIGHEST WIND SPEED    26   HIGHEST WIND DIRECTION     E (70)
  HIGHEST GUST SPEED    36   HIGHEST GUST DIRECTION     E (70)
  AVERAGE WIND SPEED    11.3


SKY COVER
  AVERAGE SKY COVER 0.8


WEATHER CONDITIONS
 THE FOLLOWING WEATHER WAS RECORDED YESTERDAY.
  HEAVY RAIN
  RAIN
  LIGHT RAIN
  FOG


RELATIVE HUMIDITY (PERCENT)
 HIGHEST   100           100 AM
 LOWEST     71           300 PM
 AVERAGE    86

..........................................................


THE PORTLAND ME CLIMATE NORMALS FOR TODAY
                         NORMAL    RECORD    YEAR
 MAXIMUM TEMPERATURE (F)   67        91      2015
                                             2010
 MINIMUM TEMPERATURE (F)   47        30      1949


SUNRISE AND SUNSET
MAY 26 2017...........SUNRISE   506 AM EDT   SUNSET   811 PM EDT
MAY 27 2017...........SUNRISE   506 AM EDT   SUNSET   812 PM EDT


-  INDICATES NEGATIVE NUMBERS.
R  INDICATES RECORD WAS SET OR TIED.
MM INDICATES DATA IS MISSING.
T  INDICATES TRACE AMOUNT.




$$
