000
CDUS41 KGYX 272050
CLIPWM


CLIMATE REPORT
NATIONAL WEATHER SERVICE GRAY ME
450 PM EDT FRI MAY 27 2016


...................................

...THE PORTLAND ME CLIMATE SUMMARY FOR MAY 27 2016...
VALID TODAY AS OF 0400 PM LOCAL TIME.

CLIMATE NORMAL PERIOD 1981 TO 2010
CLIMATE RECORD PERIOD 1941 TO 2016


WEATHER ITEM   OBSERVED TIME   RECORD YEAR NORMAL DEPARTURE LAST
                VALUE   (LST)  VALUE       VALUE  FROM      YEAR
                                                  NORMAL
..................................................................
TEMPERATURE (F)
 TODAY
  MAXIMUM         59    259 PM  85    2008  67     -8       79
                                      1959
  MINIMUM         54    758 AM  32    1969  48      6       63
  AVERAGE         57                        57      0       71

PRECIPITATION (IN)
  TODAY            0.11          1.93 1890   0.13  -0.02     0.00
  MONTH TO DATE    1.95                      3.50  -1.55     0.99
  SINCE MAR 1      7.88                     12.06  -4.18     7.81
  SINCE JAN 1     15.42                     18.69  -3.27    15.29

SNOWFALL (IN)
  TODAY            0.0           0.0  2002   0.0    0.0      0.0
                                      2001
                                      2000
  MONTH TO DATE    0.0                       0.1   -0.1      0.0
  SINCE MAR 1     10.8                      15.6   -4.8      5.3
  SINCE JUL 1     51.8                      62.0  -10.2     94.5
  SNOW DEPTH       0

DEGREE DAYS
 HEATING
  TODAY            8                         8      0        0
  MONTH TO DATE  311                       323    -12      203
  SINCE MAR 1   1812                      1929   -117     1875
  SINCE JUL 1   6103                      6971   -868     6929

 COOLING
  TODAY            0                         0      0        6
  MONTH TO DATE    2                         0      2       26
  SINCE MAR 1      2                         0      2       26
  SINCE JAN 1      2                         0      2       26
..................................................................


WIND (MPH)
  HIGHEST WIND SPEED    15   HIGHEST WIND DIRECTION     E (90)
  HIGHEST GUST SPEED    19   HIGHEST GUST DIRECTION     E (90)
  AVERAGE WIND SPEED     9.8


SKY COVER
  POSSIBLE SUNSHINE  MM
  AVERAGE SKY COVER 0.7


WEATHER CONDITIONS
 THE FOLLOWING WEATHER WAS RECORDED TODAY.
  LIGHT RAIN
  FOG


RELATIVE HUMIDITY (PERCENT)
 HIGHEST    93          1200 AM
 LOWEST     80          1000 AM
 AVERAGE    87

..........................................................


THE PORTLAND ME CLIMATE NORMALS FOR TOMORROW
                         NORMAL    RECORD    YEAR
 MAXIMUM TEMPERATURE (F)   67        90      1988
 MINIMUM TEMPERATURE (F)   48        35      1968


SUNRISE AND SUNSET
MAY 27 2016...........SUNRISE   505 AM EDT   SUNSET   812 PM EDT
MAY 28 2016...........SUNRISE   505 AM EDT   SUNSET   813 PM EDT


-  INDICATES NEGATIVE NUMBERS.
R  INDICATES RECORD WAS SET OR TIED.
MM INDICATES DATA IS MISSING.
T  INDICATES TRACE AMOUNT.




$$
