000
CDUS41 KGYX 060804
CLIPWM


CLIMATE REPORT
NATIONAL WEATHER SERVICE GRAY ME
404 AM EDT FRI MAY 6 2016


...................................

...THE PORTLAND ME CLIMATE SUMMARY FOR MAY 5 2016...

CLIMATE NORMAL PERIOD 1981 TO 2010
CLIMATE RECORD PERIOD 1941 TO 2016


WEATHER ITEM   OBSERVED TIME   RECORD YEAR NORMAL DEPARTURE LAST
                VALUE   (LST)  VALUE       VALUE  FROM      YEAR
                                                  NORMAL
..................................................................
TEMPERATURE (F)
 YESTERDAY
  MAXIMUM         48        MM  82    1949  60    -12       75
  MINIMUM         43        MM  28    1951  41      2       51
  AVERAGE         46                        50     -4       63

PRECIPITATION (IN)
  YESTERDAY        0.24          3.49 1922   0.14   0.10     0.00
  MONTH TO DATE    1.48                      0.69   0.79     0.00
  SINCE MAR 1      7.41                      9.25  -1.84     6.82
  SINCE JAN 1     14.95                     15.88  -0.93    14.30

SNOWFALL (IN)
  YESTERDAY        0.0           T    1900   0.0    0.0      0.0
  MONTH TO DATE    0.0                       0.0    0.0      0.0
  SINCE MAR 1     10.8                      15.5   -4.7      5.3
  SINCE JUL 1     51.8                      61.9  -10.1     94.5
  SNOW DEPTH       0

DEGREE DAYS
 HEATING
  YESTERDAY       19                        15      4        2
  MONTH TO DATE   97                        76     21       59
  SINCE MAR 1   1598                      1682    -84     1731
  SINCE JUL 1   5889                      6724   -835     6785

 COOLING
  YESTERDAY        0                         0      0        0
  MONTH TO DATE    0                         0      0        0
  SINCE MAR 1      0                         0      0        0
  SINCE JAN 1      0                         0      0        0
..................................................................


WIND (MPH)
  RESULTANT WIND SPEED  11   RESULTANT WIND DIRECTION  NE (30)
  HIGHEST WIND SPEED    17   HIGHEST WIND DIRECTION     N (20)
  HIGHEST GUST SPEED    22   HIGHEST GUST DIRECTION     N (20)
  AVERAGE WIND SPEED    11.6


SKY COVER
  AVERAGE SKY COVER 1.0


WEATHER CONDITIONS
 THE FOLLOWING WEATHER WAS RECORDED YESTERDAY.
  LIGHT RAIN
  FOG


RELATIVE HUMIDITY (PERCENT)
 HIGHEST   100           300 AM
 LOWEST     77           300 PM
 AVERAGE    89

..........................................................


THE PORTLAND ME CLIMATE NORMALS FOR TODAY
                         NORMAL    RECORD    YEAR
 MAXIMUM TEMPERATURE (F)   61        84      1976
 MINIMUM TEMPERATURE (F)   41        28      1961


SUNRISE AND SUNSET
MAY  6 2016...........SUNRISE   526 AM EDT   SUNSET   750 PM EDT
MAY  7 2016...........SUNRISE   525 AM EDT   SUNSET   751 PM EDT


-  INDICATES NEGATIVE NUMBERS.
R  INDICATES RECORD WAS SET OR TIED.
MM INDICATES DATA IS MISSING.
T  INDICATES TRACE AMOUNT.




$$
