000
CDUS46 KSGX 201516
CLIRAL


CLIMATE REPORT
NATIONAL WEATHER SERVICE SAN DIEGO, CA
716 AM PST MON FEB 20 2017


...................................

...THE RIVERSIDE MUNI AIRPORT CA CLIMATE SUMMARY FOR FEBRUARY 19 2017...

CLIMATE NORMAL PERIOD 1981 TO 2010
CLIMATE RECORD PERIOD 1893 TO 2017


WEATHER ITEM   OBSERVED TIME   RECORD YEAR NORMAL DEPARTURE LAST
                VALUE   (LST)  VALUE       VALUE  FROM      YEAR
                                                  NORMAL
..................................................................
TEMPERATURE (F)
 YESTERDAY
  MAXIMUM         61    111 PM  88    1977  68     -7       70
                                      1935
                                      1916
  MINIMUM         50    316 AM  28    1903  44      6       46
  AVERAGE         56                        56      0       58

PRECIPITATION (IN)
  YESTERDAY        0.00          1.31 2005   0.13  -0.13     0.00
  MONTH TO DATE    1.75                      1.91  -0.16     0.24
  SINCE OCT 1     12.49                      7.66   4.83     4.00
  SINCE JAN 1      7.23                      4.85   2.38     2.83

DEGREE DAYS
 HEATING
  YESTERDAY        9                         9      0        7
  MONTH TO DATE  135                       186    -51       75
  SINCE DEC 1    748                       831    -83      707
  SINCE JUL 1    852                      1031   -179      869

 COOLING
  YESTERDAY        0                         0      0        0
  MONTH TO DATE    0                         0      0       61
  SINCE DEC 1      0                         8     -8       63
  SINCE JAN 1      0                         6     -6       61
..................................................................


WIND (MPH)
  RESULTANT WIND SPEED   1   RESULTANT WIND DIRECTION  NW (330)
  HIGHEST WIND SPEED     7   HIGHEST WIND DIRECTION    NE (30)
  HIGHEST GUST SPEED    10   HIGHEST GUST DIRECTION    NW (320)
  AVERAGE WIND SPEED     1.6


SKY COVER
  POSSIBLE SUNSHINE  MM
  AVERAGE SKY COVER 1.0


WEATHER CONDITIONS
 THE FOLLOWING WEATHER WAS RECORDED YESTERDAY.
  NO SIGNIFICANT WEATHER WAS OBSERVED.


RELATIVE HUMIDITY (PERCENT)
 HIGHEST   100           200 AM
 LOWEST     67           200 PM
 AVERAGE    84

..........................................................


THE RIVERSIDE MUNI AIRPORT CA CLIMATE NORMALS FOR TODAY
                         NORMAL    RECORD    YEAR
 MAXIMUM TEMPERATURE (F)   68        88      1995
 MINIMUM TEMPERATURE (F)   44        25      1951


SUNRISE AND SUNSET
FEBRUARY 20 2017......SUNRISE   629 AM PST   SUNSET   539 PM PST
FEBRUARY 21 2017......SUNRISE   627 AM PST   SUNSET   540 PM PST


-  INDICATES NEGATIVE NUMBERS.
R  INDICATES RECORD WAS SET OR TIED.
MM INDICATES DATA IS MISSING.
T  INDICATES TRACE AMOUNT.




$$
