000
CDUS46 KSGX 230119
CLIRAL


CLIMATE REPORT
NATIONAL WEATHER SERVICE SAN DIEGO, CA
519 PM PST THU FEB 22 2018


...................................

...THE RIVERSIDE MUNI AIRPORT CA CLIMATE SUMMARY FOR FEBRUARY 22 2018...
VALID TODAY AS OF 0500 PM LOCAL TIME.

CLIMATE NORMAL PERIOD 1981 TO 2010
CLIMATE RECORD PERIOD 1893 TO 2018


WEATHER ITEM   OBSERVED TIME   RECORD YEAR NORMAL DEPARTURE LAST
                VALUE   (LST)  VALUE       VALUE  FROM      YEAR
                                                  NORMAL
..................................................................
TEMPERATURE (F)
 TODAY
  MAXIMUM         60    248 PM  85    1954  68     -8       63
  MINIMUM         38    637 AM  26    1955  45     -7       46
  AVERAGE         49                        56     -7       55

PRECIPITATION (IN)
  TODAY            T             1.10 1998   0.13  -0.13     0.00
  MONTH TO DATE    0.01                      2.31  -2.30     1.75
  SINCE OCT 1      1.59                      8.06  -6.47    12.49
  SINCE JAN 1      1.56                      5.25  -3.69     7.23

DEGREE DAYS
 HEATING
  TODAY           16                         9      7       10
  MONTH TO DATE  125                       213    -88      155
  SINCE DEC 1    426                       858   -432      768
  SINCE JUL 1    472                      1058   -586      872

 COOLING
  TODAY            0                         0      0        0
  MONTH TO DATE   16                         0     16        0
  SINCE DEC 1     39                         8     31        0
  SINCE JAN 1     36                         6     30        0
..................................................................


WIND (MPH)
  RESULTANT WIND SPEED   1   RESULTANT WIND DIRECTION  SE (140)
  HIGHEST WIND SPEED    17   HIGHEST WIND DIRECTION    SW (230)
  HIGHEST GUST SPEED    22   HIGHEST GUST DIRECTION    SW (220)
  AVERAGE WIND SPEED     5.7


SKY COVER
  POSSIBLE SUNSHINE  MM
  AVERAGE SKY COVER 0.5


WEATHER CONDITIONS
 THE FOLLOWING WEATHER WAS RECORDED TODAY.
  LIGHT RAIN


RELATIVE HUMIDITY (PERCENT)
 HIGHEST    79           200 AM
 LOWEST     36           300 PM
 AVERAGE    58

..........................................................


THE RIVERSIDE MUNI AIRPORT CA CLIMATE NORMALS FOR TOMORROW
                         NORMAL    RECORD    YEAR
 MAXIMUM TEMPERATURE (F)   68        89      1921
 MINIMUM TEMPERATURE (F)   45        28      1953


SUNRISE AND SUNSET
FEBRUARY 22 2018......SUNRISE   627 AM PST   SUNSET   540 PM PST
FEBRUARY 23 2018......SUNRISE   625 AM PST   SUNSET   541 PM PST


-  INDICATES NEGATIVE NUMBERS.
R  INDICATES RECORD WAS SET OR TIED.
MM INDICATES DATA IS MISSING.
T  INDICATES TRACE AMOUNT.




$$
