000
CDUS46 KSGX 221420
CLIRAL


CLIMATE REPORT
NATIONAL WEATHER SERVICE SAN DIEGO, CA
720 AM PDT WED MAR 22 2017


...................................

...THE RIVERSIDE MUNI AIRPORT CA CLIMATE SUMMARY FOR MARCH 21 2017...

CLIMATE NORMAL PERIOD 1981 TO 2010
CLIMATE RECORD PERIOD 1893 TO 2017


WEATHER ITEM   OBSERVED TIME   RECORD YEAR NORMAL DEPARTURE LAST
                VALUE   (LST)  VALUE       VALUE  FROM      YEAR
                                                  NORMAL
..................................................................
TEMPERATURE (F)
 YESTERDAY
  MAXIMUM         68   1137 AM  92    1931  72     -4       75
  MINIMUM         53    622 AM  27    1894  47      6       51
  AVERAGE         61                        59      2       63

PRECIPITATION (IN)
  YESTERDAY        0.11          1.11 1992   0.03   0.08     0.00
  MONTH TO DATE    0.11                      1.73  -1.62     0.69
  SINCE OCT 1     13.04                     10.52   2.52     4.69
  SINCE JAN 1      7.78                      7.71   0.07     3.52

DEGREE DAYS
 HEATING
  YESTERDAY        4                         6     -2        2
  MONTH TO DATE   61                       150    -89       67
  SINCE MAR 1     61                       150    -89       67
  SINCE JUL 1   1025                      1258   -233      944

 COOLING
  YESTERDAY        0                         0      0        0
  MONTH TO DATE   55                         4     51       23
  SINCE MAR 1     55                         4     51       23
  SINCE JAN 1     55                        13     42       99
..................................................................


WIND (MPH)
  RESULTANT WIND SPEED   1   RESULTANT WIND DIRECTION   W (270)
  HIGHEST WIND SPEED    14   HIGHEST WIND DIRECTION     W (280)
  HIGHEST GUST SPEED    20   HIGHEST GUST DIRECTION     W (280)
  AVERAGE WIND SPEED     4.2


SKY COVER
  POSSIBLE SUNSHINE  MM
  AVERAGE SKY COVER 0.9


WEATHER CONDITIONS
 THE FOLLOWING WEATHER WAS RECORDED YESTERDAY.
  LIGHT RAIN
  FOG


RELATIVE HUMIDITY (PERCENT)
 HIGHEST   100           900 PM
 LOWEST     58          1100 AM
 AVERAGE    79

..........................................................


THE RIVERSIDE MUNI AIRPORT CA CLIMATE NORMALS FOR TODAY
                         NORMAL    RECORD    YEAR
 MAXIMUM TEMPERATURE (F)   72        95      1931
 MINIMUM TEMPERATURE (F)   47        29      1894


SUNRISE AND SUNSET
MARCH 22 2017.........SUNRISE   650 AM PDT   SUNSET   703 PM PDT
MARCH 23 2017.........SUNRISE   649 AM PDT   SUNSET   704 PM PDT


-  INDICATES NEGATIVE NUMBERS.
R  INDICATES RECORD WAS SET OR TIED.
MM INDICATES DATA IS MISSING.
T  INDICATES TRACE AMOUNT.




$$
