000
CDUS46 KSGX 021522
CLIRAL


CLIMATE REPORT
NATIONAL WEATHER SERVICE SAN DIEGO, CA
721 AM PST FRI DEC 2 2016


...................................

...THE RIVERSIDE MUNI AIRPORT CA CLIMATE SUMMARY FOR DECEMBER 1 2016...

CLIMATE NORMAL PERIOD 1981 TO 2010
CLIMATE RECORD PERIOD 1893 TO 2016


WEATHER ITEM   OBSERVED TIME   RECORD YEAR NORMAL DEPARTURE LAST
                VALUE   (LST)  VALUE       VALUE  FROM      YEAR
                                                  NORMAL
..................................................................
TEMPERATURE (F)
 YESTERDAY
  MAXIMUM         65    258 PM  87    1959  69     -4       74
  MINIMUM         45    646 AM  29    2004  44      1       37
  AVERAGE         55                        56     -1       56

PRECIPITATION (IN)
  YESTERDAY        0.00          0.76 1925   0.03  -0.03     0.00
  MONTH TO DATE    0.00                      0.03  -0.03     0.00
  SINCE OCT 1      1.92                      1.31   0.61     0.51
  SINCE JAN 1      6.20                     10.90  -4.70     6.85

DEGREE DAYS
 HEATING
  YESTERDAY       10                         9      1        9
  MONTH TO DATE   10                         9      1        9
  SINCE DEC 1     10                         9      1        9
  SINCE JUL 1    114                       209    -95      171

 COOLING
  YESTERDAY        0                         0      0        0
  MONTH TO DATE    0                         0      0        0
  SINCE DEC 1      0                         0      0        0
  SINCE JAN 1   2298                      1754    544     2422
..................................................................


WIND (MPH)
  RESULTANT WIND SPEED   1   RESULTANT WIND DIRECTION  NE (60)
  HIGHEST WIND SPEED     8   HIGHEST WIND DIRECTION     E (90)
  HIGHEST GUST SPEED    11   HIGHEST GUST DIRECTION     E (80)
  AVERAGE WIND SPEED     2.1


SKY COVER
  POSSIBLE SUNSHINE  MM
  AVERAGE SKY COVER 0.4


WEATHER CONDITIONS
 THE FOLLOWING WEATHER WAS RECORDED YESTERDAY.
  HAZE


RELATIVE HUMIDITY (PERCENT)
 HIGHEST    89           900 PM
 LOWEST     28           400 PM
 AVERAGE    59

..........................................................


THE RIVERSIDE MUNI AIRPORT CA CLIMATE NORMALS FOR TODAY
                         NORMAL    RECORD    YEAR
 MAXIMUM TEMPERATURE (F)   69        87      1958
                                             1946
 MINIMUM TEMPERATURE (F)   43        28      1936


SUNRISE AND SUNSET
DECEMBER  2 2016......SUNRISE   638 AM PST   SUNSET   441 PM PST
DECEMBER  3 2016......SUNRISE   639 AM PST   SUNSET   441 PM PST


-  INDICATES NEGATIVE NUMBERS.
R  INDICATES RECORD WAS SET OR TIED.
MM INDICATES DATA IS MISSING.
T  INDICATES TRACE AMOUNT.




$$
