000
CDUS46 KSGX 031416
CLIRAL


CLIMATE REPORT
NATIONAL WEATHER SERVICE SAN DIEGO, CA
716 AM PDT MON AUG 3 2015


...................................

...THE RIVERSIDE MUNI AIRPORT CA CLIMATE SUMMARY FOR AUGUST 2 2015...

CLIMATE NORMAL PERIOD 1981 TO 2010
CLIMATE RECORD PERIOD 1893 TO 2015


WEATHER ITEM   OBSERVED TIME   RECORD YEAR NORMAL DEPARTURE LAST
                VALUE   (LST)  VALUE       VALUE  FROM      YEAR
                                                  NORMAL
..................................................................
TEMPERATURE (F)
 YESTERDAY
  MAXIMUM         93    305 PM 107    1938  95     -2       86
                                      1918
  MINIMUM         66    532 AM  50    1950  65      1       69
                                      1912
  AVERAGE         80                        80      0       78

PRECIPITATION (IN)
  YESTERDAY        0.00          0.03 2014   0.00   0.00     0.03
  MONTH TO DATE    0.00                      0.01  -0.01     0.03
  SINCE OCT 1      7.69                     12.08  -4.39     2.74
  SINCE JAN 1      4.46                      9.27  -4.81     1.75

DEGREE DAYS
 HEATING
  YESTERDAY        0                         0      0        0
  MONTH TO DATE    0                         0      0        0
  SINCE JUN 1      0                         2     -2        0
  SINCE JUL 1      0                         0      0        0

 COOLING
  YESTERDAY       15                        15      0       13
  MONTH TO DATE   31                        30      1       32
  SINCE JUN 1    807                       665    142      795
  SINCE JAN 1   1116                       842    274     1173
..................................................................


WIND (MPH)
  RESULTANT WIND SPEED   3   RESULTANT WIND DIRECTION   W (270)
  HIGHEST WIND SPEED    15   HIGHEST WIND DIRECTION     W (280)
  HIGHEST GUST SPEED    21   HIGHEST GUST DIRECTION     W (270)
  AVERAGE WIND SPEED     5.4


SKY COVER
  POSSIBLE SUNSHINE  MM
  AVERAGE SKY COVER 0.0


WEATHER CONDITIONS
 THE FOLLOWING WEATHER WAS RECORDED YESTERDAY.
  FOG


RELATIVE HUMIDITY (PERCENT)
 HIGHEST    87           500 AM
 LOWEST     36           200 PM
 AVERAGE    62

..........................................................


THE RIVERSIDE MUNI AIRPORT CA CLIMATE NORMALS FOR TODAY
                         NORMAL    RECORD    YEAR
 MAXIMUM TEMPERATURE (F)   95       110      1918
 MINIMUM TEMPERATURE (F)   65        46      1912


SUNRISE AND SUNSET
AUGUST  3 2015........SUNRISE   603 AM PDT   SUNSET   749 PM PDT
AUGUST  4 2015........SUNRISE   603 AM PDT   SUNSET   748 PM PDT


-  INDICATES NEGATIVE NUMBERS.
R  INDICATES RECORD WAS SET OR TIED.
MM INDICATES DATA IS MISSING.
T  INDICATES TRACE AMOUNT.




$$
