998
CDUS46 KSGX 281421
CLIRAL


CLIMATE REPORT
NATIONAL WEATHER SERVICE SAN DIEGO, CA
719 AM PDT SAT MAY 28 2016


...................................

...THE RIVERSIDE MUNI AIRPORT CA CLIMATE SUMMARY FOR MAY 27 2016...

CLIMATE NORMAL PERIOD 1981 TO 2010
CLIMATE RECORD PERIOD 1893 TO 2016


WEATHER ITEM   OBSERVED TIME   RECORD YEAR NORMAL DEPARTURE LAST
                VALUE   (LST)  VALUE       VALUE  FROM      YEAR
                                                  NORMAL
..................................................................
TEMPERATURE (F)
 YESTERDAY
  MAXIMUM         83    239 PM 102    2000  81      2       81
  MINIMUM         56    515 AM  38    1953  57     -1       59
  AVERAGE         70                        69      1       70

PRECIPITATION (IN)
  YESTERDAY        0.00          0.12 1905   0.00   0.00     0.00
  MONTH TO DATE    0.18                      0.30  -0.12     0.60
  SINCE OCT 1      5.45                     11.90  -6.45     5.75
  SINCE JAN 1      4.28                      9.09  -4.81     2.52

DEGREE DAYS
 HEATING
  YESTERDAY        0                         0      0        0
  MONTH TO DATE   20                        22     -2       50
  SINCE MAR 1    155                       334   -179      157
  SINCE JUL 1   1032                      1442   -410      764

 COOLING
  YESTERDAY        5                         5      0        5
  MONTH TO DATE   76                        96    -20       47
  SINCE MAR 1    189                       150     39      254
  SINCE JAN 1    265                       159    106      278
..................................................................


WIND (MPH)
  RESULTANT WIND SPEED   4   RESULTANT WIND DIRECTION   W (270)
  HIGHEST WIND SPEED    17   HIGHEST WIND DIRECTION     W (260)
  HIGHEST GUST SPEED    24   HIGHEST GUST DIRECTION     W (250)
  AVERAGE WIND SPEED     5.3


SKY COVER
  POSSIBLE SUNSHINE  MM
  AVERAGE SKY COVER 0.2


WEATHER CONDITIONS
 THE FOLLOWING WEATHER WAS RECORDED YESTERDAY.
  NO SIGNIFICANT WEATHER WAS OBSERVED.


RELATIVE HUMIDITY (PERCENT)
 HIGHEST    86           500 AM
 LOWEST     34           300 PM
 AVERAGE    60

..........................................................


THE RIVERSIDE MUNI AIRPORT CA CLIMATE NORMALS FOR TODAY
                         NORMAL    RECORD    YEAR
 MAXIMUM TEMPERATURE (F)   81       106      1973
 MINIMUM TEMPERATURE (F)   57        41      1917


SUNRISE AND SUNSET
MAY 28 2016...........SUNRISE   541 AM PDT   SUNSET   754 PM PDT
MAY 29 2016...........SUNRISE   541 AM PDT   SUNSET   754 PM PDT


-  INDICATES NEGATIVE NUMBERS.
R  INDICATES RECORD WAS SET OR TIED.
MM INDICATES DATA IS MISSING.
T  INDICATES TRACE AMOUNT.




$$
