000
CDUS46 KSGX 240023
CLIRAL


CLIMATE REPORT
NATIONAL WEATHER SERVICE SAN DIEGO, CA
523 PM PDT THU OCT 23 2014


...................................

...THE RIVERSIDE MUNI AIRPORT CA CLIMATE SUMMARY FOR OCTOBER 23 2014...
VALID TODAY AS OF 0500 PM LOCAL TIME.

CLIMATE NORMAL PERIOD 1981 TO 2010
CLIMATE RECORD PERIOD 1893 TO 2014


WEATHER ITEM   OBSERVED TIME   RECORD YEAR NORMAL DEPARTURE LAST
                VALUE   (LST)  VALUE       VALUE  FROM      YEAR
                                                  NORMAL
..................................................................
TEMPERATURE (F)
 TODAY
  MAXIMUM         93    144 PM 101    1959  80     13       72
  MINIMUM         59    635 AM  31    1906  53      6       55
  AVERAGE         76                        66     10       64

PRECIPITATION (IN)
  TODAY            0.00          1.03 1987   0.01  -0.01     0.00
  MONTH TO DATE    0.00                      0.17  -0.17     0.30
  SINCE JUL 1      0.37                      0.57  -0.20     0.46
  SINCE JAN 1      2.09                      9.76  -7.67     2.67

SNOWFALL (IN)
  TODAY            0.0
  MONTH TO DATE    0.0
  SINCE JAN 1      0.0
  SINCE JUL 1      0.0
  SNOW DEPTH       0

DEGREE DAYS
 HEATING
  TODAY            0                         2     -2        1
  MONTH TO DATE    0                        14    -14       17
  SINCE SEP 1      0                        16    -16       17
  SINCE JUL 1      0                        16    -16       17

 COOLING
  TODAY           11                         3      8        0
  MONTH TO DATE  209                       117     92       87
  SINCE SEP 1    661                       451    210      480
  SINCE JAN 1   2252                      1709    543     1949
..................................................................


WIND (MPH)
  RESULTANT WIND SPEED   1   RESULTANT WIND DIRECTION   N (20)
  HIGHEST WIND SPEED    13   HIGHEST WIND DIRECTION     W (270)
  HIGHEST GUST SPEED    17   HIGHEST GUST DIRECTION     W (250)
  AVERAGE WIND SPEED     4.9


SKY COVER
  POSSIBLE SUNSHINE  MM
  AVERAGE SKY COVER 0.0


WEATHER CONDITIONS
 THE FOLLOWING WEATHER WAS RECORDED TODAY.
  NO SIGNIFICANT WEATHER WAS OBSERVED.


RELATIVE HUMIDITY (PERCENT)
 HIGHEST    72           100 AM
 LOWEST     10           100 PM
 AVERAGE    41

..........................................................


THE RIVERSIDE MUNI AIRPORT CA CLIMATE NORMALS FOR TOMORROW
                         NORMAL    RECORD    YEAR
 MAXIMUM TEMPERATURE (F)   80       101      1909
 MINIMUM TEMPERATURE (F)   53        34      1906


SUNRISE AND SUNSET
OCTOBER 23 2014.......SUNRISE   701 AM PDT   SUNSET   606 PM PDT
OCTOBER 24 2014.......SUNRISE   702 AM PDT   SUNSET   605 PM PDT


-  INDICATES NEGATIVE NUMBERS.
R  INDICATES RECORD WAS SET OR TIED.
MM INDICATES DATA IS MISSING.
T  INDICATES TRACE AMOUNT.




$$
