000
CDUS46 KSGX 210018
CLIRAL


CLIMATE REPORT
NATIONAL WEATHER SERVICE SAN DIEGO, CA
417 PM PST MON NOV 20 2017


...................................

...THE RIVERSIDE MUNI AIRPORT CA CLIMATE SUMMARY FOR NOVEMBER 20 2017...
VALID TODAY AS OF 0400 PM LOCAL TIME.

CLIMATE NORMAL PERIOD 1981 TO 2010
CLIMATE RECORD PERIOD 1893 TO 2017


WEATHER ITEM   OBSERVED TIME   RECORD YEAR NORMAL DEPARTURE LAST
                VALUE   (LST)  VALUE       VALUE  FROM      YEAR
                                                  NORMAL
..................................................................
TEMPERATURE (F)
 TODAY
  MAXIMUM         76    340 PM  94    2006  72      4       71
  MINIMUM         46    518 AM  28    1994  46      0       52
                                      1906
  AVERAGE         61                        59      2       62

PRECIPITATION (IN)
  TODAY            0.00          0.64 1967   0.03  -0.03     0.05
  MONTH TO DATE    0.01                      0.65  -0.64     0.05
  SINCE OCT 1      0.01                      0.93  -0.92     1.01
  SINCE JAN 1      8.47                     10.52  -2.05     5.29

DEGREE DAYS
 HEATING
  TODAY            4                         6     -2        3
  MONTH TO DATE   33                        88    -55       17
  SINCE SEP 1     34                       123    -89       20
  SINCE JUL 1     34                       123    -89       20

 COOLING
  TODAY            0                         0      0        0
  MONTH TO DATE   12                        24    -12       96
  SINCE SEP 1    612                       495    117      629
  SINCE JAN 1   2260                      1753    507     2298
..................................................................


WIND (MPH)
  RESULTANT WIND SPEED   2   RESULTANT WIND DIRECTION   N (20)
  HIGHEST WIND SPEED     9   HIGHEST WIND DIRECTION     W (280)
  HIGHEST GUST SPEED    12   HIGHEST GUST DIRECTION     W (270)
  AVERAGE WIND SPEED     4.3


SKY COVER
  POSSIBLE SUNSHINE  MM
  AVERAGE SKY COVER 0.4


WEATHER CONDITIONS
 THE FOLLOWING WEATHER WAS RECORDED TODAY.
  NO SIGNIFICANT WEATHER WAS OBSERVED.


RELATIVE HUMIDITY (PERCENT)
 HIGHEST    66           100 AM
 LOWEST     16           100 PM
 AVERAGE    41

..........................................................


THE RIVERSIDE MUNI AIRPORT CA CLIMATE NORMALS FOR TOMORROW
                         NORMAL    RECORD    YEAR
 MAXIMUM TEMPERATURE (F)   72        95      1924
 MINIMUM TEMPERATURE (F)   46        27      1906


SUNRISE AND SUNSET
NOVEMBER 20 2017......SUNRISE   627 AM PST   SUNSET   444 PM PST
NOVEMBER 21 2017......SUNRISE   628 AM PST   SUNSET   443 PM PST


-  INDICATES NEGATIVE NUMBERS.
R  INDICATES RECORD WAS SET OR TIED.
MM INDICATES DATA IS MISSING.
T  INDICATES TRACE AMOUNT.




$$
