000
CDUS46 KSGX 280018
CLIRAL


CLIMATE REPORT
NATIONAL WEATHER SERVICE SAN DIEGO, CA
518 PM PDT WED MAY 27 2015


...................................

...THE RIVERSIDE MUNI AIRPORT CA CLIMATE SUMMARY FOR MAY 27 2015...
VALID TODAY AS OF 0500 PM LOCAL TIME.

CLIMATE NORMAL PERIOD 1981 TO 2010
CLIMATE RECORD PERIOD 1893 TO 2015


WEATHER ITEM   OBSERVED TIME   RECORD YEAR NORMAL DEPARTURE LAST
                VALUE   (LST)  VALUE       VALUE  FROM      YEAR
                                                  NORMAL
..................................................................
TEMPERATURE (F)
 TODAY
  MAXIMUM         81    237 PM 102    2000  81      0       93
  MINIMUM         59    537 AM  38    1953  57      2       62
  AVERAGE         70                        69      1       78

PRECIPITATION (IN)
  TODAY            0.00          0.12 1905   0.00   0.00     0.00
  MONTH TO DATE    0.60                      0.30   0.30      T
  SINCE OCT 1      5.75                     11.90  -6.15     2.71
  SINCE JAN 1      2.52                      9.09  -6.57     1.72

SNOWFALL (IN)
  TODAY            0.0
  MONTH TO DATE    0.0
  SINCE MAR 1      0.0
  SINCE JUL 1      0.0
  SNOW DEPTH       0

DEGREE DAYS
 HEATING
  TODAY            0                         0      0        0
  MONTH TO DATE   50                        22     28        8
  SINCE MAR 1    157                       334   -177      141
  SINCE JUL 1    764                      1442   -678      803

 COOLING
  TODAY            5                         5      0       13
  MONTH TO DATE   47                        96    -49      185
  SINCE MAR 1    254                       150    104      308
  SINCE JAN 1    278                       159    119      337
..................................................................


WIND (MPH)
  RESULTANT WIND SPEED   3   RESULTANT WIND DIRECTION   W (270)
  HIGHEST WIND SPEED    15   HIGHEST WIND DIRECTION     W (280)
  HIGHEST GUST SPEED    21   HIGHEST GUST DIRECTION     W (250)
  AVERAGE WIND SPEED     4.4


SKY COVER
  POSSIBLE SUNSHINE  MM
  AVERAGE SKY COVER 0.6


WEATHER CONDITIONS
 THE FOLLOWING WEATHER WAS RECORDED TODAY.
  HAZE


RELATIVE HUMIDITY (PERCENT)
 HIGHEST    80          1200 AM
 LOWEST     42           200 PM
 AVERAGE    61

..........................................................


THE RIVERSIDE MUNI AIRPORT CA CLIMATE NORMALS FOR TOMORROW
                         NORMAL    RECORD    YEAR
 MAXIMUM TEMPERATURE (F)   81       106      1973
 MINIMUM TEMPERATURE (F)   57        41      1917


SUNRISE AND SUNSET
MAY 27 2015...........SUNRISE   542 AM PDT   SUNSET   753 PM PDT
MAY 28 2015...........SUNRISE   541 AM PDT   SUNSET   753 PM PDT


-  INDICATES NEGATIVE NUMBERS.
R  INDICATES RECORD WAS SET OR TIED.
MM INDICATES DATA IS MISSING.
T  INDICATES TRACE AMOUNT.




$$
