000
CDUS43 KUNR 280832
CLIRAP


CLIMATE REPORT
NATIONAL WEATHER SERVICE RAPID CITY SD
232 AM MDT THU AUG 28 2014


...................................

...THE RAPID CITY AIRPORT SD CLIMATE SUMMARY FOR AUGUST 27 2014...

CLIMATE NORMAL PERIOD 1981 TO 2010
CLIMATE RECORD PERIOD 1942 TO 2014


WEATHER ITEM   OBSERVED TIME   RECORD YEAR NORMAL DEPARTURE LAST
                VALUE   (LST)  VALUE       VALUE  FROM      YEAR
                                                  NORMAL
..................................................................
TEMPERATURE (F)
 YESTERDAY
  MAXIMUM         74    131 PM 103    1991  84    -10      101
  MINIMUM         55    556 AM  42    1992  54      1       63
  AVERAGE         65                        69     -4       82

PRECIPITATION (IN)
  YESTERDAY        0.06          0.88 2006   0.04   0.02      T
  MONTH TO DATE    3.12                      1.39   1.73     2.04
  SINCE JUN 1     10.31                      5.77   4.54     6.07
  SINCE JAN 1     15.70                     12.46   3.24    13.69

SNOWFALL (IN)
  YESTERDAY        0.0                       0.0    0.0      0.0
  MONTH TO DATE    0.0                       0.0    0.0      0.0
  SINCE JUN 1      0.0                       0.0    0.0      0.0
  SINCE JUL 1      0.0                       0.0    0.0      0.0
  SNOW DEPTH       0

DEGREE DAYS
 HEATING
  YESTERDAY        0                         1     -1        0
  MONTH TO DATE   11                        11      0        0
  SINCE JUN 1    161                       125     36       85
  SINCE JUL 1     33                        26      7        5

 COOLING
  YESTERDAY        0                         5     -5       17
  MONTH TO DATE  146                       205    -59      196
  SINCE JUN 1    335                       539   -204      534
  SINCE JAN 1    355                       554   -199      542
..................................................................


WIND (MPH)
  HIGHEST WIND SPEED    14   HIGHEST WIND DIRECTION    SE (120)
  HIGHEST GUST SPEED    19   HIGHEST GUST DIRECTION    NE (30)
  AVERAGE WIND SPEED     5.8


SKY COVER
  AVERAGE SKY COVER 0.5


WEATHER CONDITIONS
 THE FOLLOWING WEATHER WAS RECORDED YESTERDAY.
  LIGHT RAIN


RELATIVE HUMIDITY (PERCENT)
 HIGHEST    93           200 AM
 LOWEST     64          1200 PM
 AVERAGE    79

..........................................................


THE RAPID CITY AIRPORT SD CLIMATE NORMALS FOR TODAY
                         NORMAL    RECORD    YEAR
 MAXIMUM TEMPERATURE (F)   84       100      2012
 MINIMUM TEMPERATURE (F)   54        41      2004


SUNRISE AND SUNSET
AUGUST 28 2014........SUNRISE   611 AM MDT   SUNSET   735 PM MDT
AUGUST 29 2014........SUNRISE   612 AM MDT   SUNSET   733 PM MDT


-  INDICATES NEGATIVE NUMBERS.
R  INDICATES RECORD WAS SET OR TIED.
MM INDICATES DATA IS MISSING.
T  INDICATES TRACE AMOUNT.




$$
