000
CDUS43 KUNR 270854
CLIRAP


CLIMATE REPORT
NATIONAL WEATHER SERVICE RAPID CITY SD
247 AM MDT MON MAR 27 2017


...................................

...THE RAPID CITY AIRPORT SD CLIMATE SUMMARY FOR MARCH 26 2017...

CLIMATE NORMAL PERIOD 1981 TO 2010
CLIMATE RECORD PERIOD 1942 TO 2017


WEATHER ITEM   OBSERVED TIME   RECORD YEAR NORMAL DEPARTURE LAST
                VALUE   (LST)  VALUE       VALUE  FROM      YEAR
                                                  NORMAL
..................................................................
TEMPERATURE (F)
 YESTERDAY
  MAXIMUM         46   1243 AM  82    1993  51     -5       37
  MINIMUM         31   1009 PM  -5    1965  26      5       20
  AVERAGE         39                        38      1       29

PRECIPITATION (IN)
  YESTERDAY        0.05          0.80 1950   0.03   0.02     0.01
  MONTH TO DATE    0.23                      0.75  -0.52     0.69
  SINCE MAR 1      0.23                      0.75  -0.52     0.69
  SINCE JAN 1      1.04                      1.49  -0.45     1.55

SNOWFALL (IN)
  YESTERDAY        0.0           8.9  1950   0.3   -0.3      0.1
  MONTH TO DATE    0.3                       7.3   -7.0      5.3
  SINCE MAR 1      0.3                       7.3   -7.0      5.3
  SINCE JUL 1     30.8                      30.7    0.1     31.4
  SNOW DEPTH       0

DEGREE DAYS
 HEATING
  YESTERDAY       26                        26      0       36
  MONTH TO DATE  675                       789   -114      635
  SINCE MAR 1    675                       789   -114      635
  SINCE JUL 1   5731                      5999   -268     5330

 COOLING
  YESTERDAY        0                         0      0        0
  MONTH TO DATE    0                         0      0        0
  SINCE MAR 1      0                         0      0        0
  SINCE JAN 1      0                         0      0        0
..................................................................


WIND (MPH)
  HIGHEST WIND SPEED    24   HIGHEST WIND DIRECTION     N (10)
  HIGHEST GUST SPEED    30   HIGHEST GUST DIRECTION     N (360)
  AVERAGE WIND SPEED     9.6


SKY COVER
  AVERAGE SKY COVER 0.9


WEATHER CONDITIONS
 THE FOLLOWING WEATHER WAS RECORDED YESTERDAY.
  LIGHT RAIN
  FOG
  FOG W/VISIBILITY <= 1/4 MILE


RELATIVE HUMIDITY (PERCENT)
 HIGHEST   100           800 PM
 LOWEST     53          1200 AM
 AVERAGE    77

..........................................................


THE RAPID CITY AIRPORT SD CLIMATE NORMALS FOR TODAY
                         NORMAL    RECORD    YEAR
 MAXIMUM TEMPERATURE (F)   52        81      1946
 MINIMUM TEMPERATURE (F)   26         5      1944


SUNRISE AND SUNSET
MARCH 27 2017.........SUNRISE   642 AM MDT   SUNSET   714 PM MDT
MARCH 28 2017.........SUNRISE   640 AM MDT   SUNSET   715 PM MDT


-  INDICATES NEGATIVE NUMBERS.
R  INDICATES RECORD WAS SET OR TIED.
MM INDICATES DATA IS MISSING.
T  INDICATES TRACE AMOUNT.




$$
