000
CDUS43 KUNR 260038
CLIRAP


CLIMATE REPORT
NATIONAL WEATHER SERVICE RAPID CITY SD
637 PM MDT SAT OCT 25 2014


...................................

...THE RAPID CITY AIRPORT SD CLIMATE SUMMARY FOR OCTOBER 25 2014...
VALID TODAY AS OF 0500 PM LOCAL TIME.

CLIMATE NORMAL PERIOD 1981 TO 2010
CLIMATE RECORD PERIOD 1942 TO 2014


WEATHER ITEM   OBSERVED TIME   RECORD YEAR NORMAL DEPARTURE LAST
                VALUE   (LST)  VALUE       VALUE  FROM      YEAR
                                                  NORMAL
..................................................................
TEMPERATURE (F)
 TODAY
  MAXIMUM         66    203 PM  82    2007  58      8       70
  MINIMUM         32    619 AM   9    1997  31      1       29
  AVERAGE         49                        44      5       50

PRECIPITATION (IN)
  TODAY            0.00          0.54 1954   0.04  -0.04     0.00
  MONTH TO DATE    0.54                      1.22  -0.68     5.38
  SINCE SEP 1      3.71                      2.51   1.20     6.56
  SINCE JAN 1     20.31                     15.14   5.17    20.62

SNOWFALL (IN)
  TODAY            0.0                       0.1   -0.1      0.0
  MONTH TO DATE    0.0                       0.9   -0.9     19.6
  SINCE SEP 1      T                         1.1   -1.1     19.6
  SINCE JUL 1      T                         1.1   -1.1     19.6
  SNOW DEPTH       0

DEGREE DAYS
 HEATING
  TODAY           16                        21     -5       15
  MONTH TO DATE  313                       405    -92      524
  SINCE SEP 1    518                       592    -74      626
  SINCE JUL 1    554                       629    -75      631

 COOLING
  TODAY            0                         0      0        0
  MONTH TO DATE    0                         0      0        0
  SINCE SEP 1     61                        61      0      133
  SINCE JAN 1    424                       633   -209      724
..................................................................


WIND (MPH)
  HIGHEST WIND SPEED    21   HIGHEST WIND DIRECTION    SE (150)
  HIGHEST GUST SPEED    25   HIGHEST GUST DIRECTION     S (170)
  AVERAGE WIND SPEED    10.9


SKY COVER
  AVERAGE SKY COVER 0.0


WEATHER CONDITIONS
 THE FOLLOWING WEATHER WAS RECORDED TODAY.
  NO SIGNIFICANT WEATHER WAS OBSERVED.


RELATIVE HUMIDITY (PERCENT)
 HIGHEST    76           400 AM
 LOWEST     30          1100 AM
 AVERAGE    53

..........................................................


THE RAPID CITY AIRPORT SD CLIMATE NORMALS FOR TOMORROW
                         NORMAL    RECORD    YEAR
 MAXIMUM TEMPERATURE (F)   57        81      1990
 MINIMUM TEMPERATURE (F)   31         2      1997


SUNRISE AND SUNSET
OCTOBER 25 2014.......SUNRISE   720 AM MDT   SUNSET   552 PM MDT
OCTOBER 26 2014.......SUNRISE   721 AM MDT   SUNSET   551 PM MDT


-  INDICATES NEGATIVE NUMBERS.
R  INDICATES RECORD WAS SET OR TIED.
MM INDICATES DATA IS MISSING.
T  INDICATES TRACE AMOUNT.




$$
