658
CDUS43 KUNR 230831
CLIRAP


CLIMATE REPORT
NATIONAL WEATHER SERVICE RAPID CITY SD
131 AM MST THU FEB 23 2017


...................................

...THE RAPID CITY AIRPORT SD CLIMATE SUMMARY FOR FEBRUARY 22 2017...

CLIMATE NORMAL PERIOD 1981 TO 2010
CLIMATE RECORD PERIOD 1942 TO 2017


WEATHER ITEM   OBSERVED TIME   RECORD YEAR NORMAL DEPARTURE LAST
                VALUE   (LST)  VALUE       VALUE  FROM      YEAR
                                                  NORMAL
..................................................................
TEMPERATURE (F)
 YESTERDAY
  MAXIMUM         57    132 PM  70    1958  41     16       51
  MINIMUM         30   1159 PM -10    1965  16     14       20
  AVERAGE         44                        29     15       36

PRECIPITATION (IN)
  YESTERDAY        0.01          0.18 1982   0.02  -0.01     0.00
  MONTH TO DATE    0.24                      0.31  -0.07     0.52
  SINCE DEC 1      1.36                      1.03   0.33     1.36
  SINCE JAN 1      0.59                      0.61  -0.02     0.73

SNOWFALL (IN)
  YESTERDAY        0.0           2.4  1947   0.2   -0.2      0.0
  MONTH TO DATE    4.8                       4.2    0.6      3.4
  SINCE DEC 1     24.6                      14.0   10.6     18.2
  SINCE JUL 1     27.4                      21.8    5.6     24.8
  SNOW DEPTH       0

DEGREE DAYS
 HEATING
  YESTERDAY       21                        36    -15       29
  MONTH TO DATE  683                       841   -158      635
  SINCE DEC 1   3589                      3322    267     3058
  SINCE JUL 1   4812                      4997   -185     4503

 COOLING
  YESTERDAY        0                         0      0        0
  MONTH TO DATE    0                         0      0        0
  SINCE DEC 1      0                         0      0        0
  SINCE JAN 1      0                         0      0        0
..................................................................


WIND (MPH)
  HIGHEST WIND SPEED    37   HIGHEST WIND DIRECTION     N (350)
  HIGHEST GUST SPEED    44   HIGHEST GUST DIRECTION     N (350)
  AVERAGE WIND SPEED    18.9


SKY COVER
  AVERAGE SKY COVER 0.3


WEATHER CONDITIONS
 THE FOLLOWING WEATHER WAS RECORDED YESTERDAY.
  LIGHT RAIN


RELATIVE HUMIDITY (PERCENT)
 HIGHEST    85          1100 PM
 LOWEST     21           100 PM
 AVERAGE    53

..........................................................


THE RAPID CITY AIRPORT SD CLIMATE NORMALS FOR TODAY
                         NORMAL    RECORD    YEAR
 MAXIMUM TEMPERATURE (F)   41        67      1958
 MINIMUM TEMPERATURE (F)   17       -14      1965


SUNRISE AND SUNSET
FEBRUARY 23 2017......SUNRISE   639 AM MST   SUNSET   533 PM MST
FEBRUARY 24 2017......SUNRISE   637 AM MST   SUNSET   534 PM MST


-  INDICATES NEGATIVE NUMBERS.
R  INDICATES RECORD WAS SET OR TIED.
MM INDICATES DATA IS MISSING.
T  INDICATES TRACE AMOUNT.




$$
