000
CDUS46 KMFR 230839
CLIRBG


CLIMATE REPORT
NATIONAL WEATHER SERVICE MEDFORD, OR
139 AM PDT TUE SEP 23 2014


...................................

...THE ROSEBURG OR CLIMATE SUMMARY FOR SEPTEMBER 22 2014...

CLIMATE NORMAL PERIOD 1981 TO 2010
CLIMATE RECORD PERIOD 1931 TO 2014


WEATHER ITEM   OBSERVED TIME   RECORD YEAR NORMAL DEPARTURE LAST
                VALUE   (LST)  VALUE       VALUE  FROM      YEAR
                                                  NORMAL
..................................................................
TEMPERATURE (F)
 YESTERDAY
  MAXIMUM         73    359 PM 101    2009  77     -4       67
  MINIMUM         59   1137 PM  36    1961  50      9       52
  AVERAGE         66                        63      3       60

PRECIPITATION (IN)
  YESTERDAY        0.00          0.60 1972   0.04  -0.04     0.06
  MONTH TO DATE    0.09                      0.62  -0.53     1.59
  SINCE SEP 1      0.09                      0.62  -0.53     1.59
  SINCE JAN 1     16.74                     20.27  -3.53    10.13

SNOWFALL (IN)
  YESTERDAY       MM                        MM     MM       MM
  MONTH TO DATE   MM                        MM     MM       MM
  SINCE JUL 1     MM                        MM     MM       MM
  SNOW DEPTH      MM

DEGREE DAYS
 HEATING
  YESTERDAY        0                         3     -3        5
  MONTH TO DATE    0                        35    -35       19
  SINCE SEP 1      0                        35    -35       19
  SINCE JUL 1      7                        56    -49       20

 COOLING
  YESTERDAY        1                         1      0        0
  MONTH TO DATE  142                        58     84      121
  SINCE SEP 1    142                        58     84      121
  SINCE JAN 1    875                       469    406      823
..................................................................


WIND (MPH)
  RESULTANT WIND SPEED   3   RESULTANT WIND DIRECTION   N (0)
  HIGHEST WIND SPEED    10   HIGHEST WIND DIRECTION     N (20)
  HIGHEST GUST SPEED    13   HIGHEST GUST DIRECTION     N (10)
  AVERAGE WIND SPEED     2.8


SKY COVER
  POSSIBLE SUNSHINE  MM
  AVERAGE SKY COVER 0.4


WEATHER CONDITIONS
 THE FOLLOWING WEATHER WAS RECORDED YESTERDAY.
  NO SIGNIFICANT WEATHER WAS OBSERVED.


RELATIVE HUMIDITY (PERCENT)
 HIGHEST    78           100 AM
 LOWEST     53           200 PM
 AVERAGE    66

..........................................................


THE ROSEBURG OR CLIMATE NORMALS FOR TODAY
                         NORMAL    RECORD    YEAR
 MAXIMUM TEMPERATURE (F)   77       100      1943
 MINIMUM TEMPERATURE (F)   50        37      1993


SUNRISE AND SUNSET
SEPTEMBER 23 2014.....SUNRISE   702 AM PDT   SUNSET   709 PM PDT
SEPTEMBER 24 2014.....SUNRISE   703 AM PDT   SUNSET   707 PM PDT


-  INDICATES NEGATIVE NUMBERS.
R  INDICATES RECORD WAS SET OR TIED.
MM INDICATES DATA IS MISSING.
T  INDICATES TRACE AMOUNT.




$$
