000
CDUS46 KMFR 260040
CLIRBG


CLIMATE REPORT
NATIONAL WEATHER SERVICE MEDFORD, OR
539 PM PDT MON MAY 25 2015


...................................

...THE ROSEBURG OR CLIMATE SUMMARY FOR MAY 25 2015...
VALID TODAY AS OF 0500 PM LOCAL TIME.

CLIMATE NORMAL PERIOD 1981 TO 2010
CLIMATE RECORD PERIOD 1931 TO 2015


WEATHER ITEM   OBSERVED TIME   RECORD YEAR NORMAL DEPARTURE LAST
                VALUE   (LST)  VALUE       VALUE  FROM      YEAR
                                                  NORMAL
..................................................................
TEMPERATURE (F)
 TODAY
  MAXIMUM         77    357 PM  95    1938  72      5       80
  MINIMUM         51    341 AM  32    1975  49      2       52
  AVERAGE         64                        60      4       66

PRECIPITATION (IN)
  TODAY            0.00          1.01 1946   0.06  -0.06
  MONTH TO DATE    0.18                      1.89  -1.71
  SINCE OCT 1     24.66                     32.90  -8.24
  SINCE JAN 1     10.38                     17.25  -6.87

SNOWFALL (IN)
  TODAY           MM                        MM     MM       MM
  MONTH TO DATE   MM                        MM     MM       MM
  SINCE JUL 1      0.0                      MM     MM        0.0
  SNOW DEPTH      MM

DEGREE DAYS
 HEATING
  TODAY            1                         6     -5        0
  MONTH TO DATE  112                       187    -75      100
  SINCE MAR 1    775                      1082   -307      787
  SINCE JUL 1   2832                      3951  -1119     3714

 COOLING
  TODAY            0                         1     -1        1
  MONTH TO DATE    2                        13    -11       38
  SINCE MAR 1      3                        14    -11       44
  SINCE JAN 1      3                        14    -11       44
..................................................................







THE ROSEBURG OR CLIMATE NORMALS FOR TOMORROW
                         NORMAL    RECORD    YEAR
 MAXIMUM TEMPERATURE (F)   72        95      2005
 MINIMUM TEMPERATURE (F)   49        37      1972


SUNRISE AND SUNSET
MAY 25 2015...........SUNRISE   541 AM PDT   SUNSET   841 PM PDT
MAY 26 2015...........SUNRISE   540 AM PDT   SUNSET   841 PM PDT


-  INDICATES NEGATIVE NUMBERS.
R  INDICATES RECORD WAS SET OR TIED.
MM INDICATES DATA IS MISSING.
T  INDICATES TRACE AMOUNT.




$$
