000
CDUS46 KMFR 240835
CLIRBG


CLIMATE REPORT
NATIONAL WEATHER SERVICE MEDFORD, OR
135 AM PDT TUE MAY 24 2016


...................................

...THE ROSEBURG OR CLIMATE SUMMARY FOR MAY 23 2016...

CLIMATE NORMAL PERIOD 1981 TO 2010
CLIMATE RECORD PERIOD 1931 TO 2016


WEATHER ITEM   OBSERVED TIME   RECORD YEAR NORMAL DEPARTURE LAST
                VALUE   (LST)  VALUE       VALUE  FROM      YEAR
                                                  NORMAL
..................................................................
TEMPERATURE (F)
 YESTERDAY
  MAXIMUM         65    242 PM  94    1997  71     -6       69
  MINIMUM         50    507 AM  36    1964  48      2       53
                                      1955
  AVERAGE         58                        60     -2       61

PRECIPITATION (IN)
  YESTERDAY        0.01          0.68 2006   0.07  -0.06     0.00
  MONTH TO DATE    0.85                      1.76  -0.91     0.18
  SINCE OCT 1     36.82                     32.77   4.05    24.66
  SINCE JAN 1     17.63                     17.12   0.51    10.38

SNOWFALL (IN)
  YESTERDAY       MM                        MM     MM       MM
  MONTH TO DATE   MM                        MM     MM       MM
  SINCE JUL 1      0.0                      MM     MM        0.0
  SNOW DEPTH      MM

DEGREE DAYS
 HEATING
  YESTERDAY        7                         6      1        4
  MONTH TO DATE   96                       175    -79      111
  SINCE MAR 1    714                      1070   -356      774
  SINCE JUL 1   3067                      3939   -872     2831

 COOLING
  YESTERDAY        0                         1     -1        0
  MONTH TO DATE   19                        11      8        1
  SINCE MAR 1     37                        12     25        2
  SINCE JAN 1     37                        12     25        2
..................................................................


WIND (MPH)
  RESULTANT WIND SPEED   1   RESULTANT WIND DIRECTION   E (90)
  HIGHEST WIND SPEED    13   HIGHEST WIND DIRECTION    NW (300)
  HIGHEST GUST SPEED    17   HIGHEST GUST DIRECTION    NW (300)
  AVERAGE WIND SPEED     4.0


SKY COVER
  POSSIBLE SUNSHINE  MM
  AVERAGE SKY COVER 0.8


WEATHER CONDITIONS
 THE FOLLOWING WEATHER WAS RECORDED YESTERDAY.
  LIGHT RAIN


RELATIVE HUMIDITY (PERCENT)
 HIGHEST    89           200 AM
 LOWEST     52          1100 AM
 AVERAGE    71

..........................................................


THE ROSEBURG OR CLIMATE NORMALS FOR TODAY
                         NORMAL    RECORD    YEAR
 MAXIMUM TEMPERATURE (F)   72        93      1938
 MINIMUM TEMPERATURE (F)   49        35      1953


SUNRISE AND SUNSET
MAY 24 2016...........SUNRISE   541 AM PDT   SUNSET   840 PM PDT
MAY 25 2016...........SUNRISE   540 AM PDT   SUNSET   841 PM PDT


-  INDICATES NEGATIVE NUMBERS.
R  INDICATES RECORD WAS SET OR TIED.
MM INDICATES DATA IS MISSING.
T  INDICATES TRACE AMOUNT.




$$
