219
CDUS46 KSTO 070839
CLIRDD

CLIMATE REPORT
NATIONAL WEATHER SERVICE SACRAMENTO, CA
1237 AM PST SUN FEB 7 2016


..........................................................

...THE REDDING AIRPORT CA CLIMATE SUMMARY FOR FEBRUARY 6 2016...

CLIMATE NORMAL PERIOD 1981 TO 2010
CLIMATE RECORD PERIOD 1986 TO 2016


WEATHER ITEM   OBSERVED RECORD YEAR NORMAL DEPARTURE LAST
                VALUE   VALUE       VALUE  FROM      YEAR
                                           NORMAL
...........................................................
TEMPERATURE (F)
 YESTERDAY
  MAXIMUM         68     76    2011  58     10       58
                               1987
  MINIMUM         39     26    1989  38      1       51
  AVERAGE         54

PRECIPITATION (IN)
  YESTERDAY        0.00   1.60 2015   0.20  -0.20     1.60
  MONTH TO DATE    0.09               1.21  -1.12     2.04
  SINCE OCT 1     22.63              20.02   2.61    18.55
  SINCE JAN 1     12.77               7.17   5.60     2.30

SNOWFALL (IN)
  YESTERDAY        0.0    0.0  2002  MM               0.0
  MONTH TO DATE    0.0               MM               0.0
  SINCE DEC 1      0.0               MM               0.0
  SINCE JUL 1      0.0               MM               0.0

DEGREE DAYS
 HEATING
  YESTERDAY       11

 COOLING
  YESTERDAY        0
...........................................................


WIND (MPH)
  RESULTANT WIND SPEED   1   RESULTANT WIND DIRECTION   N (350)
  HIGHEST WIND SPEED     7   HIGHEST WIND DIRECTION    NW (330)
  HIGHEST GUST SPEED     8   HIGHEST GUST DIRECTION     W (280)


SKY COVER
  POSSIBLE SUNSHINE  MM
  AVERAGE SKY COVER 0.0


WEATHER CONDITIONS
 THE FOLLOWING WEATHER WAS RECORDED YESTERDAY.
  NO SIGNIFICANT WEATHER WAS OBSERVED.


RELATIVE HUMIDITY (PERCENT)
 HIGHEST    86
 LOWEST     34
 AVERAGE    60

..........................................................


THE REDDING AIRPORT CA CLIMATE NORMALS FOR TODAY
                         NORMAL    RECORD    YEAR
 MAXIMUM TEMPERATURE (F)   58        79      2006
 MINIMUM TEMPERATURE (F)   38        25      1990


SUNRISE AND SUNSET
FEBRUARY  7 2016......SUNRISE   713 AM PST   SUNSET   534 PM PST
FEBRUARY  8 2016......SUNRISE   712 AM PST   SUNSET   535 PM PST


-  INDICATES NEGATIVE NUMBERS.
R  INDICATES RECORD WAS SET OR TIED.
MM INDICATES DATA IS MISSING.
T  INDICATES TRACE AMOUNT.

&&
....................................................................

REDDING CITY CLIMATE DATA FOR FEBRUARY 06

CLIMATE RECORD PERIOD 1897-1986

RECORD HIGH..............     79 IN 1987
RECORD LOW...............     24 IN 1982

RECORD RAINFALL..........   2.30 IN 1983

$$

NNNN
