000
CDUS46 KSTO 220842 RRA
CLIRDD

CLIMATE REPORT
NATIONAL WEATHER SERVICE SACRAMENTO, CA
1241 AM PST MON JAN 22 2018


...................................

...THE REDDING AIRPORT CA CLIMATE SUMMARY FOR JANUARY 21 2018...

CLIMATE NORMAL PERIOD 1981 TO 2010
CLIMATE RECORD PERIOD 1986 TO 2018


WEATHER ITEM   OBSERVED RECORD YEAR NORMAL DEPARTURE LAST
                VALUE   VALUE       VALUE  FROM      YEAR
                                           NORMAL
...........................................................
TEMPERATURE (F)
 YESTERDAY
  MAXIMUM         47     77    2011  56     -9       51
  MINIMUM         35     25    1990  37     -2       45
                               1987
  AVERAGE         41

PRECIPITATION (IN)
  YESTERDAY        0.68   1.99 1993   0.19   0.49     0.55
  MONTH TO DATE    3.76               4.15  -0.39    10.77
  SINCE OCT 1      9.43              17.00  -7.57    29.50
  SINCE JAN 1      3.76               4.15  -0.39    10.77

SNOWFALL (IN)
  YESTERDAY        0.0   MM      MM  MM              MM
  MONTH TO DATE    0.0               MM               3.0
  SINCE DEC 1      0.0               MM               3.0
  SINCE JUL 1      0.0               MM               3.0

DEGREE DAYS
 HEATING
  YESTERDAY       24

 COOLING
  YESTERDAY        0
...........................................................


WIND (MPH)
  RESULTANT WIND SPEED   1   RESULTANT WIND DIRECTION   N (0)
  HIGHEST WIND SPEED    14   HIGHEST WIND DIRECTION     N (360)
  HIGHEST GUST SPEED    18   HIGHEST GUST DIRECTION     N (360)


SKY COVER
  POSSIBLE SUNSHINE  MM
  AVERAGE SKY COVER 0.7


WEATHER CONDITIONS
 THE FOLLOWING WEATHER WAS RECORDED YESTERDAY.
  RAIN
  LIGHT RAIN
  FOG


RELATIVE HUMIDITY (PERCENT)
 HIGHEST   100
 LOWEST     65
 AVERAGE    83

..........................................................


THE REDDING AIRPORT CA CLIMATE NORMALS FOR TODAY
                         NORMAL    RECORD    YEAR
 MAXIMUM TEMPERATURE (F)   56        77      2014
 MINIMUM TEMPERATURE (F)   37        25      2002


SUNRISE AND SUNSET
JANUARY 22 2018.......SUNRISE   727 AM PST   SUNSET   515 PM PST
JANUARY 23 2018.......SUNRISE   726 AM PST   SUNSET   517 PM PST


-  INDICATES NEGATIVE NUMBERS.
R  INDICATES RECORD WAS SET OR TIED.
MM INDICATES DATA IS MISSING.
T  INDICATES TRACE AMOUNT.

&&
....................................................................

REDDING CITY CLIMATE DATA FOR JANUARY 21

CLIMATE RECORD PERIOD 1897-1986

RECORD HIGH..............     78 IN 1968
RECORD LOW...............     20 IN 1962
RECORD RAINFALL..........   3.13 IN 1970

$$
