685
CDUS46 KSTO 230840 RRA
CLIRDD

CLIMATE REPORT
NATIONAL WEATHER SERVICE SACRAMENTO, CA
140 AM PDT MON OCT 23 2017


...................................

...THE REDDING AIRPORT CA CLIMATE SUMMARY FOR OCTOBER 22 2017...

CLIMATE NORMAL PERIOD 1981 TO 2010
CLIMATE RECORD PERIOD 1986 TO 2017


WEATHER ITEM   OBSERVED RECORD YEAR NORMAL DEPARTURE LAST
                VALUE   VALUE       VALUE  FROM      YEAR
                                           NORMAL
...........................................................
TEMPERATURE (F)
 YESTERDAY
  MAXIMUM         78     92    1988  75      3       75
  MINIMUM         42     41    1999  48     -6       49
                               1996
  AVERAGE         60

PRECIPITATION (IN)
  YESTERDAY        0.00   1.47 2012   0.08  -0.08     0.00
  MONTH TO DATE    0.33               1.21  -0.88     3.23
  SINCE OCT 1      0.33               1.21  -0.88     3.23
  SINCE JAN 1     29.34              22.98   6.36    33.86

SNOWFALL (IN)
  YESTERDAY        0.0    0.0  2002  MM               0.0
                               2001
  MONTH TO DATE    0.0               MM               0.0
  SINCE SEP 1      0.0               MM               0.0
  SINCE JUL 1      0.0               MM               0.0

DEGREE DAYS
 HEATING
  YESTERDAY        5

 COOLING
  YESTERDAY        0
...........................................................


WIND (MPH)
  RESULTANT WIND SPEED   2   RESULTANT WIND DIRECTION   N (340)
  HIGHEST WIND SPEED    10   HIGHEST WIND DIRECTION     N (350)
  HIGHEST GUST SPEED    13   HIGHEST GUST DIRECTION     N (360)


SKY COVER
  POSSIBLE SUNSHINE  MM
  AVERAGE SKY COVER 0.0


WEATHER CONDITIONS
 THE FOLLOWING WEATHER WAS RECORDED YESTERDAY.
  NO SIGNIFICANT WEATHER WAS OBSERVED.


RELATIVE HUMIDITY (PERCENT)
 HIGHEST   100
 LOWEST     33
 AVERAGE    67

..........................................................


THE REDDING AIRPORT CA CLIMATE NORMALS FOR TODAY
                         NORMAL    RECORD    YEAR
 MAXIMUM TEMPERATURE (F)   74        88      1988
 MINIMUM TEMPERATURE (F)   47        37      1991


SUNRISE AND SUNSET
OCTOBER 23 2017.......SUNRISE   729 AM PDT   SUNSET   617 PM PDT
OCTOBER 24 2017.......SUNRISE   730 AM PDT   SUNSET   616 PM PDT


-  INDICATES NEGATIVE NUMBERS.
R  INDICATES RECORD WAS SET OR TIED.
MM INDICATES DATA IS MISSING.
T  INDICATES TRACE AMOUNT.

&&
....................................................................

REDDING CITY CLIMATE DATA FOR OCTOBER 22

CLIMATE RECORD PERIOD 1897-1986

RECORD HIGH..............     95 IN 1964
RECORD LOW...............     38 IN 1949
RECORD RAINFALL..........   2.32 IN 1931

$$
