000
CDUS46 KSTO 010834 RRA
CLIRDD

CLIMATE REPORT
NATIONAL WEATHER SERVICE SACRAMENTO, CA
133 AM PDT SAT AUG 1 2015


...................................

...THE REDDING AIRPORT CA CLIMATE SUMMARY FOR JULY 31 2015...

CLIMATE NORMAL PERIOD 1981 TO 2010
CLIMATE RECORD PERIOD 1986 TO 2015


WEATHER ITEM   OBSERVED RECORD YEAR NORMAL DEPARTURE LAST
                VALUE   VALUE       VALUE  FROM      YEAR
                                           NORMAL
...........................................................
TEMPERATURE (F)
 YESTERDAY
  MAXIMUM        104    110    2000  99      5      108
  MINIMUM         73     57    1992  65      8       72
  AVERAGE         89

PRECIPITATION (IN)
  YESTERDAY        0.00   0.00 2014   0.00   0.00     0.00
                               2013
                               2012
  MONTH TO DATE    0.04               0.09  -0.05     0.09
  SINCE OCT 1     23.08              33.80 -10.72    16.47
  SINCE JAN 1      6.83              20.95 -14.12    14.36

SNOWFALL (IN)
  YESTERDAY        0.0   MM      MM  MM               0.0
  MONTH TO DATE    0.0               MM               0.0
  SINCE JUN 1      0.0               MM               0.0
  SINCE JUL 1      0.0               MM               0.0

DEGREE DAYS
 HEATING
  YESTERDAY        0

 COOLING
  YESTERDAY       24
...........................................................


WIND (MPH)
  RESULTANT WIND SPEED   1   RESULTANT WIND DIRECTION   S (160)
  HIGHEST WIND SPEED    29   HIGHEST WIND DIRECTION    SE (150)
  HIGHEST GUST SPEED    33   HIGHEST GUST DIRECTION    SE (150)


SKY COVER
  POSSIBLE SUNSHINE  MM
  AVERAGE SKY COVER 0.0


WEATHER CONDITIONS
 THE FOLLOWING WEATHER WAS RECORDED YESTERDAY.
  NO SIGNIFICANT WEATHER WAS OBSERVED.


RELATIVE HUMIDITY (PERCENT)
 HIGHEST    46
 LOWEST     14
 AVERAGE    30

..........................................................


THE REDDING AIRPORT CA CLIMATE NORMALS FOR TODAY
                         NORMAL    RECORD    YEAR
 MAXIMUM TEMPERATURE (F)   99       113      1993
 MINIMUM TEMPERATURE (F)   65        54      1989


SUNRISE AND SUNSET
AUGUST  1 2015........SUNRISE   606 AM PDT   SUNSET   824 PM PDT
AUGUST  2 2015........SUNRISE   607 AM PDT   SUNSET   823 PM PDT


-  INDICATES NEGATIVE NUMBERS.
R  INDICATES RECORD WAS SET OR TIED.
MM INDICATES DATA IS MISSING.
T  INDICATES TRACE AMOUNT.

&&
....................................................................

REDDING CITY CLIMATE DATA FOR JULY 31

CLIMATE RECORD PERIOD 1897-1986

RECORD HIGH..............    113 IN 1977
RECORD LOW...............     56 IN 1981

RECORD RAINFALL..........   0.02 IN 1952

$$
