000
CDUS46 KSTO 290036
CLIRDD

CLIMATE REPORT
NATIONAL WEATHER SERVICE SACRAMENTO, CA
435 PM PST FRI NOV 28 2014


...................................

...THE REDDING AIRPORT CA CLIMATE SUMMARY FOR NOVEMBER 28 2014...
VALID TODAY AS OF 0400 PM LOCAL TIME.

CLIMATE NORMAL PERIOD 1981 TO 2010
CLIMATE RECORD PERIOD 1986 TO 2014


WEATHER ITEM   OBSERVED RECORD YEAR NORMAL DEPARTURE LAST
                VALUE   VALUE       VALUE  FROM      YEAR
                                           NORMAL
...........................................................
TEMPERATURE (F)
 TODAY
  MAXIMUM         52     73    2013  58     -6       73
  MINIMUM         42     26    2010  38      4       35
  AVERAGE         47

PRECIPITATION (IN)
  TODAY            0.04   1.62 2005   0.18  -0.14     0.00
  MONTH TO DATE    2.59               4.06  -1.47     1.72
  SINCE JUL 1      8.18               7.07   1.11     3.12
  SINCE JAN 1     22.45              27.93  -5.48    12.42

SNOWFALL (IN)
  TODAY           MM     MM      MM  MM               0.0
  MONTH TO DATE    0.0               MM               0.0
  SINCE SEP 1      0.0               MM               0.0
  SINCE JUL 1      0.0               MM               0.0

DEGREE DAYS
 HEATING
  TODAY           18

 COOLING
  TODAY            0
...........................................................


WIND (MPH)
  RESULTANT WIND SPEED   0   RESULTANT WIND DIRECTION   N (340)
  HIGHEST WIND SPEED     8   HIGHEST WIND DIRECTION    NW (300)
  HIGHEST GUST SPEED    10   HIGHEST GUST DIRECTION    SE (120)


SKY COVER
  POSSIBLE SUNSHINE  MM
  AVERAGE SKY COVER 0.6


WEATHER CONDITIONS
 THE FOLLOWING WEATHER WAS RECORDED TODAY.
  LIGHT RAIN
  FOG


RELATIVE HUMIDITY (PERCENT)
 HIGHEST   100
 LOWEST     89
 AVERAGE    95

..........................................................


THE REDDING AIRPORT CA CLIMATE NORMALS FOR TOMORROW
                         NORMAL    RECORD    YEAR
 MAXIMUM TEMPERATURE (F)   58        77      2008
 MINIMUM TEMPERATURE (F)   38        27      2010
                                             1989


SUNRISE AND SUNSET
NOVEMBER 28 2014......SUNRISE   710 AM PST   SUNSET   444 PM PST
NOVEMBER 29 2014......SUNRISE   711 AM PST   SUNSET   444 PM PST


-  INDICATES NEGATIVE NUMBERS.
R  INDICATES RECORD WAS SET OR TIED.
MM INDICATES DATA IS MISSING.
T  INDICATES TRACE AMOUNT.






&&
....................................................................

REDDING CITY CLIMATE DATA FOR NOVEMBER 28

CLIMATE RECORD PERIOD 1897-1986

RECORD HIGH..............     78 IN 1924
RECORD LOW...............     26 IN 1952

RECORD RAINFALL..........   3.40 IN 1970

$$

NNNN
