000
CDUS46 KSTO 280911 CCA
CLIRDD

CLIMATE REPORT
NATIONAL WEATHER SERVICE SACRAMENTO, CA
210 AM PDT WED JUN 28 2017


...................................

...THE REDDING AIRPORT CA CLIMATE SUMMARY FOR JUNE 27 2017...

CLIMATE NORMAL PERIOD 1981 TO 2010
CLIMATE RECORD PERIOD 1986 TO 2017


WEATHER ITEM   OBSERVED RECORD YEAR NORMAL DEPARTURE LAST
                VALUE   VALUE       VALUE  FROM      YEAR
                                           NORMAL
...........................................................
TEMPERATURE (F)
 YESTERDAY
  MAXIMUM         96    109    2003  94      2      106
  MINIMUM         62     52    2012  64     -2       66
  AVERAGE         79

PRECIPITATION (IN)
  YESTERDAY        0.00   0.40 2001   0.00   0.00     0.00
  MONTH TO DATE    0.59               0.67  -0.08     2.46
  SINCE OCT 1     47.03              33.69  13.34    40.49
  SINCE JAN 1     28.30              20.84   7.46    30.63

SNOWFALL (IN)
  YESTERDAY        0.0   MM      MM  MM               0.0
  MONTH TO DATE    0.0               MM               0.0
  SINCE JUN 1      0.0               MM               0.0
  SINCE JUL 1      3.0               MM               0.0

DEGREE DAYS
 HEATING
  YESTERDAY        0

 COOLING
  YESTERDAY       14
...........................................................


WIND (MPH)
  RESULTANT WIND SPEED   4   RESULTANT WIND DIRECTION   S (160)
  HIGHEST WIND SPEED    17   HIGHEST WIND DIRECTION     S (170)
  HIGHEST GUST SPEED    24   HIGHEST GUST DIRECTION    SE (150)


SKY COVER
  POSSIBLE SUNSHINE  MM
  AVERAGE SKY COVER 0.0


WEATHER CONDITIONS
 THE FOLLOWING WEATHER WAS RECORDED YESTERDAY.
  NO SIGNIFICANT WEATHER WAS OBSERVED.


RELATIVE HUMIDITY (PERCENT)
 HIGHEST    72
 LOWEST     16
 AVERAGE    44

..........................................................


THE REDDING AIRPORT CA CLIMATE NORMALS FOR TODAY
                         NORMAL    RECORD    YEAR
 MAXIMUM TEMPERATURE (F)   94       108      2013
                                             2009
 MINIMUM TEMPERATURE (F)   65        53      1996


SUNRISE AND SUNSET
JUNE 28 2017..........SUNRISE   541 AM PDT   SUNSET   844 PM PDT
JUNE 29 2017..........SUNRISE   542 AM PDT   SUNSET   844 PM PDT


-  INDICATES NEGATIVE NUMBERS.
R  INDICATES RECORD WAS SET OR TIED.
MM INDICATES DATA IS MISSING.
T  INDICATES TRACE AMOUNT.

&&
....................................................................

REDDING CITY CLIMATE DATA FOR JUNE 27

CLIMATE RECORD PERIOD 1897-1986

RECORD HIGH..............    111 IN 1918
RECORD LOW...............     48 IN 1983

RECORD RAINFALL..........   0.22 IN 1952

$$
