000
CDUS46 KSTO 250835
CLIRDD

CLIMATE REPORT
NATIONAL WEATHER SERVICE SACRAMENTO, CA
134 AM PDT WED MAY 25 2016


...................................

...THE REDDING AIRPORT CA CLIMATE SUMMARY FOR MAY 24 2016...

CLIMATE NORMAL PERIOD 1981 TO 2010
CLIMATE RECORD PERIOD 1986 TO 2016


WEATHER ITEM   OBSERVED RECORD YEAR NORMAL DEPARTURE LAST
                VALUE   VALUE       VALUE  FROM      YEAR
                                           NORMAL
...........................................................
TEMPERATURE (F)
 YESTERDAY
  MAXIMUM         80    100    1994  84     -4       92
  MINIMUM         57     40    1990  56      1       58
  AVERAGE         69

PRECIPITATION (IN)
  YESTERDAY        0.06   0.54 1998   0.06   0.00     0.00
                               1993
  MONTH TO DATE    0.97               1.45  -0.48     0.34
  SINCE OCT 1     38.03              32.62   5.41    22.47
  SINCE JAN 1     28.17              19.77   8.40     6.22

SNOWFALL (IN)
  YESTERDAY        0.0   MM      MM  MM               0.0
  MONTH TO DATE    0.0               MM               0.0
  SINCE MAR 1      0.0               MM               0.0
  SINCE JUL 1      0.0               MM               0.0

DEGREE DAYS
 HEATING
  YESTERDAY        0

 COOLING
  YESTERDAY        4
...........................................................


WIND (MPH)
  RESULTANT WIND SPEED   1   RESULTANT WIND DIRECTION   W (260)
  HIGHEST WIND SPEED    18   HIGHEST WIND DIRECTION    NE (60)
  HIGHEST GUST SPEED    26   HIGHEST GUST DIRECTION    SE (130)


SKY COVER
  POSSIBLE SUNSHINE  MM
  AVERAGE SKY COVER 0.3


WEATHER CONDITIONS
 THE FOLLOWING WEATHER WAS RECORDED YESTERDAY.
  THUNDERSTORM
  HEAVY RAIN
  LIGHT RAIN


RELATIVE HUMIDITY (PERCENT)
 HIGHEST    87
 LOWEST     33
 AVERAGE    60

..........................................................


THE REDDING AIRPORT CA CLIMATE NORMALS FOR TODAY
                         NORMAL    RECORD    YEAR
 MAXIMUM TEMPERATURE (F)   84        98      2014
 MINIMUM TEMPERATURE (F)   56        45      1989


SUNRISE AND SUNSET
MAY 25 2016...........SUNRISE   544 AM PDT   SUNSET   829 PM PDT
MAY 26 2016...........SUNRISE   544 AM PDT   SUNSET   829 PM PDT


-  INDICATES NEGATIVE NUMBERS.
R  INDICATES RECORD WAS SET OR TIED.
MM INDICATES DATA IS MISSING.
T  INDICATES TRACE AMOUNT.

&&
....................................................................

REDDING CITY CLIMATE DATA FOR MAY 24

CLIMATE RECORD PERIOD 1897-1986

RECORD HIGH..............    102 IN 1982
RECORD LOW...............     37 IN 1980

RECORD RAINFALL..........   2.62 IN 1960

$$
