000
CDUS41 KPHI 010629
CLIRDG


CLIMATE REPORT
NATIONAL WEATHER SERVICE MOUNT HOLLY NJ
229 AM EDT SUN MAY 1 2016


...................................

...THE READING PA CLIMATE SUMMARY FOR APRIL 30 2016...

CLIMATE NORMAL PERIOD 1981 TO 2010
CLIMATE RECORD PERIOD 1869 TO 2016


WEATHER ITEM   OBSERVED TIME   RECORD YEAR NORMAL DEPARTURE LAST
                VALUE   (LST)  VALUE       VALUE  FROM      YEAR
                                                  NORMAL
..................................................................
TEMPERATURE (F)
 YESTERDAY
  MAXIMUM         59    307 PM  90    1942  68     -9       70
  MINIMUM         45    558 AM  28    1977  45      0       46
  AVERAGE         52                        56     -4       58

PRECIPITATION (IN)
  YESTERDAY        T             3.00 2014   0.11  -0.11     0.00
  MONTH TO DATE    1.77                      3.77  -2.00     1.69
  SINCE MAR 1      2.81                      7.25  -4.44     6.51
  SINCE JAN 1      9.62                     12.78  -3.16    10.25

SNOWFALL (IN)
  YESTERDAY       MM            MM      MM  MM     MM       MM
  MONTH TO DATE   MM                        MM     MM       MM
  SINCE MAR 1     MM                        MM     MM       MM
  SINCE JUL 1     MM                        MM     MM       MM
  SNOW DEPTH      MM

DEGREE DAYS
 HEATING
  YESTERDAY       13                         9      4        7
  MONTH TO DATE  422                       411     11      369
  SINCE MAR 1    955                      1156   -201     1289
  SINCE JUL 1   4302                      5198   -896     5594

 COOLING
  YESTERDAY        0                         1     -1        0
  MONTH TO DATE   10                         9      1        0
  SINCE MAR 1     13                         9      4        0
  SINCE JAN 1     13                         9      4        0
..................................................................


WIND (MPH)
  HIGHEST WIND SPEED    13   HIGHEST WIND DIRECTION     S (160)
  HIGHEST GUST SPEED    15   HIGHEST GUST DIRECTION     S (160)
  AVERAGE WIND SPEED     3.9


SKY COVER
  POSSIBLE SUNSHINE  MM
  AVERAGE SKY COVER 1.0


WEATHER CONDITIONS
 THE FOLLOWING WEATHER WAS RECORDED YESTERDAY.
  LIGHT RAIN


RELATIVE HUMIDITY (PERCENT)
 HIGHEST    83           100 AM
 LOWEST     51           100 PM
 AVERAGE    67

..........................................................


THE READING PA CLIMATE NORMALS FOR TODAY
                         NORMAL    RECORD    YEAR
 MAXIMUM TEMPERATURE (F)   68        91      1942
 MINIMUM TEMPERATURE (F)   45        26      1978


SUNRISE AND SUNSET
MAY  1 2016...........SUNRISE   603 AM EDT   SUNSET   800 PM EDT
MAY  2 2016...........SUNRISE   601 AM EDT   SUNSET   801 PM EDT


-  INDICATES NEGATIVE NUMBERS.
R  INDICATES RECORD WAS SET OR TIED.
MM INDICATES DATA IS MISSING.
T  INDICATES TRACE AMOUNT.




$$
