000
CDUS41 KPHI 230628
CLIRDG


CLIMATE REPORT
NATIONAL WEATHER SERVICE MOUNT HOLLY NJ
228 AM EDT WED APR 23 2014


...................................

...THE READING PA CLIMATE SUMMARY FOR APRIL 22 2014...

CLIMATE NORMAL PERIOD 1981 TO 2010
CLIMATE RECORD PERIOD 1869 TO 2014


WEATHER ITEM   OBSERVED TIME   RECORD YEAR NORMAL DEPARTURE LAST
                VALUE   (LST)  VALUE       VALUE  FROM      YEAR
                                                  NORMAL
..................................................................
TEMPERATURE (F)
 YESTERDAY
  MAXIMUM         68   1144 AM  91    1985  65      3       56
  MINIMUM         50    453 AM  26    1982  43      7       35
                                      1975
  AVERAGE         59                        54      5       46

PRECIPITATION (IN)
  YESTERDAY        0.09          1.83 2006   0.13  -0.04     0.00
  MONTH TO DATE    2.39                      2.87  -0.48     2.23
  SINCE MAR 1      4.56                      6.35  -1.79     4.33
  SINCE JAN 1     11.24                     11.88  -0.64     9.27

SNOWFALL (IN)
  YESTERDAY       MM            MM      MM  MM     MM       MM
  MONTH TO DATE   MM                        MM     MM       MM
  SINCE MAR 1     MM                        MM     MM       MM
  SINCE JUL 1     MM                        MM     MM       MM
  SNOW DEPTH      MM

DEGREE DAYS
 HEATING
  YESTERDAY        6                        12     -6       19
  MONTH TO DATE  306                       329    -23      277
  SINCE MAR 1   1223                      1072    151     1053
  SINCE JUL 1   5533                      5114    419     4764

 COOLING
  YESTERDAY        0                         0      0        0
  MONTH TO DATE    9                         0      9       15
  SINCE MAR 1      9                         0      9       15
  SINCE JAN 1      9                         0      9       15
..................................................................


WIND (MPH)
  HIGHEST WIND SPEED    20   HIGHEST WIND DIRECTION     W (280)
  HIGHEST GUST SPEED    28   HIGHEST GUST DIRECTION     W (290)
  AVERAGE WIND SPEED     5.8


SKY COVER
  POSSIBLE SUNSHINE  MM
  AVERAGE SKY COVER 0.3


WEATHER CONDITIONS
 THE FOLLOWING WEATHER WAS RECORDED YESTERDAY.
  THUNDERSTORM
  RAIN
  LIGHT RAIN


RELATIVE HUMIDITY (PERCENT)
 HIGHEST    78           200 PM
 LOWEST     38          1200 AM
 AVERAGE    58

..........................................................


THE READING PA CLIMATE NORMALS FOR TODAY
                         NORMAL    RECORD    YEAR
 MAXIMUM TEMPERATURE (F)   65        91      1960
 MINIMUM TEMPERATURE (F)   43        26      1982


SUNRISE AND SUNSET
APRIL 23 2014.........SUNRISE   614 AM EDT   SUNSET   751 PM EDT
APRIL 24 2014.........SUNRISE   612 AM EDT   SUNSET   752 PM EDT


-  INDICATES NEGATIVE NUMBERS.
R  INDICATES RECORD WAS SET OR TIED.
MM INDICATES DATA IS MISSING.
T  INDICATES TRACE AMOUNT.




$$
