000
CDUS41 KPHI 162136
CLIRDG


CLIMATE REPORT
NATIONAL WEATHER SERVICE MOUNT HOLLY NJ
535 PM EDT WED AUG 16 2017


...................................

...THE READING PA CLIMATE SUMMARY FOR AUGUST 16 2017...
VALID TODAY AS OF 0500 PM LOCAL TIME.

CLIMATE NORMAL PERIOD 1981 TO 2010
CLIMATE RECORD PERIOD 1869 TO 2017


WEATHER ITEM   OBSERVED TIME   RECORD YEAR NORMAL DEPARTURE LAST
                VALUE   (LST)  VALUE       VALUE  FROM      YEAR
                                                  NORMAL
..................................................................
TEMPERATURE (F)
 TODAY
  MAXIMUM         87    333 PM  97    1997  84      3       91
  MINIMUM         67    649 AM  51    1994  63      4       73
  AVERAGE         77                        73      4       82

PRECIPITATION (IN)
  TODAY            0.00          1.77 1920   0.12  -0.12     0.16
  MONTH TO DATE    2.80                      1.85   0.95     2.92
  SINCE JUN 1     16.52                     10.15   6.37     8.71
  SINCE JAN 1     29.94                     27.17   2.77    22.71

DEGREE DAYS
 HEATING
  TODAY            0                         0      0        0
  MONTH TO DATE    0                         0      0        0
  SINCE JUN 1     16                        25     -9        9
  SINCE JUL 1      0                         1     -1        0

 COOLING
  TODAY           12                         8      4       17
  MONTH TO DATE  125                       142    -17      228
  SINCE JUN 1    722                       634     88      883
  SINCE JAN 1    797                       694    103      977
..................................................................


WIND (MPH)
  HIGHEST WIND SPEED    13   HIGHEST WIND DIRECTION    NW (310)
  HIGHEST GUST SPEED    17   HIGHEST GUST DIRECTION     W (290)
  AVERAGE WIND SPEED     3.0


SKY COVER
  POSSIBLE SUNSHINE  MM
  AVERAGE SKY COVER 0.7


WEATHER CONDITIONS
 THE FOLLOWING WEATHER WAS RECORDED TODAY.
  FOG
  FOG W/VISIBILITY <= 1/4 MILE


RELATIVE HUMIDITY (PERCENT)
 HIGHEST   100          1200 AM
 LOWEST     45           400 PM
 AVERAGE    73

..........................................................


THE READING PA CLIMATE NORMALS FOR TOMORROW
                         NORMAL    RECORD    YEAR
 MAXIMUM TEMPERATURE (F)   84        95      2002
 MINIMUM TEMPERATURE (F)   63        43      1979


SUNRISE AND SUNSET
AUGUST 16 2017........SUNRISE   616 AM EDT   SUNSET   759 PM EDT
AUGUST 17 2017........SUNRISE   617 AM EDT   SUNSET   758 PM EDT


-  INDICATES NEGATIVE NUMBERS.
R  INDICATES RECORD WAS SET OR TIED.
MM INDICATES DATA IS MISSING.
T  INDICATES TRACE AMOUNT.




$$
