000
CDUS41 KPHI 200630
CLIRDG


CLIMATE REPORT
NATIONAL WEATHER SERVICE MOUNT HOLLY NJ
228 AM EDT SAT SEP 20 2014


...................................

...THE READING PA CLIMATE SUMMARY FOR SEPTEMBER 19 2014...

CLIMATE NORMAL PERIOD 1981 TO 2010
CLIMATE RECORD PERIOD 1869 TO 2014


WEATHER ITEM   OBSERVED TIME   RECORD YEAR NORMAL DEPARTURE LAST
                VALUE   (LST)  VALUE       VALUE  FROM      YEAR
                                                  NORMAL
..................................................................
TEMPERATURE (F)
 YESTERDAY
  MAXIMUM         72    223 PM  95    1983  74     -2       77
  MINIMUM         51    602 AM  39    1943  54     -3       45
  AVERAGE         62                        64     -2       61

PRECIPITATION (IN)
  YESTERDAY        0.00          2.23 2000   0.16  -0.16     0.00
  MONTH TO DATE    1.25                      2.50  -1.25     0.77
  SINCE SEP 1      1.25                      2.50  -1.25     0.77
  SINCE JAN 1     31.68                     31.46   0.22    29.91

SNOWFALL (IN)
  YESTERDAY       MM            MM      MM  MM     MM       MM
  MONTH TO DATE   MM                        MM     MM       MM
  SINCE SEP 1     MM                        MM     MM       MM
  SINCE JUL 1     MM                        MM     MM       MM
  SNOW DEPTH      MM

DEGREE DAYS
 HEATING
  YESTERDAY        3                         3      0        4
  MONTH TO DATE   30                        21      9       48
  SINCE SEP 1     30                        21      9       48
  SINCE JUL 1     31                        26      5       48

 COOLING
  YESTERDAY        0                         2     -2        0
  MONTH TO DATE  102                        71     31       95
  SINCE SEP 1    102                        71     31       95
  SINCE JAN 1    923                       874     49     1079
..................................................................


WIND (MPH)
  HIGHEST WIND SPEED    14   HIGHEST WIND DIRECTION    SE (130)
  HIGHEST GUST SPEED    18   HIGHEST GUST DIRECTION    SE (140)
  AVERAGE WIND SPEED     6.2


SKY COVER
  POSSIBLE SUNSHINE  MM
  AVERAGE SKY COVER 0.2


WEATHER CONDITIONS
 THE FOLLOWING WEATHER WAS RECORDED YESTERDAY.
  NO SIGNIFICANT WEATHER WAS OBSERVED.


RELATIVE HUMIDITY (PERCENT)
 HIGHEST    83           300 AM
 LOWEST     51           200 PM
 AVERAGE    67

..........................................................


THE READING PA CLIMATE NORMALS FOR TODAY
                         NORMAL    RECORD    YEAR
 MAXIMUM TEMPERATURE (F)   74        93      1983
 MINIMUM TEMPERATURE (F)   53        38      1993
                                             1979


SUNRISE AND SUNSET
SEPTEMBER 20 2014.....SUNRISE   649 AM EDT   SUNSET   704 PM EDT
SEPTEMBER 21 2014.....SUNRISE   650 AM EDT   SUNSET   703 PM EDT


-  INDICATES NEGATIVE NUMBERS.
R  INDICATES RECORD WAS SET OR TIED.
MM INDICATES DATA IS MISSING.
T  INDICATES TRACE AMOUNT.




$$
