000
CDUS46 KPDT 250838
CLIRDM

CLIMATE REPORT
NATIONAL WEATHER SERVICE PENDLETON OR
136 AM PDT SUN JUN 25 2017


...................................

...THE REDMOND OR CLIMATE SUMMARY FOR JUNE 24 2017...

CLIMATE NORMAL PERIOD 1981 TO 2010
CLIMATE RECORD PERIOD 1949 TO 2017


WEATHER ITEM   OBSERVED TIME   RECORD YEAR NORMAL DEPARTURE LAST
                VALUE   (LST)  VALUE       VALUE  FROM      YEAR
                                                  NORMAL
..................................................................
TEMPERATURE (F)
 YESTERDAY
  MAXIMUM         92    431 PM  97    1992  79     13       69
  MINIMUM         37    417 AM  28    1985  42     -5       41
  AVERAGE         65                        61      4       55

PRECIPITATION (IN)
  YESTERDAY        0.00          0.49 1958   0.02  -0.02     0.00
  MONTH TO DATE    0.36                      0.55  -0.19     0.65
  SINCE OCT 1      8.50                      7.35   1.15     8.40
  SINCE JAN 1      4.75                      4.59   0.16     4.83

DEGREE DAYS
 HEATING
  YESTERDAY        0                         5     -5       10
  MONTH TO DATE  158                       189    -31      171
  SINCE JUN 1    158                       189    -31      171
  SINCE JUL 1   6708                      6685     23     5786

 COOLING
  YESTERDAY        0                         1     -1        0
  MONTH TO DATE   19                        14      5       44
  SINCE JUN 1     19                        14      5       44
  SINCE JAN 1     29                        19     10       47
..................................................................


WIND (MPH)
  RESULTANT WIND SPEED   4   RESULTANT WIND DIRECTION  NW (330)
  HIGHEST WIND SPEED    18   HIGHEST WIND DIRECTION    NW (330)
  HIGHEST GUST SPEED    23   HIGHEST GUST DIRECTION     N (340)
  AVERAGE WIND SPEED     6.7


SKY COVER
  POSSIBLE SUNSHINE  MM
  AVERAGE SKY COVER 0.0


WEATHER CONDITIONS
 THE FOLLOWING WEATHER WAS RECORDED YESTERDAY.
  NO SIGNIFICANT WEATHER WAS OBSERVED.


RELATIVE HUMIDITY (PERCENT)
 HIGHEST    64           400 AM
 LOWEST      8           400 PM
 AVERAGE    36

..........................................................


THE REDMOND OR CLIMATE NORMALS FOR TODAY
                         NORMAL    RECORD    YEAR
 MAXIMUM TEMPERATURE (F)   79       101      1968
 MINIMUM TEMPERATURE (F)   43        26      2001


SUNRISE AND SUNSET
JUNE 25 2017..........SUNRISE   522 AM PDT   SUNSET   853 PM PDT
JUNE 26 2017..........SUNRISE   522 AM PDT   SUNSET   853 PM PDT


-  INDICATES NEGATIVE NUMBERS.
R  INDICATES RECORD WAS SET OR TIED.
MM INDICATES DATA IS MISSING.
T  INDICATES TRACE AMOUNT.




$$
