000
CDUS46 KPDT 280827
CLIRDM

CLIMATE REPORT
NATIONAL WEATHER SERVICE PENDLETON OR
126 AM PDT WED SEP 28 2016


...................................

...THE REDMOND OR CLIMATE SUMMARY FOR SEPTEMBER 27 2016...

CLIMATE NORMAL PERIOD 1981 TO 2010
CLIMATE RECORD PERIOD 1949 TO 2016


WEATHER ITEM   OBSERVED TIME   RECORD YEAR NORMAL DEPARTURE LAST
                VALUE   (LST)  VALUE       VALUE  FROM      YEAR
                                                  NORMAL
..................................................................
TEMPERATURE (F)
 YESTERDAY
  MAXIMUM         83    403 PM  97    1963  72     11       66
  MINIMUM         40    537 AM  25    1999  35      5       26
  AVERAGE         62                        54      8       46

PRECIPITATION (IN)
  YESTERDAY        0.00          0.46 1957   0.02  -0.02     0.00
  MONTH TO DATE    0.04                      0.37  -0.33     0.07
  SINCE OCT 1      9.10                      8.86   0.24     8.84
  SINCE JAN 1      5.53                      6.10  -0.57     4.56

DEGREE DAYS
 HEATING
  YESTERDAY        3                        11     -8       19
  MONTH TO DATE  250                       214     36      251
  SINCE SEP 1    250                       214     36      251
  SINCE JUL 1    339                       363    -24      342

 COOLING
  YESTERDAY        0                         0      0        0
  MONTH TO DATE    1                        14    -13        8
  SINCE SEP 1      1                        14    -13        8
  SINCE JAN 1    240                       220     20      363
..................................................................


WIND (MPH)
  RESULTANT WIND SPEED   1   RESULTANT WIND DIRECTION   N (350)
  HIGHEST WIND SPEED    14   HIGHEST WIND DIRECTION     N (340)
  HIGHEST GUST SPEED    17   HIGHEST GUST DIRECTION     N (340)
  AVERAGE WIND SPEED     5.8


SKY COVER
  POSSIBLE SUNSHINE  MM
  AVERAGE SKY COVER 0.0


WEATHER CONDITIONS
 THE FOLLOWING WEATHER WAS RECORDED YESTERDAY.
  NO SIGNIFICANT WEATHER WAS OBSERVED.


RELATIVE HUMIDITY (PERCENT)
 HIGHEST    70           500 AM
 LOWEST     21           200 PM
 AVERAGE    46

..........................................................


THE REDMOND OR CLIMATE NORMALS FOR TODAY
                         NORMAL    RECORD    YEAR
 MAXIMUM TEMPERATURE (F)   72        93      1967
 MINIMUM TEMPERATURE (F)   35        22      1999


SUNRISE AND SUNSET
SEPTEMBER 28 2016.....SUNRISE   659 AM PDT   SUNSET   650 PM PDT
SEPTEMBER 29 2016.....SUNRISE   701 AM PDT   SUNSET   648 PM PDT


-  INDICATES NEGATIVE NUMBERS.
R  INDICATES RECORD WAS SET OR TIED.
MM INDICATES DATA IS MISSING.
T  INDICATES TRACE AMOUNT.




$$
