000
CDUS46 KPDT 110037
CLIRDM

CLIMATE REPORT
NATIONAL WEATHER SERVICE PENDLETON OR
525 PM PDT THU JUL 10 2014


...................................

...THE REDMOND OR CLIMATE SUMMARY FOR JULY 10 2014...
VALID TODAY AS OF 0500 PM LOCAL TIME.

CLIMATE NORMAL PERIOD 1981 TO 2010
CLIMATE RECORD PERIOD 1949 TO 2014


WEATHER ITEM   OBSERVED TIME   RECORD YEAR NORMAL DEPARTURE LAST
                VALUE   (LST)  VALUE       VALUE  FROM      YEAR
                                                  NORMAL
..................................................................
TEMPERATURE (F)
 TODAY
  MAXIMUM         96    342 PM 100    2002  85     11       93
  MINIMUM         49    443 AM  32    1971  46      3       54
  AVERAGE         73                        65      8       74

PRECIPITATION (IN)
  TODAY            0.00          0.10 1974   0.02  -0.02     0.00
  MONTH TO DATE    0.06                      0.18  -0.12     0.00
  SINCE OCT 1      4.52                      7.62  -3.10     5.83
  SINCE JAN 1      3.81                      4.86  -1.05     1.92

DEGREE DAYS
 HEATING
  TODAY            0                         3     -3        0
  MONTH TO DATE    0                        34    -34        8
  SINCE JUN 1    223                       251    -28      193
  SINCE JUL 1      0                        34    -34        8

 COOLING
  TODAY            8                         3      5        9
  MONTH TO DATE   67                        23     44       62
  SINCE JUN 1     68                        47     21      101
  SINCE JAN 1     68                        52     16      110
..................................................................


WIND (MPH)
  RESULTANT WIND SPEED   2   RESULTANT WIND DIRECTION  SE (120)
  HIGHEST WIND SPEED    18   HIGHEST WIND DIRECTION     N (360)
  HIGHEST GUST SPEED    23   HIGHEST GUST DIRECTION     N (350)
  AVERAGE WIND SPEED     5.2


SKY COVER
  POSSIBLE SUNSHINE  MM
  AVERAGE SKY COVER 0.0


WEATHER CONDITIONS
 THE FOLLOWING WEATHER WAS RECORDED TODAY.
  NO SIGNIFICANT WEATHER WAS OBSERVED.


RELATIVE HUMIDITY (PERCENT)
 HIGHEST    66           100 AM
 LOWEST      8           200 PM
 AVERAGE    37

..........................................................


THE REDMOND OR CLIMATE NORMALS FOR TOMORROW
                         NORMAL    RECORD    YEAR
 MAXIMUM TEMPERATURE (F)   85       103      2002
 MINIMUM TEMPERATURE (F)   46        33      1981


SUNRISE AND SUNSET
JULY 10 2014..........SUNRISE   531 AM PDT   SUNSET   849 PM PDT
JULY 11 2014..........SUNRISE   532 AM PDT   SUNSET   848 PM PDT


-  INDICATES NEGATIVE NUMBERS.
R  INDICATES RECORD WAS SET OR TIED.
MM INDICATES DATA IS MISSING.
T  INDICATES TRACE AMOUNT.




$$
