000
CDUS46 KPDT 160827
CLIRDM

CLIMATE REPORT
NATIONAL WEATHER SERVICE PENDLETON OR
126 AM PDT WED AUG 16 2017


...................................

...THE REDMOND OR CLIMATE SUMMARY FOR AUGUST 15 2017...

CLIMATE NORMAL PERIOD 1981 TO 2010
CLIMATE RECORD PERIOD 1949 TO 2017


WEATHER ITEM   OBSERVED TIME   RECORD YEAR NORMAL DEPARTURE LAST
                VALUE   (LST)  VALUE       VALUE  FROM      YEAR
                                                  NORMAL
..................................................................
TEMPERATURE (F)
 YESTERDAY
  MAXIMUM         84    317 PM 102    1967  85     -1       94
  MINIMUM         45    307 AM  36    2009  46     -1       42
                                      1968
  AVERAGE         65                        66     -1       68

PRECIPITATION (IN)
  YESTERDAY        0.00          0.44 1961   0.02  -0.02     0.00
  MONTH TO DATE    0.29                      0.24   0.05     0.02
  SINCE OCT 1      8.79                      8.23   0.56     9.06
  SINCE JAN 1      5.04                      5.47  -0.43     5.49

DEGREE DAYS
 HEATING
  YESTERDAY        0                         2     -2        0
  MONTH TO DATE   10                        27    -17       25
  SINCE JUN 1    181                       313   -132      251
  SINCE JUL 1     16                        96    -80       74

 COOLING
  YESTERDAY        0                         3     -3        3
  MONTH TO DATE  107                        51     56       39
  SINCE JUN 1    315                       172    143      179
  SINCE JAN 1    325                       177    148      182
..................................................................


WIND (MPH)
  RESULTANT WIND SPEED   3   RESULTANT WIND DIRECTION  NW (330)
  HIGHEST WIND SPEED    17   HIGHEST WIND DIRECTION     N (340)
  HIGHEST GUST SPEED    20   HIGHEST GUST DIRECTION     N (350)
  AVERAGE WIND SPEED     5.0


SKY COVER
  POSSIBLE SUNSHINE  MM
  AVERAGE SKY COVER 0.0


WEATHER CONDITIONS
 THE FOLLOWING WEATHER WAS RECORDED YESTERDAY.
  NO SIGNIFICANT WEATHER WAS OBSERVED.


RELATIVE HUMIDITY (PERCENT)
 HIGHEST    71           300 AM
 LOWEST      6           200 PM
 AVERAGE    39

..........................................................


THE REDMOND OR CLIMATE NORMALS FOR TODAY
                         NORMAL    RECORD    YEAR
 MAXIMUM TEMPERATURE (F)   85       106      2008
 MINIMUM TEMPERATURE (F)   45        35      1960


SUNRISE AND SUNSET
AUGUST 16 2017........SUNRISE   609 AM PDT   SUNSET   807 PM PDT
AUGUST 17 2017........SUNRISE   611 AM PDT   SUNSET   806 PM PDT


-  INDICATES NEGATIVE NUMBERS.
R  INDICATES RECORD WAS SET OR TIED.
MM INDICATES DATA IS MISSING.
T  INDICATES TRACE AMOUNT.




$$
