000
CDUS46 KPDT 110840 RRA
CLIRDM

CLIMATE REPORT
NATIONAL WEATHER SERVICE PENDLETON OR
1240 AM PST MON DEC 11 2017


...................................

...THE REDMOND OR CLIMATE SUMMARY FOR DECEMBER 10 2017...

CLIMATE NORMAL PERIOD 1981 TO 2010
CLIMATE RECORD PERIOD 1949 TO 2017


WEATHER ITEM   OBSERVED TIME   RECORD YEAR NORMAL DEPARTURE LAST
                VALUE   (LST)  VALUE       VALUE  FROM      YEAR
                                                  NORMAL
..................................................................
TEMPERATURE (F)
 YESTERDAY
  MAXIMUM         30    155 PM  60    2014  41    -11       44
  MINIMUM         15    751 AM -25    1972  21     -6       28
  AVERAGE         23                        31     -8       36

PRECIPITATION (IN)
  YESTERDAY        0.00          0.63 1948   0.03  -0.03      T
  MONTH TO DATE    T                         0.39  -0.39     0.73
  SINCE OCT 1      0.99                      1.99  -1.00     2.74
  SINCE JAN 1      6.46                      8.13  -1.67     8.28

DEGREE DAYS
 HEATING
  YESTERDAY       42                        34      8       29
  MONTH TO DATE  384                       336     48      377
  SINCE DEC 1    384                       336     48      377
  SINCE JUL 1   1963                      2110   -147     1841

 COOLING
  YESTERDAY        0                         0      0        0
  MONTH TO DATE    0                         0      0        0
  SINCE DEC 1      0                         0      0        0
  SINCE JAN 1    434                       222    212      240
..................................................................


WIND (MPH)
  RESULTANT WIND SPEED   2   RESULTANT WIND DIRECTION  NW (300)
  HIGHEST WIND SPEED    10   HIGHEST WIND DIRECTION     N (340)
  HIGHEST GUST SPEED    13   HIGHEST GUST DIRECTION    NW (330)
  AVERAGE WIND SPEED     3.1


SKY COVER
  POSSIBLE SUNSHINE  MM
  AVERAGE SKY COVER 0.6


WEATHER CONDITIONS
 THE FOLLOWING WEATHER WAS RECORDED YESTERDAY.
  FOG
  FOG W/VISIBILITY <= 1/4 MILE
  HAZE


RELATIVE HUMIDITY (PERCENT)
 HIGHEST    92          1200 AM
 LOWEST     75           300 PM
 AVERAGE    84

..........................................................


THE REDMOND OR CLIMATE NORMALS FOR TODAY
                         NORMAL    RECORD    YEAR
 MAXIMUM TEMPERATURE (F)   40        58      1988
 MINIMUM TEMPERATURE (F)   21       -11      1972


SUNRISE AND SUNSET
DECEMBER 11 2017......SUNRISE   730 AM PST   SUNSET   426 PM PST
DECEMBER 12 2017......SUNRISE   731 AM PST   SUNSET   426 PM PST


-  INDICATES NEGATIVE NUMBERS.
R  INDICATES RECORD WAS SET OR TIED.
MM INDICATES DATA IS MISSING.
T  INDICATES TRACE AMOUNT.


$$
