000
CDUS46 KPDT 100056
CLIRDM

CLIMATE REPORT
NATIONAL WEATHER SERVICE PENDLETON OR
427 PM PST TUE FEB 9 2016


...................................

...THE REDMOND OR CLIMATE SUMMARY FOR FEBRUARY 9 2016...
VALID TODAY AS OF 0400 PM LOCAL TIME.

CLIMATE NORMAL PERIOD 1981 TO 2010
CLIMATE RECORD PERIOD 1949 TO 2016


WEATHER ITEM   OBSERVED TIME   RECORD YEAR NORMAL DEPARTURE LAST
                VALUE   (LST)  VALUE       VALUE  FROM      YEAR
                                                  NORMAL
..................................................................
TEMPERATURE (F)
 TODAY
  MAXIMUM         65R   308 PM  63    1954  46     19       51
  MINIMUM         24    727 AM  -6    1989  24      0       40
  AVERAGE         45                        35     10       46

PRECIPITATION (IN)
  TODAY            0.00          0.33 1961   0.03  -0.03     0.06
  MONTH TO DATE    T                         0.23  -0.23     0.54
  SINCE OCT 1      4.79                      3.96   0.83     5.10
  SINCE JAN 1      1.22                      1.20   0.02     0.82

DEGREE DAYS
 HEATING
  TODAY           20                        30    -10       19
  MONTH TO DATE  231                       277    -46      180
  SINCE DEC 1   1958                      2343   -385     1949
  SINCE JUL 1   3676                      4117   -441     3536

 COOLING
  TODAY            0                         0      0        0
  MONTH TO DATE    0                         0      0        0
  SINCE DEC 1      0                         0      0        0
  SINCE JAN 1      0                         0      0        0
..................................................................


WIND (MPH)
  RESULTANT WIND SPEED   3   RESULTANT WIND DIRECTION  SE (130)
  HIGHEST WIND SPEED    15   HIGHEST WIND DIRECTION    SE (150)
  HIGHEST GUST SPEED    21   HIGHEST GUST DIRECTION    SE (140)
  AVERAGE WIND SPEED     4.4


SKY COVER
  POSSIBLE SUNSHINE  MM
  AVERAGE SKY COVER 0.1


WEATHER CONDITIONS
 THE FOLLOWING WEATHER WAS RECORDED TODAY.
  FOG
  FOG W/VISIBILITY <= 1/4 MILE


RELATIVE HUMIDITY (PERCENT)
 HIGHEST   100           300 AM
 LOWEST     30           200 PM
 AVERAGE    65

..........................................................


THE REDMOND OR CLIMATE NORMALS FOR TOMORROW
                         NORMAL    RECORD    YEAR
 MAXIMUM TEMPERATURE (F)   46        65      1971
 MINIMUM TEMPERATURE (F)   24         1      1982


SUNRISE AND SUNSET
FEBRUARY  9 2016......SUNRISE   713 AM PST   SUNSET   525 PM PST
FEBRUARY 10 2016......SUNRISE   712 AM PST   SUNSET   526 PM PST


-  INDICATES NEGATIVE NUMBERS.
R  INDICATES RECORD WAS SET OR TIED.
MM INDICATES DATA IS MISSING.
T  INDICATES TRACE AMOUNT.




$$
