000
CDUS46 KPDT 290929
CLIRDM

CLIMATE REPORT
NATIONAL WEATHER SERVICE PENDLETON OR
128 AM PST THU JAN 29 2015


...................................

...THE REDMOND OR CLIMATE SUMMARY FOR JANUARY 28 2015...

CLIMATE NORMAL PERIOD 1981 TO 2010
CLIMATE RECORD PERIOD 1949 TO 2015


WEATHER ITEM   OBSERVED TIME   RECORD YEAR NORMAL DEPARTURE LAST
                VALUE   (LST)  VALUE       VALUE  FROM      YEAR
                                                  NORMAL
..................................................................
TEMPERATURE (F)
 YESTERDAY
  MAXIMUM         56    343 PM  64    1971  44     12       38
  MINIMUM         27    643 AM -16    1980  24      3       24
  AVERAGE         42                        34      8       31

PRECIPITATION (IN)
  YESTERDAY        0.00          0.48 1995   0.02  -0.02     0.23
  MONTH TO DATE    0.28                      0.89  -0.61     0.49
  SINCE OCT 1      4.56                      3.65   0.91     1.20
  SINCE JAN 1      0.28                      0.89  -0.61     0.49

DEGREE DAYS
 HEATING
  YESTERDAY       23                        31     -8       34
  MONTH TO DATE  755                       906   -151      848
  SINCE DEC 1   1677                      1972   -295     1957
  SINCE JUL 1   3264                      3746   -482     3743

 COOLING
  YESTERDAY        0                         0      0        0
  MONTH TO DATE    0                         0      0        0
  SINCE DEC 1      0                         0      0        0
  SINCE JAN 1      0                         0      0        0
..................................................................


WIND (MPH)
  RESULTANT WIND SPEED   1   RESULTANT WIND DIRECTION   S (180)
  HIGHEST WIND SPEED     9   HIGHEST WIND DIRECTION    SE (140)
  HIGHEST GUST SPEED    12   HIGHEST GUST DIRECTION     S (170)
  AVERAGE WIND SPEED     3.7


SKY COVER
  POSSIBLE SUNSHINE  MM
  AVERAGE SKY COVER 0.0


WEATHER CONDITIONS
THE FOLLOWING WEATHER WAS RECORDED YESTERDAY.
  NO SIGNIFICANT WEATHER WAS OBSERVED.


RELATIVE HUMIDITY (PERCENT)
 HIGHEST   100           600 AM
 LOWEST     47           200 PM
 AVERAGE    74

..........................................................


THE REDMOND OR CLIMATE NORMALS FOR TODAY
                         NORMAL    RECORD    YEAR
 MAXIMUM TEMPERATURE (F)   44        65      1971
 MINIMUM TEMPERATURE (F)   24       -15      1950


SUNRISE AND SUNSET
JANUARY 29 2015.......SUNRISE   726 AM PST   SUNSET   510 PM PST
JANUARY 30 2015.......SUNRISE   725 AM PST   SUNSET   511 PM PST


-  INDICATES NEGATIVE NUMBERS.
R  INDICATES RECORD WAS SET OR TIED.
MM INDICATES DATA IS MISSING.
T  INDICATES TRACE AMOUNT.

$$
