000
CDUS46 KPDT 240850
CLIRDM

CLIMATE REPORT
NATIONAL WEATHER SERVICE PENDLETON OR
141 AM PDT WED MAY 24 2017


...................................

...THE REDMOND OR CLIMATE SUMMARY FOR MAY 23 2017...

CLIMATE NORMAL PERIOD 1981 TO 2010
CLIMATE RECORD PERIOD 1949 TO 2017


WEATHER ITEM   OBSERVED TIME   RECORD YEAR NORMAL DEPARTURE LAST
                VALUE   (LST)  VALUE       VALUE  FROM      YEAR
                                                  NORMAL
..................................................................
TEMPERATURE (F)
 YESTERDAY
  MAXIMUM         90    150 PM  94    2001  70     20       64
  MINIMUM         44    447 AM  18    1964  37      7       33
  AVERAGE         67                        53     14       49

PRECIPITATION (IN)
  YESTERDAY        0.00          0.33 1987   0.04  -0.04     0.00
  MONTH TO DATE    0.13                      0.73  -0.60     1.98
  SINCE OCT 1      8.10                      6.50   1.60     7.75
  SINCE JAN 1      4.35                      3.74   0.61     4.18

DEGREE DAYS
 HEATING
  YESTERDAY        0                        12    -12       16
  MONTH TO DATE  305                       338    -33      231
  SINCE MAR 1   1625                      1736   -111     1401
  SINCE JUL 1   6502                      6409     93     5532

 COOLING
  YESTERDAY        2                         0      2        0
  MONTH TO DATE    4                         0      4        3
  SINCE MAR 1      4                         0      4        3
  SINCE JAN 1      4                         0      4        3
..................................................................


WIND (MPH)
  RESULTANT WIND SPEED   7   RESULTANT WIND DIRECTION   W (290)
  HIGHEST WIND SPEED    24   HIGHEST WIND DIRECTION     W (290)
  HIGHEST GUST SPEED    33   HIGHEST GUST DIRECTION    NW (300)
  AVERAGE WIND SPEED    10.1


SKY COVER
  POSSIBLE SUNSHINE  MM
  AVERAGE SKY COVER 0.0


WEATHER CONDITIONS
 THE FOLLOWING WEATHER WAS RECORDED YESTERDAY.
  NO SIGNIFICANT WEATHER WAS OBSERVED.


RELATIVE HUMIDITY (PERCENT)
 HIGHEST    83           400 AM
 LOWEST     16           300 PM
 AVERAGE    50

..........................................................


THE REDMOND OR CLIMATE NORMALS FOR TODAY
                         NORMAL    RECORD    YEAR
 MAXIMUM TEMPERATURE (F)   70        93      1999
 MINIMUM TEMPERATURE (F)   37        25      1978


SUNRISE AND SUNSET
MAY 24 2017...........SUNRISE   529 AM PDT   SUNSET   835 PM PDT
MAY 25 2017...........SUNRISE   528 AM PDT   SUNSET   836 PM PDT


-  INDICATES NEGATIVE NUMBERS.
R  INDICATES RECORD WAS SET OR TIED.
MM INDICATES DATA IS MISSING.
T  INDICATES TRACE AMOUNT.




$$
