000
CDUS46 KPDT 250039 RRA
CLIRDM

CLIMATE REPORT
NATIONAL WEATHER SERVICE PENDLETON OR
439 PM PST SAT FEB 24 2018


...................................

...THE REDMOND OR CLIMATE SUMMARY FOR FEBRUARY 24 2018...
VALID TODAY AS OF 0400 PM LOCAL TIME.

CLIMATE NORMAL PERIOD 1981 TO 2010
CLIMATE RECORD PERIOD 1949 TO 2018


WEATHER ITEM   OBSERVED TIME   RECORD YEAR NORMAL DEPARTURE LAST
                VALUE   (LST)  VALUE       VALUE  FROM      YEAR
                                                  NORMAL
..................................................................
TEMPERATURE (F)
 TODAY
  MAXIMUM         38    249 PM  72    1986  49    -11       39
  MINIMUM         30    719 AM   8    1993  24      6       16
  AVERAGE         34                        36     -2       28

PRECIPITATION (IN)
  TODAY            0.12          0.17 2004   0.02   0.10      T
  MONTH TO DATE    0.21                      0.56  -0.35     1.14
  SINCE OCT 1      1.49                      4.29  -2.80     6.51
  SINCE JAN 1      0.38                      1.53  -1.15     2.76

DEGREE DAYS
 HEATING
  TODAY           31                        29      2       37
  MONTH TO DATE  716                       721     -5      701
  SINCE DEC 1   2719                      2787    -68     3280
  SINCE JUL 1   4298                      4561   -263     4744

 COOLING
  TODAY            0                         0      0        0
  MONTH TO DATE    0                         0      0        0
  SINCE DEC 1      0                         0      0        0
  SINCE JAN 1      0                         0      0        0
..................................................................


WIND (MPH)
  RESULTANT WIND SPEED   8   RESULTANT WIND DIRECTION   W (260)
  HIGHEST WIND SPEED    31   HIGHEST WIND DIRECTION     W (290)
  HIGHEST GUST SPEED    40   HIGHEST GUST DIRECTION     W (290)
  AVERAGE WIND SPEED    12.1


SKY COVER
  POSSIBLE SUNSHINE  MM
  AVERAGE SKY COVER 0.8


WEATHER CONDITIONS
 THE FOLLOWING WEATHER WAS RECORDED TODAY.
  HEAVY SNOW
  SNOW
  LIGHT SNOW
  FOG
  FOG W/VISIBILITY <= 1/4 MILE
  HAZE


RELATIVE HUMIDITY (PERCENT)
 HIGHEST    92           900 AM
 LOWEST     54           300 PM
 AVERAGE    73

..........................................................


THE REDMOND OR CLIMATE NORMALS FOR TOMORROW
                         NORMAL    RECORD    YEAR
 MAXIMUM TEMPERATURE (F)   49        69      1963
 MINIMUM TEMPERATURE (F)   24        -2      2011


SUNRISE AND SUNSET
FEBRUARY 24 2018......SUNRISE   650 AM PST   SUNSET   546 PM PST
FEBRUARY 25 2018......SUNRISE   648 AM PST   SUNSET   548 PM PST


-  INDICATES NEGATIVE NUMBERS.
R  INDICATES RECORD WAS SET OR TIED.
MM INDICATES DATA IS MISSING.
T  INDICATES TRACE AMOUNT.




$$
