000
CDUS46 KPDT 290031
CLIRDM

CLIMATE REPORT
NATIONAL WEATHER SERVICE PENDLETON OR
530 PM PDT TUE MAR 28 2017


...................................

...THE REDMOND OR CLIMATE SUMMARY FOR MARCH 28 2017...
VALID TODAY AS OF 0500 PM LOCAL TIME.

CLIMATE NORMAL PERIOD 1981 TO 2010
CLIMATE RECORD PERIOD 1949 TO 2017


WEATHER ITEM   OBSERVED TIME   RECORD YEAR NORMAL DEPARTURE LAST
                VALUE   (LST)  VALUE       VALUE  FROM      YEAR
                                                  NORMAL
..................................................................
TEMPERATURE (F)
 TODAY
  MAXIMUM         55    357 PM  77    1994  56     -1       51
  MINIMUM         34    331 AM  12    1975  27      7       19
  AVERAGE         45                        42      3       35

PRECIPITATION (IN)
  TODAY            0.00          0.43 1989   0.02  -0.02      T
  MONTH TO DATE    0.30                      0.59  -0.29     0.57
  SINCE OCT 1      6.81                      4.97   1.84     5.48
  SINCE JAN 1      3.06                      2.21   0.85     1.91

DEGREE DAYS
 HEATING
  TODAY           20                        23     -3       30
  MONTH TO DATE  611                       708    -97      670
  SINCE MAR 1    611                       708    -97      670
  SINCE JUL 1   5488                      5381    107     4801

 COOLING
  TODAY            0                         0      0        0
  MONTH TO DATE    0                         0      0        0
  SINCE MAR 1      0                         0      0        0
  SINCE JAN 1      0                         0      0        0
..................................................................


WIND (MPH)
  RESULTANT WIND SPEED   3   RESULTANT WIND DIRECTION   W (290)
  HIGHEST WIND SPEED    17   HIGHEST WIND DIRECTION    NW (310)
  HIGHEST GUST SPEED    22   HIGHEST GUST DIRECTION    NW (300)
  AVERAGE WIND SPEED     5.8


SKY COVER
  POSSIBLE SUNSHINE  MM
  AVERAGE SKY COVER 0.9


WEATHER CONDITIONS
 THE FOLLOWING WEATHER WAS RECORDED TODAY.
  NO SIGNIFICANT WEATHER WAS OBSERVED.


RELATIVE HUMIDITY (PERCENT)
 HIGHEST    75          1200 AM
 LOWEST     24           400 PM
 AVERAGE    50

..........................................................


THE REDMOND OR CLIMATE NORMALS FOR TOMORROW
                         NORMAL    RECORD    YEAR
 MAXIMUM TEMPERATURE (F)   57        80      1966
 MINIMUM TEMPERATURE (F)   27        14      1950


SUNRISE AND SUNSET
MARCH 28 2017.........SUNRISE   652 AM PDT   SUNSET   727 PM PDT
MARCH 29 2017.........SUNRISE   651 AM PDT   SUNSET   729 PM PDT


-  INDICATES NEGATIVE NUMBERS.
R  INDICATES RECORD WAS SET OR TIED.
MM INDICATES DATA IS MISSING.
T  INDICATES TRACE AMOUNT.




$$
