000
CDUS42 KRAH 171551
CLIRDU


CLIMATE REPORT
NATIONAL WEATHER SERVICE RALEIGH NC
1047 AM EST FRI NOV 17 2017


...................................

...THE RALEIGH-DURHAM INTL AIRPORT NC CLIMATE SUMMARY FOR NOVEMBER 17 2017...
VALID AS OF 1040 AM LOCAL TIME.

CLIMATE NORMAL PERIOD 1981 TO 2010
CLIMATE RECORD PERIOD 1887 TO 2017


WEATHER ITEM   OBSERVED TIME   RECORD YEAR NORMAL DEPARTURE LAST
                VALUE   (LST)  VALUE       VALUE  FROM      YEAR
                                                  NORMAL
..................................................................
TEMPERATURE (F)
 TODAY
  MAXIMUM         42    859 AM  78    1957  63    -21       69
                                      1931
                                      1918
  MINIMUM         34    727 AM  23    1997  40     -6       37
  AVERAGE         38                        52    -14       53

PRECIPITATION (IN)
  TODAY            0.00          1.14 1980   0.11  -0.11     0.00
  MONTH TO DATE    1.17                      1.78  -0.61     0.41
  SINCE SEP 1      7.74                      9.39  -1.65    12.12
  SINCE JAN 1     43.14                     38.93   4.21    48.87

..................................................................


WIND (MPH)
  HIGHEST WIND SPEED     8   HIGHEST WIND DIRECTION     N (20)
  HIGHEST GUST SPEED    13   HIGHEST GUST DIRECTION    NE (30)
  AVERAGE WIND SPEED     3.9


SKY COVER
  POSSIBLE SUNSHINE  MM
  AVERAGE SKY COVER 0.2


WEATHER CONDITIONS
 THE FOLLOWING WEATHER WAS RECORDED TODAY.
  NO SIGNIFICANT WEATHER WAS OBSERVED.


RELATIVE HUMIDITY (PERCENT)
 HIGHEST    82           200 AM
 LOWEST     58          1000 AM
 AVERAGE    70

..........................................................


THE RALEIGH-DURHAM INTL AIRPORT NC CLIMATE NORMALS FOR TOMORROW
                         NORMAL    RECORD    YEAR
 MAXIMUM TEMPERATURE (F)   63        79      1942
                                             1938
 MINIMUM TEMPERATURE (F)   40        21      1959


SUNRISE AND SUNSET
NOVEMBER 17 2017......SUNRISE   654 AM EST   SUNSET   506 PM EST
NOVEMBER 18 2017......SUNRISE   655 AM EST   SUNSET   506 PM EST


-  INDICATES NEGATIVE NUMBERS.
R  INDICATES RECORD WAS SET OR TIED.
MM INDICATES DATA IS MISSING.
T  INDICATES TRACE AMOUNT.

&&

CLIMATE REPORT
NWS FORECAST OFFICE
NCSU CENTENNIAL CAMPUS
RALEIGH NC

MINIMUM TEMPERATURE... 37

PRECIPITATION... 0.00


$$
