000
CDUS42 KRAH 040800
CLIRDU


CLIMATE REPORT
NATIONAL WEATHER SERVICE RALEIGH NC
356 AM EDT WED MAY 4 2016


...................................

...THE RALEIGH-DURHAM INTL AIRPORT NC CLIMATE SUMMARY FOR MAY 3 2016...

CLIMATE NORMAL PERIOD 1981 TO 2010
CLIMATE RECORD PERIOD 1887 TO 2016


WEATHER ITEM   OBSERVED TIME   RECORD YEAR NORMAL DEPARTURE LAST
                VALUE   (LST)  VALUE       VALUE  FROM      YEAR
                                                  NORMAL
..................................................................
TEMPERATURE (F)
 YESTERDAY
  MAXIMUM         79    302 PM  93    1959  77      2       79
  MINIMUM         63   1143 PM  37    1978  53     10       47
  AVERAGE         71                        65      6       63

PRECIPITATION (IN)
  YESTERDAY        0.44          1.95 1972   0.09   0.35     0.00
  MONTH TO DATE    0.71                      0.26   0.45     0.58
  SINCE MAR 1      7.73                      7.29   0.44     9.12
  SINCE JAN 1     14.14                     14.02   0.12    15.38

SNOWFALL (IN)
  YESTERDAY        T   R         0.0    MM   0.0    0.0      0.0
  MONTH TO DATE    T                         0.0    0.0      0.0
  SINCE MAR 1      T                         0.6   -0.6      0.0
  SINCE JUL 1      1.4                       6.1   -4.7      7.9
  SNOW DEPTH       0

DEGREE DAYS
 HEATING
  YESTERDAY        0                         3     -3        2
  MONTH TO DATE    0                        10    -10       16
  SINCE MAR 1    414                       627   -213      583
  SINCE JUL 1   2557                      3199   -642     3480

 COOLING
  YESTERDAY        6                         3      3        0
  MONTH TO DATE   21                         9     12        0
  SINCE MAR 1    116                        69     47       56
  SINCE JAN 1    116                        70     46       56
..................................................................


WIND (MPH)
  HIGHEST WIND SPEED    15   HIGHEST WIND DIRECTION    SW (210)
  HIGHEST GUST SPEED    20   HIGHEST GUST DIRECTION    SW (210)
  AVERAGE WIND SPEED     4.5


SKY COVER
  POSSIBLE SUNSHINE  MM
  AVERAGE SKY COVER 0.9


WEATHER CONDITIONS
 THE FOLLOWING WEATHER WAS RECORDED YESTERDAY.
  THUNDERSTORM
  RAIN
  LIGHT RAIN
  HAIL
  FOG


RELATIVE HUMIDITY (PERCENT)
 HIGHEST    93          1200 AM
 LOWEST     58           300 PM
 AVERAGE    76

..........................................................


THE RALEIGH-DURHAM INTL AIRPORT NC CLIMATE NORMALS FOR TODAY
                         NORMAL    RECORD    YEAR
 MAXIMUM TEMPERATURE (F)   77        94      1938
                                             1913
 MINIMUM TEMPERATURE (F)   53        34      1971


SUNRISE AND SUNSET
MAY  4 2016...........SUNRISE   619 AM EDT   SUNSET   805 PM EDT
MAY  5 2016...........SUNRISE   618 AM EDT   SUNSET   806 PM EDT


-  INDICATES NEGATIVE NUMBERS.
R  INDICATES RECORD WAS SET OR TIED.
MM INDICATES DATA IS MISSING.
T  INDICATES TRACE AMOUNT.

&&

CLIMATE REPORT
NWS FORECAST OFFICE
NCSU CENTENNIAL CAMPUS
RALEIGH NC

MAXIMUM TEMPERATURE... 79

MINIMUM TEMPERATURE... 61

PRECIPITATION... 1.27

SNOWFALL... T


$$
