000
CDUS42 KRAH 260711
CLIRDU


CLIMATE REPORT
NATIONAL WEATHER SERVICE RALEIGH NC
310 AM EDT SUN OCT 26 2014


...................................

...THE RALEIGH-DURHAM INTL AIRPORT NC CLIMATE SUMMARY FOR OCTOBER 25 2014...

CLIMATE NORMAL PERIOD 1981 TO 2010
CLIMATE RECORD PERIOD 1887 TO 2014


WEATHER ITEM   OBSERVED TIME   RECORD YEAR NORMAL DEPARTURE LAST
                VALUE   (LST)  VALUE       VALUE  FROM      YEAR
                                                  NORMAL
..................................................................
TEMPERATURE (F)
 YESTERDAY
  MAXIMUM         71    328 PM  84    1940  70      1       56
                                      1931
  MINIMUM         39    652 AM  27    1962  47     -8       33
  AVERAGE         55                        58     -3       45

PRECIPITATION (IN)
  YESTERDAY        0.00          2.04 1981   0.11  -0.11     0.00
  MONTH TO DATE    2.00                      2.66  -0.66     1.41
  SINCE SEP 1      7.91                      7.02   0.89     4.32
  SINCE JAN 1     46.32                     36.56   9.76    41.79

DEGREE DAYS
 HEATING
  YESTERDAY       10                         7      3       20
  MONTH TO DATE   86                       118    -32      105
  SINCE SEP 1     96                       138    -42      116
  SINCE JUL 1     96                       139    -43      116

 COOLING
  YESTERDAY        0                         1     -1        0
  MONTH TO DATE   60                        47     13       53
  SINCE SEP 1    294                       274     20      242
  SINCE JAN 1   1652                      1715    -63     1548
..................................................................


WIND (MPH)
  HIGHEST WIND SPEED     9   HIGHEST WIND DIRECTION    SW (220)
  HIGHEST GUST SPEED    13   HIGHEST GUST DIRECTION     E (90)
  AVERAGE WIND SPEED     2.6


SKY COVER
  POSSIBLE SUNSHINE  MM
  AVERAGE SKY COVER 0.1


WEATHER CONDITIONS
 THE FOLLOWING WEATHER WAS RECORDED YESTERDAY.
  FOG


RELATIVE HUMIDITY (PERCENT)
 HIGHEST    96           400 AM
 LOWEST     37           200 PM
 AVERAGE    67

..........................................................


THE RALEIGH-DURHAM INTL AIRPORT NC CLIMATE NORMALS FOR TODAY
                         NORMAL    RECORD    YEAR
 MAXIMUM TEMPERATURE (F)   70        85      1940
                                             1939
 MINIMUM TEMPERATURE (F)   46        27      1962


SUNRISE AND SUNSET
OCTOBER 26 2014.......SUNRISE   732 AM EDT   SUNSET   626 PM EDT
OCTOBER 27 2014.......SUNRISE   733 AM EDT   SUNSET   625 PM EDT


-  INDICATES NEGATIVE NUMBERS.
R  INDICATES RECORD WAS SET OR TIED.
MM INDICATES DATA IS MISSING.
T  INDICATES TRACE AMOUNT.


&&

CLIMATE REPORT NWS FORECAST OFFICE
NCSU CENTENNIAL CAMPUS
RALEIGH, NC

MAXIMUM TEMPERATURE...71

MINIMUM TEMPERATURE...46

PRECIPITATION...0.00

$$
