000
CDUS42 KRAH 270631
CLIRDU


CLIMATE REPORT
NATIONAL WEATHER SERVICE RALEIGH NC
228 AM EDT FRI MAR 27 2015


...................................

...THE RALEIGH-DURHAM INTL AIRPORT NC CLIMATE SUMMARY FOR MARCH 26 2015...

CLIMATE NORMAL PERIOD 1981 TO 2010
CLIMATE RECORD PERIOD 1887 TO 2015


WEATHER ITEM   OBSERVED TIME   RECORD YEAR NORMAL DEPARTURE LAST
                VALUE   (LST)  VALUE       VALUE  FROM      YEAR
                                                  NORMAL
..................................................................
TEMPERATURE (F)
 YESTERDAY
  MAXIMUM         75    304 PM  87    1929  67      8       47
  MINIMUM         57    236 AM  22    1940  43     14       29
  AVERAGE         66                        54     12       38

PRECIPITATION (IN)
  YESTERDAY        0.13          1.18 1888   0.14  -0.01     0.00
  MONTH TO DATE    2.94                      3.46  -0.52     4.03
  SINCE MAR 1      2.94                      3.46  -0.52     4.03
  SINCE JAN 1      9.20                     10.19  -0.99     8.99

SNOWFALL (IN)
  YESTERDAY        0.0           5.2  1971   0.0    0.0      0.0
  MONTH TO DATE    0.0                       0.5   -0.5      0.2
  SINCE MAR 1      0.0                       0.5   -0.5      0.2
  SINCE JUL 1      7.9                       6.0    1.9      5.8
  SNOW DEPTH       0

DEGREE DAYS
 HEATING
  YESTERDAY        0                        11    -11       27
  MONTH TO DATE  332                       374    -42      524
  SINCE MAR 1    332                       374    -42      524
  SINCE JUL 1   3229                      2946    283     3225

 COOLING
  YESTERDAY        1                         0      1        0
  MONTH TO DATE    4                         0      4        0
  SINCE MAR 1      4                         0      4        0
  SINCE JAN 1      4                         1      3        0
..................................................................


WIND (MPH)
  HIGHEST WIND SPEED    26   HIGHEST WIND DIRECTION    SW (230)
  HIGHEST GUST SPEED    32   HIGHEST GUST DIRECTION    SW (220)
  AVERAGE WIND SPEED    10.4


SKY COVER
  POSSIBLE SUNSHINE  MM
  AVERAGE SKY COVER 0.9


WEATHER CONDITIONS
 THE FOLLOWING WEATHER WAS RECORDED YESTERDAY.
  THUNDERSTORM
  LIGHT RAIN
  FOG


RELATIVE HUMIDITY (PERCENT)
 HIGHEST    93           300 AM
 LOWEST     53           400 PM
 AVERAGE    73

..........................................................


THE RALEIGH-DURHAM INTL AIRPORT NC CLIMATE NORMALS FOR TODAY
                         NORMAL    RECORD    YEAR
 MAXIMUM TEMPERATURE (F)   67        87      2007
 MINIMUM TEMPERATURE (F)   43        20      1955


SUNRISE AND SUNSET
MARCH 27 2015.........SUNRISE   709 AM EDT   SUNSET   733 PM EDT
MARCH 28 2015.........SUNRISE   708 AM EDT   SUNSET   733 PM EDT


-  INDICATES NEGATIVE NUMBERS.
R  INDICATES RECORD WAS SET OR TIED.
MM INDICATES DATA IS MISSING.
T  INDICATES TRACE AMOUNT.

&&

CLIMATE REPORT NWS FORECAST OFFICE
NCSU CENTENNIAL CAMPUS
RALEIGH, NC

MAX TEMPERATURE.....73
MIN TEMPERATURE.....58
PRECIPITATION.....0.59


$$
