717
CDUS42 KRAH 162158
CLIRDU


CLIMATE REPORT
NATIONAL WEATHER SERVICE RALEIGH NC
457 PM EST TUE JAN 16 2018


...................................

...THE RALEIGH-DURHAM INTL AIRPORT NC CLIMATE SUMMARY FOR JANUARY 16 2018...
VALID TODAY AS OF 0450 PM LOCAL TIME.

CLIMATE NORMAL PERIOD 1981 TO 2010
CLIMATE RECORD PERIOD 1887 TO 2018


WEATHER ITEM   OBSERVED TIME   RECORD YEAR NORMAL DEPARTURE LAST
                VALUE   (LST)  VALUE       VALUE  FROM      YEAR
                                                  NORMAL
..................................................................
TEMPERATURE (F)
 TODAY
  MAXIMUM         47    350 PM  73    1974  51     -4       51
                                      1953
                                      1943
  MINIMUM         20    739 AM   3    1994  31    -11       44
  AVERAGE         34                        41     -7       48

PRECIPITATION (IN)
  TODAY            0.00          1.70 1924   0.12  -0.12     0.00
  MONTH TO DATE    0.67                      1.81  -1.14     2.81
  SINCE DEC 1      2.96                      4.88  -1.92     5.00
  SINCE JAN 1      0.67                      1.81  -1.14     2.81

SNOWFALL (IN)
  TODAY            0.0           3.7  1965   0.1   -0.1      0.0
  MONTH TO DATE    0.9                       1.4   -0.5      0.5
  SINCE DEC 1      1.2                       2.0   -0.8      0.5
  SINCE JUL 1      1.2                       2.1   -0.9      0.5
  SNOW DEPTH       0

DEGREE DAYS
 HEATING
  TODAY           31                        24      7       17
  MONTH TO DATE  514                       390    124      340
  SINCE DEC 1   1211                      1060    151      967
  SINCE JUL 1   1793                      1641    152     1422

 COOLING
  TODAY            0                         0      0        0
  MONTH TO DATE    0                         0      0        0
  SINCE DEC 1      0                         2     -2        0
  SINCE JAN 1      0                         0      0        0
..................................................................


WIND (MPH)
  HIGHEST WIND SPEED     9   HIGHEST WIND DIRECTION    SW (240)
  HIGHEST GUST SPEED    13   HIGHEST GUST DIRECTION    SW (240)
  AVERAGE WIND SPEED     1.2


SKY COVER
  POSSIBLE SUNSHINE  MM
  AVERAGE SKY COVER 0.4


WEATHER CONDITIONS
 THE FOLLOWING WEATHER WAS RECORDED TODAY.
  NO SIGNIFICANT WEATHER WAS OBSERVED.


RELATIVE HUMIDITY (PERCENT)
 HIGHEST    84           700 AM
 LOWEST     31           100 PM
 AVERAGE    58

..........................................................


THE RALEIGH-DURHAM INTL AIRPORT NC CLIMATE NORMALS FOR TOMORROW
                         NORMAL    RECORD    YEAR
 MAXIMUM TEMPERATURE (F)   51        77      1943
 MINIMUM TEMPERATURE (F)   31        -1      1977


SUNRISE AND SUNSET
JANUARY 16 2018.......SUNRISE   724 AM EST   SUNSET   526 PM EST
JANUARY 17 2018.......SUNRISE   724 AM EST   SUNSET   527 PM EST


-  INDICATES NEGATIVE NUMBERS.
R  INDICATES RECORD WAS SET OR TIED.
MM INDICATES DATA IS MISSING.
T  INDICATES TRACE AMOUNT.

&&

CLIMATE REPORT
NWS FORECAST OFFICE
NCSU CENTENNIAL CAMPUS
RALEIGH NC

MAXIMUM TEMPERATURE... 47

MINIMUM TEMPERATURE... 22

PRECIPITATION... 0.00

$$
