000
CDUS42 KRAH 100558
CLIRDU


CLIMATE REPORT
NATIONAL WEATHER SERVICE RALEIGH NC
156 AM EDT THU JUL 10 2014


...................................

...THE RALEIGH-DURHAM INTL AIRPORT NC CLIMATE SUMMARY FOR JULY 9 2014...

CLIMATE NORMAL PERIOD 1981 TO 2010
CLIMATE RECORD PERIOD 1887 TO 2014


WEATHER ITEM   OBSERVED TIME   RECORD YEAR NORMAL DEPARTURE LAST
                VALUE   (LST)  VALUE       VALUE  FROM      YEAR
                                                  NORMAL
..................................................................
TEMPERATURE (F)
 YESTERDAY
  MAXIMUM         96    248 PM 101    1999  90      6       89
  MINIMUM         74   1110 PM  53    1984  70      4       72
  AVERAGE         85                        80      5       81

PRECIPITATION (IN)
  YESTERDAY        0.02          1.40 1934   0.14  -0.12      T
  MONTH TO DATE    0.02                      1.21  -1.19     1.03
  SINCE JUN 1      3.33                      4.73  -1.40    11.11
  SINCE JAN 1     22.60                     21.76   0.84    30.14

DEGREE DAYS
 HEATING
  YESTERDAY        0                         0      0        0
  MONTH TO DATE    0                         0      0        0
  SINCE JUN 1      0                         4     -4        0
  SINCE JUL 1      0                         0      0        0

 COOLING
  YESTERDAY       20                        15      5       16
  MONTH TO DATE  149                       135     14      130
  SINCE JUN 1    526                       482     44      461
  SINCE JAN 1    739                       691     48      639
..................................................................


WIND (MPH)
  HIGHEST WIND SPEED    24   HIGHEST WIND DIRECTION    SW (240)
  HIGHEST GUST SPEED    32   HIGHEST GUST DIRECTION    SW (220)
  AVERAGE WIND SPEED     6.9


SKY COVER
  POSSIBLE SUNSHINE  MM
  AVERAGE SKY COVER 0.7


WEATHER CONDITIONS
 THE FOLLOWING WEATHER WAS RECORDED YESTERDAY.
  THUNDERSTORM
  RAIN
  LIGHT RAIN
  FOG


RELATIVE HUMIDITY (PERCENT)
 HIGHEST    87           700 PM
 LOWEST     39           200 PM
 AVERAGE    63

..........................................................


THE RALEIGH-DURHAM INTL AIRPORT NC CLIMATE NORMALS FOR TODAY
                         NORMAL    RECORD    YEAR
 MAXIMUM TEMPERATURE (F)   90        99      1993
                                             1937
                                             1926
 MINIMUM TEMPERATURE (F)   70        54      1963
                                             1961


SUNRISE AND SUNSET
JULY 10 2014..........SUNRISE   607 AM EDT   SUNSET   834 PM EDT
JULY 11 2014..........SUNRISE   608 AM EDT   SUNSET   833 PM EDT


-  INDICATES NEGATIVE NUMBERS.
R  INDICATES RECORD WAS SET OR TIED.
MM INDICATES DATA IS MISSING.
T  INDICATES TRACE AMOUNT.

&&

CLIMATE REPORT NWS FORECAST OFFICE
NCSU CENTENNIAL CAMPUS
RALEIGH, NC

MAXIMUM TEMPERATURE... 93

MINIMUM TEMPERATURE... 73

PRECIPITATION... 0.25

$$
