969
CDUS42 KRAH 021603
CLIRDU


CLIMATE REPORT
NATIONAL WEATHER SERVICE RALEIGH NC
1101 AM EST FRI DEC 2 2016


...................................

...THE RALEIGH-DURHAM INTL AIRPORT NC CLIMATE SUMMARY FOR DECEMBER 2 2016...
VALID AS OF 1101 AM LOCAL TIME.

CLIMATE NORMAL PERIOD 1981 TO 2010
CLIMATE RECORD PERIOD 1887 TO 2016


WEATHER ITEM   OBSERVED TIME   RECORD YEAR NORMAL DEPARTURE LAST
                VALUE   (LST)  VALUE       VALUE  FROM      YEAR
                                                  NORMAL
..................................................................
TEMPERATURE (F)
 TODAY
  MAXIMUM                       77    1991  58              64
  MINIMUM         33    737 AM  20    1999  36     -3       52
                                      1976
                                      1964
  AVERAGE                                   47              58

PRECIPITATION (IN)
  TODAY            0.00          2.30 2009   0.10  -0.10     0.04
  MONTH TO DATE    T                         0.20  -0.20     0.08
  SINCE DEC 1      T                         0.20  -0.20     0.08
  SINCE JAN 1     49.06                     40.47   8.59    51.11

SNOWFALL (IN)
  TODAY            0.0           6.5  1896   0.0    0.0      0.0
  MONTH TO DATE    0.0                       0.0    0.0      0.0
  SINCE DEC 1      0.0                       0.0    0.0      0.0
  SINCE JUL 1      0.0                       0.1   -0.1      0.0
  SNOW DEPTH       0

..................................................................


WIND (MPH)
  HIGHEST WIND SPEED     9   HIGHEST WIND DIRECTION     W (290)
  HIGHEST GUST SPEED    14   HIGHEST GUST DIRECTION    NW (310)
  AVERAGE WIND SPEED     1.4


SKY COVER
  POSSIBLE SUNSHINE  MM
  AVERAGE SKY COVER 0.1


WEATHER CONDITIONS
 THE FOLLOWING WEATHER WAS RECORDED TODAY.
  NO SIGNIFICANT WEATHER WAS OBSERVED.


RELATIVE HUMIDITY (PERCENT)
 HIGHEST    89           600 AM
 LOWEST     53          1200 AM
 AVERAGE    71

..........................................................


THE RALEIGH-DURHAM INTL AIRPORT NC CLIMATE NORMALS FOR TOMORROW
                         NORMAL    RECORD    YEAR
 MAXIMUM TEMPERATURE (F)   57        77      1991
 MINIMUM TEMPERATURE (F)   36        15      1979


SUNRISE AND SUNSET
DECEMBER  2 2016......SUNRISE   708 AM EST   SUNSET   501 PM EST
DECEMBER  3 2016......SUNRISE   709 AM EST   SUNSET   501 PM EST


-  INDICATES NEGATIVE NUMBERS.
R  INDICATES RECORD WAS SET OR TIED.
MM INDICATES DATA IS MISSING.
T  INDICATES TRACE AMOUNT.

&&

CLIMATE REPORT
NWS FORECAST OFFICE
NCSU CENTENNIAL CAMPUS
RALEIGH NC

MINIMUM TEMPERATURE... 35

PRECIPITATION... 0.00

$$


$$
