793
CDUS42 KRAH 250610
CLIRDU


CLIMATE REPORT
NATIONAL WEATHER SERVICE RALEIGH NC
207 AM EDT TUE APR 25 2017


...................................

...THE RALEIGH-DURHAM INTL AIRPORT NC CLIMATE SUMMARY FOR APRIL 24 2017...

CLIMATE NORMAL PERIOD 1981 TO 2010
CLIMATE RECORD PERIOD 1887 TO 2017


WEATHER ITEM   OBSERVED TIME   RECORD YEAR NORMAL DEPARTURE LAST
                VALUE   (LST)  VALUE       VALUE  FROM      YEAR
                                                  NORMAL
..................................................................
TEMPERATURE (F)
 YESTERDAY
  MAXIMUM         60   1159 PM  93    1960  75    -15       74
                                      1925
  MINIMUM         53    435 AM  31    1986  50      3       50
  AVERAGE         57                        62     -5       62

PRECIPITATION (IN)
  YESTERDAY        4.51R         1.55 1944   0.09   4.42     0.00
  MONTH TO DATE    6.47                      2.39   4.08     2.22
  SINCE MAR 1      9.60                      6.50   3.10     6.26
  SINCE JAN 1     14.03                     13.23   0.80    12.67

SNOWFALL (IN)
  YESTERDAY        0.0           T    1955   0.0    0.0      0.0
  MONTH TO DATE    0.0                       0.1   -0.1      0.0
  SINCE MAR 1      0.3                       0.6   -0.3       T
  SINCE JUL 1      0.8                       6.1   -5.3      1.4
  SNOW DEPTH       0

DEGREE DAYS
 HEATING
  YESTERDAY        8                         5      3        3
  MONTH TO DATE   73                       167    -94      177
  SINCE MAR 1    487                       591   -104      411
  SINCE JUL 1   2460                      3163   -703     2554

 COOLING
  YESTERDAY        0                         2     -2        0
  MONTH TO DATE   72                        35     37       23
  SINCE MAR 1     90                        46     44       61
  SINCE JAN 1     98                        47     51       61
..................................................................


WIND (MPH)
  HIGHEST WIND SPEED    21   HIGHEST WIND DIRECTION    NE (50)
  HIGHEST GUST SPEED    25   HIGHEST GUST DIRECTION    NE (40)
  AVERAGE WIND SPEED    10.9


SKY COVER
  POSSIBLE SUNSHINE  MM
  AVERAGE SKY COVER 0.8


WEATHER CONDITIONS
 THE FOLLOWING WEATHER WAS RECORDED YESTERDAY.
  HEAVY RAIN
  RAIN
  LIGHT RAIN
  FOG


RELATIVE HUMIDITY (PERCENT)
 HIGHEST   100           900 AM
 LOWEST     90           800 PM
 AVERAGE    95

..........................................................


THE RALEIGH-DURHAM INTL AIRPORT NC CLIMATE NORMALS FOR TODAY
                         NORMAL    RECORD    YEAR
 MAXIMUM TEMPERATURE (F)   75        93      1925
 MINIMUM TEMPERATURE (F)   51        29      1969


SUNRISE AND SUNSET
APRIL 25 2017.........SUNRISE   629 AM EDT   SUNSET   757 PM EDT
APRIL 26 2017.........SUNRISE   628 AM EDT   SUNSET   758 PM EDT


-  INDICATES NEGATIVE NUMBERS.
R  INDICATES RECORD WAS SET OR TIED.
MM INDICATES DATA IS MISSING.
T  INDICATES TRACE AMOUNT.

&&

CLIMATE REPORT
NWS FORECAST OFFICE
NCSU CENTENNIAL CAMPUS
RALEIGH NC

MAXIMUM TEMPERATURE... 62

MINIMUM TEMPERATURE... 52

PRECIPITATION... 5.01


$$
