000
CDUS42 KRAH 020553
CLIRDU


CLIMATE REPORT
NATIONAL WEATHER SERVICE RALEIGH NC
152 AM EDT TUE JUN 2 2015


...................................

...THE RALEIGH-DURHAM INTL AIRPORT NC CLIMATE SUMMARY FOR JUNE 1 2015...

CLIMATE NORMAL PERIOD 1981 TO 2010
CLIMATE RECORD PERIOD 1887 TO 2015


WEATHER ITEM   OBSERVED TIME   RECORD YEAR NORMAL DEPARTURE LAST
                VALUE   (LST)  VALUE       VALUE  FROM      YEAR
                                                  NORMAL
..................................................................
TEMPERATURE (F)
 YESTERDAY
  MAXIMUM         90    136 PM  99    1895  84      6       78
  MINIMUM         68   1125 PM  42    1984  62      6       53
  AVERAGE         79                        73      6       66

PRECIPITATION (IN)
  YESTERDAY        0.08          1.83 1907   0.13  -0.05     0.00
  MONTH TO DATE    0.08                      0.13  -0.05     0.00
  SINCE JUN 1      0.08                      0.13  -0.05     0.00
  SINCE JAN 1     17.92                     17.16   0.76    19.27

DEGREE DAYS
 HEATING
  YESTERDAY        0                         0      0        0
  MONTH TO DATE    0                         0      0        0
  SINCE JUN 1      0                         0      0        0
  SINCE JUL 1   3484                      3243    241     3478

 COOLING
  YESTERDAY       14                         8      6        1
  MONTH TO DATE   14                         8      6        1
  SINCE JUN 1     14                         8      6        1
  SINCE JAN 1    284                       217     67      214
..................................................................


WIND (MPH)
  HIGHEST WIND SPEED    26   HIGHEST WIND DIRECTION    SW (220)
  HIGHEST GUST SPEED    35   HIGHEST GUST DIRECTION    SW (220)
  AVERAGE WIND SPEED     7.0


SKY COVER
  POSSIBLE SUNSHINE  MM
  AVERAGE SKY COVER 0.6


WEATHER CONDITIONS
 THE FOLLOWING WEATHER WAS RECORDED YESTERDAY.
  THUNDERSTORM
  HEAVY RAIN
  LIGHT RAIN
  FOG


RELATIVE HUMIDITY (PERCENT)
 HIGHEST    97           800 PM
 LOWEST     47           200 PM
 AVERAGE    72

..........................................................


THE RALEIGH-DURHAM INTL AIRPORT NC CLIMATE NORMALS FOR TODAY
                         NORMAL    RECORD    YEAR
 MAXIMUM TEMPERATURE (F)   84        99      1951
                                             1918
                                             1895
 MINIMUM TEMPERATURE (F)   62        43      1966


SUNRISE AND SUNSET
JUNE  2 2015..........SUNRISE   600 AM EDT   SUNSET   827 PM EDT
JUNE  3 2015..........SUNRISE   600 AM EDT   SUNSET   827 PM EDT


-  INDICATES NEGATIVE NUMBERS.
R  INDICATES RECORD WAS SET OR TIED.
MM INDICATES DATA IS MISSING.
T  INDICATES TRACE AMOUNT.

&&

CLIMATE REPORT NWS FORECAST OFFICE
NCSU CENTENNIAL CAMPUS
RALEIGH, NC

MAXIMUM TEMPERATURE... 89

MINIMUM TEMPERATURE... 69

PRECIPITATION... 0.31

$$
