000
CDUS42 KRAH 220748
CLIRDU


CLIMATE REPORT
NATIONAL WEATHER SERVICE RALEIGH NC
346 AM EDT SAT JUL 22 2017


...................................

...THE RALEIGH-DURHAM INTL AIRPORT NC CLIMATE SUMMARY FOR JULY 21 2017...

CLIMATE NORMAL PERIOD 1981 TO 2010
CLIMATE RECORD PERIOD 1887 TO 2017


WEATHER ITEM   OBSERVED TIME   RECORD YEAR NORMAL DEPARTURE LAST
                VALUE   (LST)  VALUE       VALUE  FROM      YEAR
                                                  NORMAL
..................................................................
TEMPERATURE (F)
 YESTERDAY
  MAXIMUM         98    236 PM 102    2011  90      8       90
                                      1952
                                      1926
  MINIMUM         74    506 AM  59    2001  70      4       70
  AVERAGE         86                        80      6       80

PRECIPITATION (IN)
  YESTERDAY        0.00          2.72 1905   0.16  -0.16     0.00
  MONTH TO DATE    1.58                      3.14  -1.56     7.82
  SINCE JUN 1      7.74                      6.66   1.08    13.84
  SINCE JAN 1     29.60                     23.69   5.91    33.45

DEGREE DAYS
 HEATING
  YESTERDAY        0                         0      0        0
  MONTH TO DATE    0                         0      0        0
  SINCE JUN 1      1                         4     -3        0
  SINCE JUL 1      0                         0      0        0

 COOLING
  YESTERDAY       21                        15      6       15
  MONTH TO DATE  371                       315     56      336
  SINCE JUN 1    696                       662     34      695
  SINCE JAN 1   1035                       871    164      931
..................................................................


WIND (MPH)
  HIGHEST WIND SPEED    16   HIGHEST WIND DIRECTION    SW (230)
  HIGHEST GUST SPEED    20   HIGHEST GUST DIRECTION    SW (230)
  AVERAGE WIND SPEED     5.6


SKY COVER
  POSSIBLE SUNSHINE  MM
  AVERAGE SKY COVER 0.7


WEATHER CONDITIONS
 THE FOLLOWING WEATHER WAS RECORDED YESTERDAY.
  NO SIGNIFICANT WEATHER WAS OBSERVED.


RELATIVE HUMIDITY (PERCENT)
 HIGHEST    93           500 AM
 LOWEST     35           300 PM
 AVERAGE    64

..........................................................


THE RALEIGH-DURHAM INTL AIRPORT NC CLIMATE NORMALS FOR TODAY
                         NORMAL    RECORD    YEAR
 MAXIMUM TEMPERATURE (F)   90       103      2011
                                             1952
 MINIMUM TEMPERATURE (F)   70        55      1974


SUNRISE AND SUNSET
JULY 22 2017..........SUNRISE   615 AM EDT   SUNSET   827 PM EDT
JULY 23 2017..........SUNRISE   616 AM EDT   SUNSET   827 PM EDT


-  INDICATES NEGATIVE NUMBERS.
R  INDICATES RECORD WAS SET OR TIED.
MM INDICATES DATA IS MISSING.
T  INDICATES TRACE AMOUNT.

&&

CLIMATE REPORT
NWS FORECAST OFFICE
NCSU CENTENNIAL CAMPUS
RALEIGH NC

MAXIMUM TEMPERATURE... 98

MINIMUM TEMPERATURE... 74

PRECIPITATION... 0.00


$$
