000
CDUS42 KRAH 010039
CLIRDU


CLIMATE REPORT
NATIONAL WEATHER SERVICE RALEIGH NC
837 PM EDT WED AUG 31 2016


...................................

...THE RALEIGH-DURHAM INTL AIRPORT NC CLIMATE SUMMARY FOR AUGUST 31 2016...
VALID AS OF 0830 PM LOCAL TIME.

CLIMATE NORMAL PERIOD 1981 TO 2010
CLIMATE RECORD PERIOD 1887 TO 2016


WEATHER ITEM   OBSERVED TIME   RECORD YEAR NORMAL DEPARTURE LAST
                VALUE   (LST)  VALUE       VALUE  FROM      YEAR
                                                  NORMAL
..................................................................
TEMPERATURE (F)
 TODAY
  MAXIMUM         95    252 PM 103    1932  86      9       77
  MINIMUM         71    551 AM  49    1976  67      4       67
                                      1946
  AVERAGE         83                        76      7       72

PRECIPITATION (IN)
  TODAY            0.00          3.52 1952   0.14  -0.14     1.75
  MONTH TO DATE    3.01                      4.26  -1.25     4.82
  SINCE JUN 1     17.14                     12.51   4.63    16.18
  SINCE JAN 1     36.75                     29.54   7.21    34.02

DEGREE DAYS
 HEATING
  TODAY            0                         0      0        0
  MONTH TO DATE    0                         0      0        0
  SINCE JUN 1      0                         5     -5        0
  SINCE JUL 1      0                         1     -1        0

 COOLING
  TODAY           18                        12      6        7
  MONTH TO DATE  538                       419    119      409
  SINCE JUN 1   1432                      1232    200     1318
  SINCE JAN 1   1668                      1441    227     1588
..................................................................


WIND (MPH)
  HIGHEST WIND SPEED    13   HIGHEST WIND DIRECTION     S (160)
  HIGHEST GUST SPEED    18   HIGHEST GUST DIRECTION     S (190)
  AVERAGE WIND SPEED     2.9


SKY COVER
  POSSIBLE SUNSHINE  MM
  AVERAGE SKY COVER 0.6


WEATHER CONDITIONS
 THE FOLLOWING WEATHER WAS RECORDED TODAY.
  THUNDERSTORM


RELATIVE HUMIDITY (PERCENT)
 HIGHEST    93           400 AM
 LOWEST     41           200 PM
 AVERAGE    67

..........................................................


THE RALEIGH-DURHAM INTL AIRPORT NC CLIMATE NORMALS FOR TOMORROW
                         NORMAL    RECORD    YEAR
 MAXIMUM TEMPERATURE (F)   86       101      1932
 MINIMUM TEMPERATURE (F)   66        49      1946


SUNRISE AND SUNSET
AUGUST 31 2016........SUNRISE   647 AM EDT   SUNSET   743 PM EDT
SEPTEMBER  1 2016.....SUNRISE   647 AM EDT   SUNSET   742 PM EDT


-  INDICATES NEGATIVE NUMBERS.
R  INDICATES RECORD WAS SET OR TIED.
MM INDICATES DATA IS MISSING.
T  INDICATES TRACE AMOUNT.

&&

CLIMATE REPORT
NWS FORECAST OFFICE
NCSU CENTENNIAL CAMPUS
RALEIGH NC

MAXIMUM TEMPERATURE... 92

MINIMUM TEMPERATURE... 72

PRECIPITATION... 0.00

$$
