000
CDUS46 KBOI 280931
CLIREO


CLIMATE REPORT
NATIONAL WEATHER SERVICE BOISE ID
331 AM MDT THU MAY 28 2015


...................................

...THE ROME OR CLIMATE SUMMARY FOR MAY 27 2015...

CLIMATE NORMAL PERIOD 1981 TO 2010
CLIMATE RECORD PERIOD 9999 TO 9999


WEATHER ITEM   OBSERVED TIME   NORMAL DEPARTURE LAST
                VALUE   (LST)  VALUE  FROM      YEAR
                                      NORMAL
......................................................
TEMPERATURE (F)
 YESTERDAY
  MAXIMUM         75    425 PM  73      2       87
  MINIMUM         45    349 AM  40      5       46
  AVERAGE         60            56      4       67

PRECIPITATION (IN)
  YESTERDAY        0.00          0.05  -0.05     0.00
  MONTH TO DATE    3.48          1.24   2.24     0.11
  SINCE OCT 1      7.10          6.80   0.30     1.91
  SINCE JAN 1      5.10          4.61   0.49     1.72

DEGREE DAYS
 HEATING
  YESTERDAY        5             9     -4        0
  MONTH TO DATE  228           328   -100      210
  SINCE MAR 1   1338          1688   -350     1387
  SINCE JUL 1   5145          6422  -1277     5809

 COOLING
  YESTERDAY        0             1     -1        2
  MONTH TO DATE    0             1     -1       11
  SINCE MAR 1      0             1     -1       11
  SINCE JAN 1      0             1     -1       11
......................................................


WIND (MPH)
  RESULTANT WIND SPEED   4   RESULTANT WIND DIRECTION  NE (40)
  HIGHEST WIND SPEED    22   HIGHEST WIND DIRECTION     N (360)
  HIGHEST GUST SPEED    26   HIGHEST GUST DIRECTION     N (10)
  AVERAGE WIND SPEED     6.5


SKY COVER
  AVERAGE SKY COVER 0.0


WEATHER CONDITIONS
 THE FOLLOWING WEATHER WAS RECORDED YESTERDAY.
  NO SIGNIFICANT WEATHER WAS OBSERVED.


RELATIVE HUMIDITY (PERCENT)
 HIGHEST    82           200 AM
 LOWEST     29           400 PM
 AVERAGE    56

..........................................................


THE ROME OR CLIMATE NORMALS FOR TODAY
                         NORMAL    RECORD    YEAR
 MAXIMUM TEMPERATURE (F)   73        MM        MM
 MINIMUM TEMPERATURE (F)   40        MM        MM


SUNRISE AND SUNSET
MAY 28 2015...........SUNRISE   519 AM PDT   SUNSET   819 PM PDT
MAY 29 2015...........SUNRISE   518 AM PDT   SUNSET   820 PM PDT


-  INDICATES NEGATIVE NUMBERS.
R  INDICATES RECORD WAS SET OR TIED.
MM INDICATES DATA IS MISSING.
T  INDICATES TRACE AMOUNT.




$$
