000
CDUS46 KBOI 250947
CLIREO


CLIMATE REPORT
NATIONAL WEATHER SERVICE BOISE ID
347 AM MDT THU MAY 25 2017


...................................

...THE ROME OR CLIMATE SUMMARY FOR MAY 24 2017...

CLIMATE NORMAL PERIOD 1981 TO 2010
CLIMATE RECORD PERIOD 9999 TO 9999


WEATHER ITEM   OBSERVED TIME   NORMAL DEPARTURE LAST
                VALUE   (LST)  VALUE  FROM      YEAR
                                      NORMAL
......................................................
TEMPERATURE (F)
 YESTERDAY
  MAXIMUM         79    258 PM  72      7       69
  MINIMUM         47   1159 PM  39      8       44
  AVERAGE         63            56      7       57

PRECIPITATION (IN)
  YESTERDAY        0.00          0.05  -0.05     0.00
  MONTH TO DATE    0.39          1.10  -0.71     1.39
  SINCE OCT 1      7.57          6.66   0.91     7.84
  SINCE JAN 1      5.19          4.47   0.72     3.41

DEGREE DAYS
 HEATING
  YESTERDAY        2            10     -8        8
  MONTH TO DATE  239           300    -61      213
  SINCE MAR 1   1320          1660   -340     1216
  SINCE JUL 1   5900          6394   -494     5312

 COOLING
  YESTERDAY        0             0      0        0
  MONTH TO DATE   10             0     10        6
  SINCE MAR 1     10             0     10        6
  SINCE JAN 1     10             0     10        6
......................................................


WIND (MPH)
  RESULTANT WIND SPEED   5   RESULTANT WIND DIRECTION  NW (310)
  HIGHEST WIND SPEED    29   HIGHEST WIND DIRECTION    NW (320)
  HIGHEST GUST SPEED    38   HIGHEST GUST DIRECTION    NW (310)
  AVERAGE WIND SPEED    11.8


SKY COVER
  AVERAGE SKY COVER 0.0


WEATHER CONDITIONS
 THE FOLLOWING WEATHER WAS RECORDED YESTERDAY.
  NO SIGNIFICANT WEATHER WAS OBSERVED.


RELATIVE HUMIDITY (PERCENT)
 HIGHEST    59           400 AM
 LOWEST      9           300 PM
 AVERAGE    34

..........................................................


THE ROME OR CLIMATE NORMALS FOR TODAY
                         NORMAL    RECORD    YEAR
 MAXIMUM TEMPERATURE (F)   72        MM        MM
 MINIMUM TEMPERATURE (F)   40        MM        MM


SUNRISE AND SUNSET
MAY 25 2017...........SUNRISE   520 AM PDT   SUNSET   817 PM PDT
MAY 26 2017...........SUNRISE   520 AM PDT   SUNSET   818 PM PDT


-  INDICATES NEGATIVE NUMBERS.
R  INDICATES RECORD WAS SET OR TIED.
MM INDICATES DATA IS MISSING.
T  INDICATES TRACE AMOUNT.




$$
