000
CDUS46 KBOI 250935
CLIREO


CLIMATE REPORT
NATIONAL WEATHER SERVICE BOISE ID
234 AM MST THU DEC 25 2014


...................................

...THE ROME OR CLIMATE SUMMARY FOR DECEMBER 24 2014...

CLIMATE NORMAL PERIOD 1981 TO 2010
CLIMATE RECORD PERIOD 9999 TO 9999


WEATHER ITEM   OBSERVED TIME   NORMAL DEPARTURE LAST
                VALUE   (LST)  VALUE  FROM      YEAR
                                      NORMAL
......................................................
TEMPERATURE (F)
 YESTERDAY
  MAXIMUM         49    146 PM  37     12       48
  MINIMUM         29    435 AM  18     11       20
  AVERAGE         39            28     11       34

PRECIPITATION (IN)
  YESTERDAY        0.07          0.03   0.04     0.00
  MONTH TO DATE    0.61          0.66  -0.05     0.15
  SINCE OCT 1      1.89          2.03  -0.14     0.19
  SINCE JAN 1      5.29          8.76  -3.47     5.29

DEGREE DAYS
 HEATING
  YESTERDAY       26            37    -11       31
  MONTH TO DATE  623           872   -249      963
  SINCE DEC 1    623           872   -249      963
  SINCE JUL 1   1861          2485   -624     2481

 COOLING
  YESTERDAY        0             0      0        0
  MONTH TO DATE    0             0      0        0
  SINCE DEC 1      0             0      0        0
  SINCE JAN 1    690           507    183      878
......................................................


WIND (MPH)
  RESULTANT WIND SPEED   8   RESULTANT WIND DIRECTION   W (250)
  HIGHEST WIND SPEED    40   HIGHEST WIND DIRECTION    SW (230)
  HIGHEST GUST SPEED    50   HIGHEST GUST DIRECTION    SW (230)
  AVERAGE WIND SPEED    13.4


SKY COVER
  AVERAGE SKY COVER 0.0


WEATHER CONDITIONS
 THE FOLLOWING WEATHER WAS RECORDED YESTERDAY.
  NO SIGNIFICANT WEATHER WAS OBSERVED.


RELATIVE HUMIDITY (PERCENT)
 HIGHEST    85           400 AM
 LOWEST     56          1200 PM
 AVERAGE    71

..........................................................


THE ROME OR CLIMATE NORMALS FOR TODAY
                         NORMAL    RECORD    YEAR
 MAXIMUM TEMPERATURE (F)   37        MM        MM
 MINIMUM TEMPERATURE (F)   18        MM        MM


SUNRISE AND SUNSET
DECEMBER 25 2014......SUNRISE   720 AM PST   SUNSET   423 PM PST
DECEMBER 26 2014......SUNRISE   720 AM PST   SUNSET   424 PM PST


-  INDICATES NEGATIVE NUMBERS.
R  INDICATES RECORD WAS SET OR TIED.
MM INDICATES DATA IS MISSING.
T  INDICATES TRACE AMOUNT.




$$
