000
CDUS46 KBOI 210931
CLIREO


CLIMATE REPORT
NATIONAL WEATHER SERVICE BOISE ID
331 AM MDT THU SEP 21 2017


...................................

...THE ROME OR CLIMATE SUMMARY FOR SEPTEMBER 20 2017...

CLIMATE NORMAL PERIOD 1981 TO 2010
CLIMATE RECORD PERIOD 9999 TO 9999


WEATHER ITEM   OBSERVED TIME   NORMAL DEPARTURE LAST
                VALUE   (LST)  VALUE  FROM      YEAR
                                      NORMAL
......................................................
TEMPERATURE (F)
 YESTERDAY
  MAXIMUM         68        MM  78    -10       89
  MINIMUM         44        MM  39      5       46
  AVERAGE         56            58     -2       68

PRECIPITATION (IN)
  YESTERDAY        0.23          0.01   0.22     0.00
  MONTH TO DATE    0.38          0.22   0.16     0.19
  SINCE OCT 1      9.48          8.74   0.74     8.29
  SINCE JAN 1      7.10          6.55   0.55     3.86

DEGREE DAYS
 HEATING
  YESTERDAY        9             7      2        0
  MONTH TO DATE   64            90    -26      109
  SINCE SEP 1     64            90    -26      109
  SINCE JUL 1     64           131    -67      130

 COOLING
  YESTERDAY        0             0      0        3
  MONTH TO DATE  132            39     93       24
  SINCE SEP 1    132            39     93       24
  SINCE JAN 1   1037           505    532      685
......................................................


WIND (MPH)
  RESULTANT WIND SPEED  10   RESULTANT WIND DIRECTION  SW (220)
  HIGHEST WIND SPEED    35   HIGHEST WIND DIRECTION    SW (220)
  HIGHEST GUST SPEED    51   HIGHEST GUST DIRECTION    SW (220)
  AVERAGE WIND SPEED    13.6


SKY COVER
  AVERAGE SKY COVER 0.0


WEATHER CONDITIONS
 THE FOLLOWING WEATHER WAS RECORDED YESTERDAY.
  NO SIGNIFICANT WEATHER WAS OBSERVED.


RELATIVE HUMIDITY (PERCENT)
 HIGHEST    89           900 PM
 LOWEST     27          1200 PM
 AVERAGE    58

..........................................................


THE ROME OR CLIMATE NORMALS FOR TODAY
                         NORMAL    RECORD    YEAR
 MAXIMUM TEMPERATURE (F)   77        MM        MM
 MINIMUM TEMPERATURE (F)   39        MM        MM


SUNRISE AND SUNSET
SEPTEMBER 21 2017.....SUNRISE   638 AM PDT   SUNSET   650 PM PDT
SEPTEMBER 22 2017.....SUNRISE   639 AM PDT   SUNSET   648 PM PDT


-  INDICATES NEGATIVE NUMBERS.
R  INDICATES RECORD WAS SET OR TIED.
MM INDICATES DATA IS MISSING.
T  INDICATES TRACE AMOUNT.




$$
