000
CDUS43 KLOT 280645
CLIRFD


CLIMATE REPORT
NATIONAL WEATHER SERVICE CHICAGO IL
144 AM CDT SAT MAR 28 2015


...................................

...THE ROCKFORD IL CLIMATE SUMMARY FOR MARCH 27 2015...

CLIMATE NORMAL PERIOD 1981 TO 2010
CLIMATE RECORD PERIOD 1905 TO 2015


WEATHER ITEM   OBSERVED TIME   RECORD YEAR NORMAL DEPARTURE LAST
                VALUE   (LST)  VALUE       VALUE  FROM      YEAR
                                                  NORMAL
..................................................................
TEMPERATURE (F)
 YESTERDAY
  MAXIMUM         35    435 PM  79    1945  52    -17       51
  MINIMUM         21    637 AM   2    1965  31    -10       34
  AVERAGE         28                        42    -14       43

PRECIPITATION (IN)
  YESTERDAY        T             1.91 1991   0.09  -0.09     0.29
  MONTH TO DATE    1.24                      1.95  -0.71     1.01
  SINCE MAR 1      1.24                      1.95  -0.71     1.01
  SINCE JAN 1      3.16                      4.73  -1.57     4.75

SNOWFALL (IN)
  YESTERDAY        T             2.5  1970   0.1   -0.1       T
  MONTH TO DATE    7.6                       4.4    3.2      9.1
  SINCE MAR 1      7.6                       4.4    3.2      9.1
  SINCE JUL 1     35.5                      35.4    0.1     56.6
  SNOW DEPTH      MM

DEGREE DAYS
 HEATING
  YESTERDAY       37                        23     14       22
  MONTH TO DATE  843                       774     69     1005
  SINCE MAR 1    843                       774     69     1005
  SINCE JUL 1   6289                      5776    513     6897

 COOLING
  YESTERDAY        0                         0      0        0
  MONTH TO DATE    0                         0      0        0
  SINCE MAR 1      0                         0      0        0
  SINCE JAN 1      0                         0      0        0
..................................................................


WIND (MPH)
  HIGHEST WIND SPEED    24   HIGHEST WIND DIRECTION    NE (30)
  HIGHEST GUST SPEED    28   HIGHEST GUST DIRECTION    NE (30)
  AVERAGE WIND SPEED    10.9


SKY COVER
  POSSIBLE SUNSHINE  MM
  AVERAGE SKY COVER 0.3


WEATHER CONDITIONS
 THE FOLLOWING WEATHER WAS RECORDED YESTERDAY.
  LIGHT SNOW


RELATIVE HUMIDITY (PERCENT)
 HIGHEST    68          1100 PM
 LOWEST     28           100 PM
 AVERAGE    48

..........................................................


THE ROCKFORD IL CLIMATE NORMALS FOR TODAY
                         NORMAL    RECORD    YEAR
 MAXIMUM TEMPERATURE (F)   53        79      1910
 MINIMUM TEMPERATURE (F)   32         8      1970


SUNRISE AND SUNSET
MARCH 28 2015.........SUNRISE   646 AM CDT   SUNSET   717 PM CDT
MARCH 29 2015.........SUNRISE   645 AM CDT   SUNSET   719 PM CDT


-  INDICATES NEGATIVE NUMBERS.
R  INDICATES RECORD WAS SET OR TIED.
MM INDICATES DATA IS MISSING.
T  INDICATES TRACE AMOUNT.




$$
