000
CDUS43 KGRB 250728
CLIRHI

CLIMATE REPORT
NATIONAL WEATHER SERVICE GREEN BAY
226 AM CDT SUN SEP 25 2016

...................................

...THE RHINELANDER WI CLIMATE SUMMARY FOR SEPTEMBER 24 2016...

CLIMATE NORMAL PERIOD 1981 TO 2010
CLIMATE RECORD PERIOD 1908 TO 2016

WEATHER ITEM   OBSERVED TIME   RECORD YEAR NORMAL DEPARTURE LAST
                VALUE   (LST)  VALUE       VALUE  FROM      YEAR
                                                  NORMAL
..................................................................
TEMPERATURE (F)
 YESTERDAY
  MAXIMUM         69    221 PM  89    1908  63      6       71
  MINIMUM         51    537 AM  23    2000  41     10       54
  AVERAGE         60                        52      8       63

PRECIPITATION (IN)
  YESTERDAY        T             1.62 1963   0.14  -0.14      T
  MONTH TO DATE    5.30                      3.36   1.94     2.31
  SINCE SEP 1      5.30                      3.36   1.94     2.31
  SINCE JAN 1     32.89                     24.24   8.65    20.99

SNOWFALL (IN)
  YESTERDAY        0.0           T    1942  MM     MM        0.0
  MONTH TO DATE    0.0                      MM     MM        0.0
  SINCE SEP 1      0.0                      MM     MM        0.0
  SINCE JUL 1      0.0                      MM     MM        0.0
  SNOW DEPTH       0

DEGREE DAYS
 HEATING
  YESTERDAY        5                        13     -8        2
  MONTH TO DATE  102                       215   -113       97
  SINCE SEP 1    102                       215   -113       97
  SINCE JUL 1    163                       342   -179      234

COOLING
  YESTERDAY        0                         0      0        0
  MONTH TO DATE   13                        16     -3       69
  SINCE SEP 1     13                        16     -3       69
  SINCE JAN 1    321                       257     64      231
..................................................................

WIND (MPH)
  HIGHEST WIND SPEED    15   HIGHEST WIND DIRECTION    SE (130)
  HIGHEST GUST SPEED    19   HIGHEST GUST DIRECTION    SE (150)
  AVERAGE WIND SPEED     8.0

SKY COVER
  POSSIBLE SUNSHINE  MM
  AVERAGE SKY COVER 0.6

WEATHER CONDITIONS
 THE FOLLOWING WEATHER WAS RECORDED YESTERDAY.
  NO SIGNIFICANT WEATHER WAS OBSERVED.

RELATIVE HUMIDITY (PERCENT)
 HIGHEST   100           300 AM
 LOWEST     57           200 PM
 AVERAGE    79
..........................................................

THE RHINELANDER WI CLIMATE NORMALS FOR TODAY
                         NORMAL    RECORD    YEAR
 MAXIMUM TEMPERATURE (F)   62        89      1920
 MINIMUM TEMPERATURE (F)   41        24      1947

SUNRISE AND SUNSET
SEPTEMBER 25 2016.....SUNRISE   649 AM CDT   SUNSET   649 PM CDT
SEPTEMBER 26 2016.....SUNRISE   650 AM CDT   SUNSET   647 PM CDT

-  INDICATES NEGATIVE NUMBERS.
R  INDICATES RECORD WAS SET OR TIED.
MM INDICATES DATA IS MISSING.
T  INDICATES TRACE AMOUNT.

$$
