000
CDUS43 KGRB 250645
CLIRHI


CLIMATE REPORT
NATIONAL WEATHER SERVICE GREEN BAY
1245 AM CST SAT NOV 25 2017


...................................

...THE RHINELANDER WI CLIMATE SUMMARY FOR NOVEMBER 24 2017...

CLIMATE NORMAL PERIOD 1981 TO 2010
CLIMATE RECORD PERIOD 1908 TO 2017


WEATHER ITEM   OBSERVED TIME   RECORD YEAR NORMAL DEPARTURE LAST
                VALUE   (LST)  VALUE       VALUE  FROM      YEAR
                                                  NORMAL
..................................................................
TEMPERATURE (F)
 YESTERDAY
  MAXIMUM         56R  1250 PM  54    1988  33     23       36
  MINIMUM         36   1242 AM -11    1950  18     18       32
  AVERAGE         46                        26     20       34

PRECIPITATION (IN)
  YESTERDAY        0.05          1.01 2001   0.06  -0.01      T
  MONTH TO DATE    1.21                      1.49  -0.28     0.80
  SINCE SEP 1      7.47                      8.73  -1.26    12.06
  SINCE JAN 1     38.56                     29.61   8.95    39.65

SNOWFALL (IN)
  YESTERDAY        0.0           5.9  2014  MM     MM         T
  MONTH TO DATE   12.7                      MM     MM        6.2
  SINCE SEP 1     13.7                      MM     MM        6.2
  SINCE JUL 1     13.7                      MM     MM        6.2
  SNOW DEPTH       0

DEGREE DAYS
 HEATING
  YESTERDAY       19                        39    -20       31
  MONTH TO DATE  842                       795     47      571
  SINCE SEP 1   1577                      1761   -184     1248
  SINCE JUL 1   1743                      1888   -145     1309

 COOLING
  YESTERDAY        0                         0      0        0
  MONTH TO DATE    0                         0      0        0
  SINCE SEP 1     53                        20     33       13
  SINCE JAN 1    215                       261    -46      321
..................................................................


WIND (MPH)
  HIGHEST WIND SPEED    18   HIGHEST WIND DIRECTION    NW (310)
  HIGHEST GUST SPEED    28   HIGHEST GUST DIRECTION    NW (320)
  AVERAGE WIND SPEED    11.6


SKY COVER
  POSSIBLE SUNSHINE  MM
  AVERAGE SKY COVER 0.6


WEATHER CONDITIONS
 THE FOLLOWING WEATHER WAS RECORDED YESTERDAY.
  LIGHT RAIN


RELATIVE HUMIDITY (PERCENT)
 HIGHEST    96           800 PM
 LOWEST     55           100 PM
 AVERAGE    76

..........................................................


THE RHINELANDER WI CLIMATE NORMALS FOR TODAY
                         NORMAL    RECORD    YEAR
 MAXIMUM TEMPERATURE (F)   33        55      1998
 MINIMUM TEMPERATURE (F)   18        -9      1950


SUNRISE AND SUNSET
NOVEMBER 25 2017......SUNRISE   711 AM CST   SUNSET   419 PM CST
NOVEMBER 26 2017......SUNRISE   712 AM CST   SUNSET   418 PM CST


-  INDICATES NEGATIVE NUMBERS.
R  INDICATES RECORD WAS SET OR TIED.
MM INDICATES DATA IS MISSING.
T  INDICATES TRACE AMOUNT.




$$
