000
CDUS43 KGRB 160627
CLIRHI


CLIMATE REPORT
NATIONAL WEATHER SERVICE GREEN BAY
127 AM CDT WED APR 16 2014


...................................

...THE RHINELANDER WI CLIMATE SUMMARY FOR APRIL 15 2014...

CLIMATE NORMAL PERIOD 1981 TO 2010
CLIMATE RECORD PERIOD 1908 TO 2014


WEATHER ITEM   OBSERVED TIME   RECORD YEAR NORMAL DEPARTURE LAST
                VALUE   (LST)  VALUE       VALUE  FROM      YEAR
                                                  NORMAL
..................................................................
TEMPERATURE (F)
 YESTERDAY
  MAXIMUM         28    510 PM  83    2002  53    -25       43
  MINIMUM         -2    400 AM  -3    1928  30    -32       33
  AVERAGE         13                        42    -29       38

PRECIPITATION (IN)
  YESTERDAY        T             1.05 1924   0.08  -0.08     0.15
  MONTH TO DATE    1.99                      1.19   0.80     2.10
  SINCE MAR 1      2.75                      2.76  -0.01     4.11
  SINCE JAN 1      5.36                      4.80   0.56     6.91

SNOWFALL (IN)
  YESTERDAY        T             4.0  1994  MM     MM         T
  MONTH TO DATE   14.5                      MM     MM       10.6
  SINCE MAR 1     24.1                      MM     MM       26.8
  SINCE JUL 1     96.6                      MM     MM       79.4
  SNOW DEPTH       7

DEGREE DAYS
 HEATING
  YESTERDAY       52                        24     28       27
  MONTH TO DATE  492                       402     90      510
  SINCE MAR 1   1931                      1575    356     1839
  SINCE JUL 1   9560                      8197   1363     8239

 COOLING
  YESTERDAY        0                         0      0        0
  MONTH TO DATE    0                         0      0        0
  SINCE MAR 1      0                         0      0        0
  SINCE JAN 1      0                         0      0        0
..................................................................


WIND (MPH)
  HIGHEST WIND SPEED    20   HIGHEST WIND DIRECTION     W (280)
  HIGHEST GUST SPEED    27   HIGHEST GUST DIRECTION     W (270)
  AVERAGE WIND SPEED     6.3


SKY COVER
  POSSIBLE SUNSHINE  MM
  AVERAGE SKY COVER 0.3


WEATHER CONDITIONS
 THE FOLLOWING WEATHER WAS RECORDED YESTERDAY.
  LIGHT SNOW
  FOG
  HAZE


RELATIVE HUMIDITY (PERCENT)
 HIGHEST    95           500 AM
 LOWEST     37           300 PM
 AVERAGE    66

..........................................................


THE RHINELANDER WI CLIMATE NORMALS FOR TODAY
                         NORMAL    RECORD    YEAR
 MAXIMUM TEMPERATURE (F)   54        84      2002
 MINIMUM TEMPERATURE (F)   30        12      1983


SUNRISE AND SUNSET
APRIL 16 2014.........SUNRISE   610 AM CDT   SUNSET   746 PM CDT
APRIL 17 2014.........SUNRISE   609 AM CDT   SUNSET   747 PM CDT


-  INDICATES NEGATIVE NUMBERS.
R  INDICATES RECORD WAS SET OR TIED.
MM INDICATES DATA IS MISSING.
T  INDICATES TRACE AMOUNT.




$$
