000
CDUS43 KGRB 212118
CLIRHI


CLIMATE REPORT
NATIONAL WEATHER SERVICE GREEN BAY
418 PM CDT SUN SEP 21 2014


...................................

...THE RHINELANDER WI CLIMATE SUMMARY FOR SEPTEMBER 21 2014...
VALID TODAY AS OF 0400 PM LOCAL TIME.

CLIMATE NORMAL PERIOD 1981 TO 2010
CLIMATE RECORD PERIOD 1908 TO 2014


WEATHER ITEM   OBSERVED TIME   RECORD YEAR NORMAL DEPARTURE LAST
                VALUE   (LST)  VALUE       VALUE  FROM      YEAR
                                                  NORMAL
..................................................................
TEMPERATURE (F)
 TODAY
  MAXIMUM         55    226 PM  91    1908  64     -9       54
  MINIMUM         47   1051 AM  29    1973  42      5       31
                                      1956
  AVERAGE         51                        53     -2       43

PRECIPITATION (IN)
  TODAY            0.18          2.12 1970   0.15   0.03     0.02
  MONTH TO DATE    6.12                      2.93   3.19     1.80
  SINCE SEP 1      6.12                      2.93   3.19     1.80
  SINCE JAN 1     32.58                     23.81   8.77    28.64

SNOWFALL (IN)
  TODAY            0.0           0.5  1913  MM     MM        0.0
  MONTH TO DATE    T                        MM     MM        0.0
  SINCE SEP 1      T                        MM     MM        0.0
  SINCE JUL 1      T                        MM     MM        0.0
  SNOW DEPTH       0

DEGREE DAYS
 HEATING
  TODAY           14                        12      2       22
  MONTH TO DATE  224                       177     47      172
  SINCE SEP 1    224                       177     47      172
  SINCE JUL 1    424                       304    120      362

 COOLING
  TODAY            0                         0      0        0
  MONTH TO DATE    1                        16    -15       17
  SINCE SEP 1      1                        16    -15       17
  SINCE JAN 1    148                       257   -109      281
..................................................................


WIND (MPH)
  HIGHEST WIND SPEED    16   HIGHEST WIND DIRECTION     N (10)
  HIGHEST GUST SPEED    25   HIGHEST GUST DIRECTION     N (10)
  AVERAGE WIND SPEED     8.4


SKY COVER
  POSSIBLE SUNSHINE  MM
  AVERAGE SKY COVER 0.9


WEATHER CONDITIONS
 THE FOLLOWING WEATHER WAS RECORDED TODAY.
  RAIN
  LIGHT RAIN
  FOG


RELATIVE HUMIDITY (PERCENT)
 HIGHEST   100          1200 AM
 LOWEST     59           200 PM
 AVERAGE    80

..........................................................


THE RHINELANDER WI CLIMATE NORMALS FOR TOMORROW
                         NORMAL    RECORD    YEAR
 MAXIMUM TEMPERATURE (F)   64        92      1908
 MINIMUM TEMPERATURE (F)   42        27      1974


SUNRISE AND SUNSET
SEPTEMBER 21 2014.....SUNRISE   643 AM CDT   SUNSET   657 PM CDT
SEPTEMBER 22 2014.....SUNRISE   645 AM CDT   SUNSET   655 PM CDT


-  INDICATES NEGATIVE NUMBERS.
R  INDICATES RECORD WAS SET OR TIED.
MM INDICATES DATA IS MISSING.
T  INDICATES TRACE AMOUNT.




$$
