000
CDUS43 KGRB 260656
CLIRHI


CLIMATE REPORT
NATIONAL WEATHER SERVICE GREEN BAY
156 AM CDT WED JUL 26 2017


...................................

...THE RHINELANDER WI CLIMATE SUMMARY FOR JULY 25 2017...

CLIMATE NORMAL PERIOD 1981 TO 2010
CLIMATE RECORD PERIOD 1908 TO 2017


WEATHER ITEM   OBSERVED TIME   RECORD YEAR NORMAL DEPARTURE LAST
                VALUE   (LST)  VALUE       VALUE  FROM      YEAR
                                                  NORMAL
..................................................................
TEMPERATURE (F)
 YESTERDAY
  MAXIMUM         74    401 PM  92    1999  79     -5       82
                                      1917
  MINIMUM         50    329 AM  37    1915  55     -5       58
  AVERAGE         62                        67     -5       70

PRECIPITATION (IN)
  YESTERDAY        0.00          1.77 2006   0.11  -0.11     0.00
  MONTH TO DATE    1.37                      3.31  -1.94     2.72
  SINCE JUN 1      8.64                      7.20   1.44     9.74
  SINCE JAN 1     26.36                     16.88   9.48    20.82

SNOWFALL (IN)
  YESTERDAY        0.0           0.0    MM  MM     MM        0.0
  MONTH TO DATE    0.0                      MM     MM        0.0
  SINCE JUN 1      0.0                      MM     MM        0.0
  SINCE JUL 1      0.0                      MM     MM        0.0
  SNOW DEPTH       0

DEGREE DAYS
 HEATING
  YESTERDAY        3                         2      1        0
  MONTH TO DATE   35                        50    -15       28
  SINCE JUN 1    133                       184    -51      120
  SINCE JUL 1     35                        50    -15       28

 COOLING
  YESTERDAY        0                         3     -3        5
  MONTH TO DATE   61                        86    -25      116
  SINCE JUN 1    124                       139    -15      169
  SINCE JAN 1    126                       151    -25      184
..................................................................


WIND (MPH)
  HIGHEST WIND SPEED    16   HIGHEST WIND DIRECTION     S (180)
  HIGHEST GUST SPEED    23   HIGHEST GUST DIRECTION     S (170)
  AVERAGE WIND SPEED     6.7


SKY COVER
  POSSIBLE SUNSHINE  MM
  AVERAGE SKY COVER 0.5


WEATHER CONDITIONS
 THE FOLLOWING WEATHER WAS RECORDED YESTERDAY.
  NO SIGNIFICANT WEATHER WAS OBSERVED.


RELATIVE HUMIDITY (PERCENT)
 HIGHEST    93           400 AM
 LOWEST     44          1200 PM
 AVERAGE    69

..........................................................


THE RHINELANDER WI CLIMATE NORMALS FOR TODAY
                         NORMAL    RECORD    YEAR
 MAXIMUM TEMPERATURE (F)   79        98      1955
 MINIMUM TEMPERATURE (F)   55        42      1991


SUNRISE AND SUNSET
JULY 26 2017..........SUNRISE   535 AM CDT   SUNSET   833 PM CDT
JULY 27 2017..........SUNRISE   536 AM CDT   SUNSET   832 PM CDT


-  INDICATES NEGATIVE NUMBERS.
R  INDICATES RECORD WAS SET OR TIED.
MM INDICATES DATA IS MISSING.
T  INDICATES TRACE AMOUNT.




$$
