000
CDUS43 KGRB 272147
CLIRHI


CLIMATE REPORT
NATIONAL WEATHER SERVICE GREEN BAY
447 PM CDT THU APR 27 2017


...................................

...THE RHINELANDER WI CLIMATE SUMMARY FOR APRIL 27 2017...
VALID TODAY AS OF 0400 PM LOCAL TIME.

CLIMATE NORMAL PERIOD 1981 TO 2010
CLIMATE RECORD PERIOD 1908 TO 2017


WEATHER ITEM   OBSERVED TIME   RECORD YEAR NORMAL DEPARTURE LAST
                VALUE   (LST)  VALUE       VALUE  FROM      YEAR
                                                  NORMAL
..................................................................
TEMPERATURE (F)
 TODAY
  MAXIMUM         34   1242 AM  83    1986  59    -25       55
                                      1952
  MINIMUM         29    131 PM  19    2012  34     -5       30
  AVERAGE         32                        47    -15       43

PRECIPITATION (IN)
  TODAY           MM             1.30 1921   0.09  MM        0.00
  MONTH TO DATE    6.15                      2.27   3.88     2.75
  SINCE MAR 1      7.36                      3.84   3.52     6.42
  SINCE JAN 1     10.72                      5.88   4.84     8.15

SNOWFALL (IN)
  TODAY           MM             2.0  2002  MM     MM        0.0
  MONTH TO DATE    5.4                      MM     MM       11.9
  SINCE MAR 1     11.2                      MM     MM       21.2
  SINCE JUL 1     62.7                      MM     MM       55.7
  SNOW DEPTH      MM

DEGREE DAYS
 HEATING
  TODAY           33                        18     15       22
  MONTH TO DATE  541                       650   -109      681
  SINCE MAR 1   1693                      1823   -130     1620
  SINCE JUL 1   7204                      8445  -1241     7303

 COOLING
  TODAY            0                         0      0        0
  MONTH TO DATE    0                         0      0        0
  SINCE MAR 1      0                         0      0        0
  SINCE JAN 1      0                         0      0        0
..................................................................


WIND (MPH)
  HIGHEST WIND SPEED    20   HIGHEST WIND DIRECTION     W (270)
  HIGHEST GUST SPEED    25   HIGHEST GUST DIRECTION     W (270)
  AVERAGE WIND SPEED     8.1


SKY COVER
  POSSIBLE SUNSHINE  MM
  AVERAGE SKY COVER 1.0


WEATHER CONDITIONS
 THE FOLLOWING WEATHER WAS RECORDED TODAY.
  LT FREEZING RAIN
  SNOW
  LIGHT SNOW
  FOG
  FOG W/VISIBILITY <= 1/4 MILE


RELATIVE HUMIDITY (PERCENT)
 HIGHEST   100          1200 AM
 LOWEST     85           300 AM
 AVERAGE    93

..........................................................


THE RHINELANDER WI CLIMATE NORMALS FOR TOMORROW
                         NORMAL    RECORD    YEAR
 MAXIMUM TEMPERATURE (F)   60        92      1952
 MINIMUM TEMPERATURE (F)   35        17      1909


SUNRISE AND SUNSET
APRIL 27 2017.........SUNRISE   551 AM CDT   SUNSET   800 PM CDT
APRIL 28 2017.........SUNRISE   550 AM CDT   SUNSET   801 PM CDT


-  INDICATES NEGATIVE NUMBERS.
R  INDICATES RECORD WAS SET OR TIED.
MM INDICATES DATA IS MISSING.
T  INDICATES TRACE AMOUNT.




$$
