000
CDUS43 KGRB 292129
CLIRHI


CLIMATE REPORT
NATIONAL WEATHER SERVICE GREEN BAY
428 PM CDT MON AUG 29 2016


...................................

...THE RHINELANDER WI CLIMATE SUMMARY FOR AUGUST 29 2016...
VALID TODAY AS OF 0400 PM LOCAL TIME.

CLIMATE NORMAL PERIOD 1981 TO 2010
CLIMATE RECORD PERIOD 1908 TO 2016


WEATHER ITEM   OBSERVED TIME   RECORD YEAR NORMAL DEPARTURE LAST
                VALUE   (LST)  VALUE       VALUE  FROM      YEAR
                                                  NORMAL
..................................................................
TEMPERATURE (F)
 TODAY
  MAXIMUM         84    156 PM  91    1984  74     10       75
  MINIMUM         59    223 AM  33    1934  51      8       49
  AVERAGE         72                        62     10       62

PRECIPITATION (IN)
  TODAY            0.01          2.40 1941   0.11  -0.10     0.00
  MONTH TO DATE    5.68                      3.06   2.62     3.46
  SINCE JUN 1     16.52                     10.97   5.55    10.08
  SINCE JAN 1     27.60                     20.65   6.95    18.68

SNOWFALL (IN)
  TODAY            0.0           0.0    MM  MM     MM        0.0
  MONTH TO DATE    0.0                      MM     MM        0.0
  SINCE JUN 1      0.0                      MM     MM        0.0
  SINCE JUL 1      0.0                      MM     MM        0.0
  SNOW DEPTH       0

DEGREE DAYS
 HEATING
  TODAY            0                         4     -4        3
  MONTH TO DATE   20                        68    -48       88
  SINCE JUN 1    145                       253   -108      269
  SINCE JUL 1     53                       119    -66      137

 COOLING
  TODAY            7                         1      6        0
  MONTH TO DATE  111                        71     40       50
  SINCE JUN 1    293                       229     64      148
  SINCE JAN 1    308                       241     67      153
..................................................................


WIND (MPH)
  HIGHEST WIND SPEED    15   HIGHEST WIND DIRECTION    SW (220)
  HIGHEST GUST SPEED    20   HIGHEST GUST DIRECTION     S (200)
  AVERAGE WIND SPEED     4.7


SKY COVER
  POSSIBLE SUNSHINE  MM
  AVERAGE SKY COVER 0.2


WEATHER CONDITIONS
 THE FOLLOWING WEATHER WAS RECORDED TODAY.
  FOG


RELATIVE HUMIDITY (PERCENT)
 HIGHEST   100          1200 AM
 LOWEST     61           200 PM
 AVERAGE    81

..........................................................


THE RHINELANDER WI CLIMATE NORMALS FOR TOMORROW
                         NORMAL    RECORD    YEAR
 MAXIMUM TEMPERATURE (F)   74        92      2012
 MINIMUM TEMPERATURE (F)   51        28      1915


SUNRISE AND SUNSET
AUGUST 29 2016........SUNRISE   616 AM CDT   SUNSET   740 PM CDT
AUGUST 30 2016........SUNRISE   617 AM CDT   SUNSET   738 PM CDT


-  INDICATES NEGATIVE NUMBERS.
R  INDICATES RECORD WAS SET OR TIED.
MM INDICATES DATA IS MISSING.
T  INDICATES TRACE AMOUNT.




$$
