000
CDUS43 KGRB 090807
CLIRHI


CLIMATE REPORT
NATIONAL WEATHER SERVICE GREEN BAY
205 AM CST FRI DEC 9 2016


...................................

...THE RHINELANDER WI CLIMATE SUMMARY FOR DECEMBER 8 2016...

CLIMATE NORMAL PERIOD 1981 TO 2010
CLIMATE RECORD PERIOD 1908 TO 2016


WEATHER ITEM   OBSERVED TIME   RECORD YEAR NORMAL DEPARTURE LAST
                VALUE   (LST)  VALUE       VALUE  FROM      YEAR
                                                  NORMAL
..................................................................
TEMPERATURE (F)
 YESTERDAY
  MAXIMUM         27    201 PM  61    1939  27      0       40
  MINIMUM         13   1237 AM -24    1972  11      2       34
  AVERAGE         20                        19      1       37

PRECIPITATION (IN)
  YESTERDAY        0.11          0.63 1969   0.05   0.06     0.03
  MONTH TO DATE    0.36                      0.42  -0.06     0.42
  SINCE DEC 1      0.36                      0.42  -0.06     0.42
  SINCE JAN 1     41.24                     30.38  10.86    27.84

SNOWFALL (IN)
  YESTERDAY        2.1           8.0  1969  MM     MM        0.0
  MONTH TO DATE    5.2                      MM     MM        3.3
  SINCE DEC 1      5.2                      MM     MM        3.3
  SINCE JUL 1     11.8                      MM     MM        7.4
  SNOW DEPTH       4

DEGREE DAYS
 HEATING
  YESTERDAY       45                        46     -1       28
  MONTH TO DATE  302                       355    -53      255
  SINCE DEC 1    302                       355    -53      255
  SINCE JUL 1   1784                      2489   -705     1972

 COOLING
  YESTERDAY        0                         0      0        0
  MONTH TO DATE    0                         0      0        0
  SINCE DEC 1      0                         0      0        0
  SINCE JAN 1    321                       261     60      233
..................................................................


WIND (MPH)
  HIGHEST WIND SPEED    18   HIGHEST WIND DIRECTION     W (280)
  HIGHEST GUST SPEED    25   HIGHEST GUST DIRECTION     W (260)
  AVERAGE WIND SPEED    10.8


SKY COVER
  POSSIBLE SUNSHINE  MM
  AVERAGE SKY COVER 1.0


WEATHER CONDITIONS
 THE FOLLOWING WEATHER WAS RECORDED YESTERDAY.
  LIGHT SNOW
  FOG
  HAZE


RELATIVE HUMIDITY (PERCENT)
 HIGHEST    88           300 AM
 LOWEST     68          1200 PM
 AVERAGE    78

..........................................................


THE RHINELANDER WI CLIMATE NORMALS FOR TODAY
                         NORMAL    RECORD    YEAR
 MAXIMUM TEMPERATURE (F)   27        54      1946
 MINIMUM TEMPERATURE (F)   11       -26      1927


SUNRISE AND SUNSET
DECEMBER  9 2016......SUNRISE   727 AM CST   SUNSET   414 PM CST
DECEMBER 10 2016......SUNRISE   728 AM CST   SUNSET   414 PM CST


-  INDICATES NEGATIVE NUMBERS.
R  INDICATES RECORD WAS SET OR TIED.
MM INDICATES DATA IS MISSING.
T  INDICATES TRACE AMOUNT.

$$
