567
CDUS41 KAKQ 250540
CLIRIC


CLIMATE REPORT
NATIONAL WEATHER SERVICE WAKEFIELD, VA
138 AM EDT THU AUG 25 2016


...................................

...THE RICHMOND VA CLIMATE SUMMARY FOR AUGUST 24 2016...

CLIMATE NORMAL PERIOD 1981 TO 2010
CLIMATE RECORD PERIOD 1871 TO 2016


WEATHER ITEM   OBSERVED TIME   RECORD YEAR NORMAL DEPARTURE LAST
                VALUE   (LST)  VALUE       VALUE  FROM      YEAR
                                                  NORMAL
..................................................................
TEMPERATURE (F)
 YESTERDAY
  MAXIMUM         86    224 PM 101    1914  87     -1       91
  MINIMUM         61    455 AM  50    1952  67     -6       68
  AVERAGE         74                        77     -3       80

PRECIPITATION (IN)
  YESTERDAY        0.00          2.02 1967   0.15  -0.15     0.05
  MONTH TO DATE    0.53                      3.67  -3.14     2.71
  SINCE JUN 1     12.81                     12.11   0.70    14.51
  SINCE JAN 1     33.44                     29.00   4.44    32.49

SNOWFALL (IN)
  YESTERDAY        0.0           0.0  2002   0.0    0.0
                                      2001
  MONTH TO DATE    0.0                       0.0    0.0
  SINCE NOV 1     15.1                      10.3    4.8
  SINCE JUL 1      0.0                       0.0    0.0
  SNOW DEPTH       0

DEGREE DAYS
 HEATING
  YESTERDAY        0                         0      0        0
  MONTH TO DATE    0                         0      0        0
  SINCE JUN 1      0                         7     -7        6
  SINCE JUL 1      0                         0      0        0

 COOLING
  YESTERDAY        9                        12     -3       15
  MONTH TO DATE  370                       310     60      318
  SINCE JUN 1   1133                      1068     65     1168
  SINCE JAN 1   1242                      1229     13     1430
..................................................................


WIND (MPH)
  HIGHEST WIND SPEED    12   HIGHEST WIND DIRECTION    SE (150)
  HIGHEST GUST SPEED    14   HIGHEST GUST DIRECTION    SE (140)
  AVERAGE WIND SPEED     4.4


SKY COVER
  POSSIBLE SUNSHINE  MM
  AVERAGE SKY COVER 0.5


WEATHER CONDITIONS
 THE FOLLOWING WEATHER WAS RECORDED YESTERDAY.
  NO SIGNIFICANT WEATHER WAS OBSERVED.


RELATIVE HUMIDITY (PERCENT)
 HIGHEST    90           300 AM
 LOWEST     44           100 PM
 AVERAGE    67

..........................................................


THE RICHMOND VA CLIMATE NORMALS FOR TODAY
                         NORMAL    RECORD    YEAR
 MAXIMUM TEMPERATURE (F)   87        99      1998
                                             1968
 MINIMUM TEMPERATURE (F)   66        50      1952
                                             1930


SUNRISE AND SUNSET
AUGUST 25 2016........SUNRISE   634 AM EDT   SUNSET   748 PM EDT
AUGUST 26 2016........SUNRISE   635 AM EDT   SUNSET   746 PM EDT


-  INDICATES NEGATIVE NUMBERS.
R  INDICATES RECORD WAS SET OR TIED.
MM INDICATES DATA IS MISSING.
T  INDICATES TRACE AMOUNT.




$$
