000
CDUS41 KAKQ 302145
CLIRIC


CLIMATE REPORT
NATIONAL WEATHER SERVICE WAKEFIELD, VA
545 PM EDT THU MAR 30 2017


...................................

...THE RICHMOND VA CLIMATE SUMMARY FOR MARCH 30 2017...
VALID TODAY AS OF 0500 PM LOCAL TIME.

CLIMATE NORMAL PERIOD 1981 TO 2010
CLIMATE RECORD PERIOD 1871 TO 2017


WEATHER ITEM   OBSERVED TIME   RECORD YEAR NORMAL DEPARTURE LAST
                VALUE   (LST)  VALUE       VALUE  FROM      YEAR
                                                  NORMAL
..................................................................
TEMPERATURE (F)
 TODAY
  MAXIMUM         58    105 PM  91    1910  65     -7       66
  MINIMUM         45    452 AM  25    1941  41      4       35
  AVERAGE         52

PRECIPITATION (IN)
  TODAY            0.00          1.94 1975   0.13  -0.13     0.00
  MONTH TO DATE    2.22                      3.91  -1.69     1.01
  SINCE MAR 1      2.22                      3.91  -1.69     1.01
  SINCE JAN 1      7.22                      9.71  -2.49     8.66

SNOWFALL (IN)
  TODAY            0.0
  MONTH TO DATE    T
  SINCE NOV 1      7.1
  SINCE JUL 1      7.1
  SNOW DEPTH       0

DEGREE DAYS
 HEATING
  TODAY           13                        12      1       14
  MONTH TO DATE  486                       503    -17      358
  SINCE MAR 1    486                       503    -17      358
  SINCE JUL 1   2968                      3439   -471     2946

 COOLING
  TODAY            0                         0      0        0
  MONTH TO DATE    8                         0      8        6
  SINCE MAR 1      8                         0      8        6
  SINCE JAN 1      8                         0      8        6
..................................................................


WIND (MPH)
  RESULTANT WIND SPEED   5   RESULTANT WIND DIRECTION   E (90)
  HIGHEST WIND SPEED    13   HIGHEST WIND DIRECTION    SE (130)
  HIGHEST GUST SPEED    17   HIGHEST GUST DIRECTION    NE (60)


SKY COVER
  POSSIBLE SUNSHINE  MM
  AVERAGE SKY COVER 0.8


WEATHER CONDITIONS
 THE FOLLOWING WEATHER WAS RECORDED TODAY.
  NO SIGNIFICANT WEATHER WAS OBSERVED.


RELATIVE HUMIDITY (PERCENT)
 HIGHEST    93
 LOWEST     51
 AVERAGE    72

..........................................................


THE RICHMOND VA CLIMATE NORMALS FOR TOMORROW
                         NORMAL    RECORD    YEAR
 MAXIMUM TEMPERATURE (F)   65        90      1938
 MINIMUM TEMPERATURE (F)   42        17      1964


SUNRISE AND SUNSET
MARCH 30 2017.........SUNRISE   657 AM EDT   SUNSET   731 PM EDT
MARCH 31 2017.........SUNRISE   656 AM EDT   SUNSET   731 PM EDT


-  INDICATES NEGATIVE NUMBERS.
R  INDICATES RECORD WAS SET OR TIED.
MM INDICATES DATA IS MISSING.
T  INDICATES TRACE AMOUNT.




$$
