000
CDUS41 KAKQ 220828
CLIRIC


CLIMATE REPORT
NATIONAL WEATHER SERVICE WAKEFIELD, VA
328 AM EST MON DEC 22 2014


...................................

...THE RICHMOND VA CLIMATE SUMMARY FOR DECEMBER 21 2014...

CLIMATE NORMAL PERIOD 1981 TO 2010
CLIMATE RECORD PERIOD 1871 TO 2014


WEATHER ITEM   OBSERVED TIME   RECORD YEAR NORMAL DEPARTURE LAST
                VALUE   (LST)  VALUE       VALUE  FROM      YEAR
                                                  NORMAL
..................................................................
TEMPERATURE (F)
 YESTERDAY
  MAXIMUM         47    248 PM  73    1956  49     -2       72
  MINIMUM         34   1049 PM  -1    1942  30      4       50
  AVERAGE         41                        40      1       61

PRECIPITATION (IN)
  YESTERDAY        0.00          1.23 1926   0.11  -0.11     0.00
  MONTH TO DATE    1.03                      2.27  -1.24     3.49
  SINCE DEC 1      1.03                      2.27  -1.24     3.49
  SINCE JAN 1     33.63                     42.61  -8.98    51.06

SNOWFALL (IN)
  YESTERDAY        0.0           7.2  1900   0.1   -0.1
  MONTH TO DATE    0.0                       1.3   -1.3
  SINCE NOV 1      T                         1.5   -1.5
  SINCE JUL 1      T                         1.5   -1.5
  SNOW DEPTH       0

DEGREE DAYS
 HEATING
  YESTERDAY       24                        25     -1        4
  MONTH TO DATE  447                       481    -34      445
  SINCE DEC 1    447                       481    -34      445
  SINCE JUL 1   1117                      1157    -40     1085

 COOLING
  YESTERDAY        0                         0      0        0
  MONTH TO DATE    0                         0      0        0
  SINCE DEC 1      0                         0      0        0
  SINCE JAN 1   1679                      1548    131     1678
..................................................................


WIND (MPH)
  HIGHEST WIND SPEED     8   HIGHEST WIND DIRECTION    NE (40)
  HIGHEST GUST SPEED    10   HIGHEST GUST DIRECTION    NE (40)
  AVERAGE WIND SPEED     2.3


SKY COVER
  POSSIBLE SUNSHINE  MM
  AVERAGE SKY COVER 0.7


WEATHER CONDITIONS
 THE FOLLOWING WEATHER WAS RECORDED YESTERDAY.
  NO SIGNIFICANT WEATHER WAS OBSERVED.


RELATIVE HUMIDITY (PERCENT)
 HIGHEST    75          1000 PM
 LOWEST     45           100 PM
 AVERAGE    60

..........................................................


THE RICHMOND VA CLIMATE NORMALS FOR TODAY
                         NORMAL    RECORD    YEAR
 MAXIMUM TEMPERATURE (F)   49        76      2013
 MINIMUM TEMPERATURE (F)   30         6      1942


SUNRISE AND SUNSET
DECEMBER 22 2014......SUNRISE   721 AM EST   SUNSET   455 PM EST
DECEMBER 23 2014......SUNRISE   721 AM EST   SUNSET   456 PM EST


-  INDICATES NEGATIVE NUMBERS.
R  INDICATES RECORD WAS SET OR TIED.
MM INDICATES DATA IS MISSING.
T  INDICATES TRACE AMOUNT.




$$
