000
CDUS41 KAKQ 260845
CLIRIC


CLIMATE REPORT
NATIONAL WEATHER SERVICE WAKEFIELD, VA
445 AM EDT THU MAR 26 2015


...................................

...THE RICHMOND VA CLIMATE SUMMARY FOR MARCH 25 2015...

CLIMATE NORMAL PERIOD 1981 TO 2010
CLIMATE RECORD PERIOD 1871 TO 2015


WEATHER ITEM   OBSERVED TIME   RECORD YEAR NORMAL DEPARTURE LAST
                VALUE   (LST)  VALUE       VALUE  FROM      YEAR
                                                  NORMAL
..................................................................
TEMPERATURE (F)
 YESTERDAY
  MAXIMUM         62    516 PM  86    1939  63     -1       50
  MINIMUM         39    311 AM  22    1956  40     -1       29
  AVERAGE         51                        51      0       40

PRECIPITATION (IN)
  YESTERDAY        0.01          2.20 1984   0.13  -0.12     0.13
  MONTH TO DATE    3.28                      3.23   0.05     1.74
  SINCE MAR 1      3.28                      3.23   0.05     1.74
  SINCE JAN 1     10.54                      9.03   1.51     8.05

SNOWFALL (IN)
  YESTERDAY       MM             2.1  1906   0.0   MM
  MONTH TO DATE    0.3                       0.6   -0.3
  SINCE NOV 1     12.8                      10.2    2.6
  SINCE JUL 1     12.8                      10.2    2.6
  SNOW DEPTH       0

DEGREE DAYS
 HEATING
  YESTERDAY       14                        14      0       25
  MONTH TO DATE  445                       439      6      528
  SINCE MAR 1    445                       439      6      528
  SINCE JUL 1   3547                      3375    172     3481

 COOLING
  YESTERDAY        0                         0      0        0
  MONTH TO DATE    0                         0      0        2
  SINCE MAR 1      0                         0      0        2
  SINCE JAN 1      0                         0      0        2
..................................................................


WIND (MPH)
  HIGHEST WIND SPEED     9   HIGHEST WIND DIRECTION     E (70)
  HIGHEST GUST SPEED    12   HIGHEST GUST DIRECTION    SE (140)
  AVERAGE WIND SPEED     3.6


SKY COVER
  POSSIBLE SUNSHINE  MM
  AVERAGE SKY COVER 0.9


WEATHER CONDITIONS
 THE FOLLOWING WEATHER WAS RECORDED YESTERDAY.
  LIGHT RAIN


RELATIVE HUMIDITY (PERCENT)
 HIGHEST    76           600 AM
 LOWEST     42           300 PM
 AVERAGE    59

..........................................................


THE RICHMOND VA CLIMATE NORMALS FOR TODAY
                         NORMAL    RECORD    YEAR
 MAXIMUM TEMPERATURE (F)   64        85      1939
 MINIMUM TEMPERATURE (F)   40        15      1940


SUNRISE AND SUNSET
MARCH 26 2015.........SUNRISE   704 AM EDT   SUNSET   726 PM EDT
MARCH 27 2015.........SUNRISE   703 AM EDT   SUNSET   727 PM EDT


-  INDICATES NEGATIVE NUMBERS.
R  INDICATES RECORD WAS SET OR TIED.
MM INDICATES DATA IS MISSING.
T  INDICATES TRACE AMOUNT.




$$
