000
CDUS41 KAKQ 220827
CLIRIC


CLIMATE REPORT
NATIONAL WEATHER SERVICE WAKEFIELD, VA
427 AM EDT MON SEP 22 2014


...................................

...THE RICHMOND VA CLIMATE SUMMARY FOR SEPTEMBER 21 2014...

CLIMATE NORMAL PERIOD 1981 TO 2010
CLIMATE RECORD PERIOD 1871 TO 2014


WEATHER ITEM   OBSERVED TIME   RECORD YEAR NORMAL DEPARTURE LAST
                VALUE   (LST)  VALUE       VALUE  FROM      YEAR
                                                  NORMAL
..................................................................
TEMPERATURE (F)
 YESTERDAY
  MAXIMUM         90    316 PM  94    1980  79     11       79
  MINIMUM         63    643 AM  39    1956  58      5       58
  AVERAGE         77                        69      8       69

PRECIPITATION (IN)
  YESTERDAY        0.00          1.70 1966   0.13  -0.13     0.81
  MONTH TO DATE    0.55                      2.99  -2.44     1.35
  SINCE SEP 1      0.55                      2.99  -2.44     1.35
  SINCE JAN 1     26.22                     32.98  -6.76    40.22

SNOWFALL (IN)
  YESTERDAY        0.0           0.0  2002   0.0    0.0
                                      2001
  MONTH TO DATE    0.0                       0.0    0.0
  SINCE NOV 1     14.5                      10.3    4.2
  SINCE JUL 1      0.0                       0.0    0.0
  SNOW DEPTH       0

DEGREE DAYS
 HEATING
  YESTERDAY        0                         1     -1        0
  MONTH TO DATE    0                         8     -8        6
  SINCE SEP 1      0                         8     -8        6
  SINCE JUL 1      0                         9     -9        6

 COOLING
  YESTERDAY       12                         5      7        4
  MONTH TO DATE  220                       163     57      182
  SINCE SEP 1    220                       163     57      182
  SINCE JAN 1   1600                      1470    130     1587
..................................................................


WIND (MPH)
  HIGHEST WIND SPEED    17   HIGHEST WIND DIRECTION    SW (220)
  HIGHEST GUST SPEED    22   HIGHEST GUST DIRECTION    SW (210)
  AVERAGE WIND SPEED     7.6


SKY COVER
  POSSIBLE SUNSHINE  MM
  AVERAGE SKY COVER 0.6


WEATHER CONDITIONS
 THE FOLLOWING WEATHER WAS RECORDED YESTERDAY.
  NO SIGNIFICANT WEATHER WAS OBSERVED.


RELATIVE HUMIDITY (PERCENT)
 HIGHEST    93           300 AM
 LOWEST     32           300 PM
 AVERAGE    63

..........................................................


THE RICHMOND VA CLIMATE NORMALS FOR TODAY
                         NORMAL    RECORD    YEAR
 MAXIMUM TEMPERATURE (F)   79        97      1980
                                             1931
 MINIMUM TEMPERATURE (F)   58        40      1962


SUNRISE AND SUNSET
SEPTEMBER 22 2014.....SUNRISE   657 AM EDT   SUNSET   706 PM EDT
SEPTEMBER 23 2014.....SUNRISE   658 AM EDT   SUNSET   705 PM EDT


-  INDICATES NEGATIVE NUMBERS.
R  INDICATES RECORD WAS SET OR TIED.
MM INDICATES DATA IS MISSING.
T  INDICATES TRACE AMOUNT.




$$
