404
CDUS41 KAKQ 172245
CLIRIC


CLIMATE REPORT
NATIONAL WEATHER SERVICE WAKEFIELD, VA
545 PM EST SAT FEB 17 2018


...................................

...THE RICHMOND VA CLIMATE SUMMARY FOR FEBRUARY 17 2018...
VALID TODAY AS OF 0500 PM LOCAL TIME.

CLIMATE NORMAL PERIOD 1981 TO 2010
CLIMATE RECORD PERIOD 1871 TO 2018


WEATHER ITEM   OBSERVED TIME   RECORD YEAR NORMAL DEPARTURE LAST
                VALUE   (LST)  VALUE       VALUE  FROM      YEAR
                                                  NORMAL
..................................................................
TEMPERATURE (F)
 TODAY
  MAXIMUM         44    131 PM  81    1976  52     -8       61
  MINIMUM         34    634 AM   4    1958  31      3       22
  AVERAGE         39

PRECIPITATION (IN)
  TODAY            0.03          1.21 1998   0.10  -0.07     0.00
  MONTH TO DATE    1.57                      1.65  -0.08     0.52
  SINCE DEC 1      6.03                      7.95  -1.92     7.61
  SINCE JAN 1      4.98                      4.69   0.29     4.81

SNOWFALL (IN)
  TODAY           MM
  MONTH TO DATE    0.0
  SINCE NOV 1      8.4
  SINCE JUL 1      8.4
  SNOW DEPTH       0

DEGREE DAYS
 HEATING
  TODAY           26                        24      2       23
  MONTH TO DATE  360                       428    -68      335
  SINCE DEC 1   2034                      2013     21     1787
  SINCE JUL 1   2646                      2689    -43     2377

 COOLING
  TODAY            0                         0      0        0
  MONTH TO DATE    0                         0      0        0
  SINCE DEC 1      0                         1     -1        0
  SINCE JAN 1      0                         0      0        0
..................................................................


WIND (MPH)
  RESULTANT WIND SPEED   7   RESULTANT WIND DIRECTION  NE (60)
  HIGHEST WIND SPEED    18   HIGHEST WIND DIRECTION     N (20)
  HIGHEST GUST SPEED    23   HIGHEST GUST DIRECTION     N (20)


SKY COVER
  POSSIBLE SUNSHINE  MM
  AVERAGE SKY COVER 0.5


WEATHER CONDITIONS
 THE FOLLOWING WEATHER WAS RECORDED TODAY.
  RAIN
  LIGHT RAIN
  FOG


RELATIVE HUMIDITY (PERCENT)
 HIGHEST    92
 LOWEST     57
 AVERAGE    75

..........................................................


THE RICHMOND VA CLIMATE NORMALS FOR TOMORROW
                         NORMAL    RECORD    YEAR
 MAXIMUM TEMPERATURE (F)   52        77      2011
                                             1976
 MINIMUM TEMPERATURE (F)   31         6      1979


SUNRISE AND SUNSET
FEBRUARY 17 2018......SUNRISE   656 AM EST   SUNSET   551 PM EST
FEBRUARY 18 2018......SUNRISE   655 AM EST   SUNSET   552 PM EST


-  INDICATES NEGATIVE NUMBERS.
R  INDICATES RECORD WAS SET OR TIED.
MM INDICATES DATA IS MISSING.
T  INDICATES TRACE AMOUNT.




$$
