000
CDUS41 KAKQ 210645
CLIRIC


CLIMATE REPORT
NATIONAL WEATHER SERVICE WAKEFIELD, VA
145 AM EST TUE FEB 21 2017


...................................

...THE RICHMOND VA CLIMATE SUMMARY FOR FEBRUARY 20 2017...

CLIMATE NORMAL PERIOD 1981 TO 2010
CLIMATE RECORD PERIOD 1871 TO 2017


WEATHER ITEM   OBSERVED TIME   RECORD YEAR NORMAL DEPARTURE LAST
                VALUE   (LST)  VALUE       VALUE  FROM      YEAR
                                                  NORMAL
..................................................................
TEMPERATURE (F)
 YESTERDAY
  MAXIMUM         70    425 PM  77    1930  53     17       67
  MINIMUM         46   1154 PM   3    1979  31     15       39
  AVERAGE         58                        42     16       53

PRECIPITATION (IN)
  YESTERDAY        0.00          1.32 1921   0.10  -0.10     0.00
  MONTH TO DATE    0.52                      1.94  -1.42     2.47
  SINCE DEC 1      7.61                      8.24  -0.63    11.71
  SINCE JAN 1      4.81                      4.98  -0.17     5.77

SNOWFALL (IN)
  YESTERDAY        0.0           5.6  1947   0.1   -0.1
  MONTH TO DATE    0.0                       2.6   -2.6
  SINCE NOV 1      7.1                       8.8   -1.7
  SINCE JUL 1      7.1                       8.8   -1.7
  SNOW DEPTH       0

DEGREE DAYS
 HEATING
  YESTERDAY        7                        23    -16       12
  MONTH TO DATE  356                       498   -142      538
  SINCE DEC 1   1808                      2083   -275     1842
  SINCE JUL 1   2398                      2759   -361     2434

 COOLING
  YESTERDAY        0                         0      0        0
  MONTH TO DATE    0                         0      0        0
  SINCE DEC 1      0                         1     -1        8
  SINCE JAN 1      0                         0      0        0
..................................................................


WIND (MPH)
  HIGHEST WIND SPEED    17   HIGHEST WIND DIRECTION    NE (50)
  HIGHEST GUST SPEED    22   HIGHEST GUST DIRECTION    NE (50)
  AVERAGE WIND SPEED     6.6


SKY COVER
  POSSIBLE SUNSHINE  MM
  AVERAGE SKY COVER 0.4


WEATHER CONDITIONS
 THE FOLLOWING WEATHER WAS RECORDED YESTERDAY.
  NO SIGNIFICANT WEATHER WAS OBSERVED.


RELATIVE HUMIDITY (PERCENT)
 HIGHEST    80           800 AM
 LOWEST     31           400 PM
 AVERAGE    56

..........................................................


THE RICHMOND VA CLIMATE NORMALS FOR TODAY
                         NORMAL    RECORD    YEAR
 MAXIMUM TEMPERATURE (F)   53        75      1930
 MINIMUM TEMPERATURE (F)   31         4      2015


SUNRISE AND SUNSET
FEBRUARY 21 2017......SUNRISE   651 AM EST   SUNSET   555 PM EST
FEBRUARY 22 2017......SUNRISE   650 AM EST   SUNSET   556 PM EST


-  INDICATES NEGATIVE NUMBERS.
R  INDICATES RECORD WAS SET OR TIED.
MM INDICATES DATA IS MISSING.
T  INDICATES TRACE AMOUNT.




$$
