000
CDUS45 KGJT 270740
CLIRIL


CLIMATE REPORT
NATIONAL WEATHER SERVICE GRAND JUNCTION CO
137 AM MDT WED AUG 27 2014


...................................

...THE RIFLE CO CLIMATE SUMMARY FOR AUGUST 26 2014...

CLIMATE NORMAL PERIOD 1981 TO 2010
CLIMATE RECORD PERIOD 9999 TO 9999


WEATHER ITEM   OBSERVED TIME   RECORD YEAR NORMAL DEPARTURE LAST
                VALUE   (LST)  VALUE       VALUE  FROM      YEAR
                                                  NORMAL
..................................................................
TEMPERATURE (F)
 YESTERDAY
  MAXIMUM         74   1114 AM  MM      MM  86    -12       80
  MINIMUM         53    446 AM  MM      MM  51      2       59
  AVERAGE         64                        68     -4       70

PRECIPITATION (IN)
  YESTERDAY        0.25         MM      MM   0.04   0.21     0.03
  MONTH TO DATE    2.06                      1.14   0.92     0.30
  SINCE JUN 1      3.05                      3.29  -0.24     1.07
  SINCE JAN 1      7.54                      8.71  -1.17     5.06

SNOWFALL (IN)
  YESTERDAY       MM            MM      MM  MM     MM       MM
  MONTH TO DATE   MM                        MM     MM       MM
  SINCE JUN 1     MM                        MM     MM       MM
  SINCE JUL 1     MM                        MM     MM       MM
  SNOW DEPTH      MM

DEGREE DAYS
 HEATING
  YESTERDAY        1                         0      1        0
  MONTH TO DATE   12                         0     12        0
  SINCE JUN 1     52                        60     -8       13
  SINCE JUL 1     12                         1     11        0

 COOLING
  YESTERDAY        0                         4     -4        5
  MONTH TO DATE  129                       159    -30      160
  SINCE JUN 1    508                       495     13      650
  SINCE JAN 1    522                       502     20      657
..................................................................


WIND (MPH)
  HIGHEST WIND SPEED    40   HIGHEST WIND DIRECTION     W (250)
  HIGHEST GUST SPEED    49   HIGHEST GUST DIRECTION    SW (240)
  AVERAGE WIND SPEED     7.6


SKY COVER
  POSSIBLE SUNSHINE  MM
  AVERAGE SKY COVER 0.3


WEATHER CONDITIONS
 THE FOLLOWING WEATHER WAS RECORDED YESTERDAY.
  THUNDERSTORM
  HEAVY RAIN
  RAIN
  LIGHT RAIN
  FOG


RELATIVE HUMIDITY (PERCENT)
 HIGHEST    89           400 AM
 LOWEST     41          1100 AM
 AVERAGE    65

..........................................................


THE RIFLE CO CLIMATE NORMALS FOR TODAY
                         NORMAL    RECORD    YEAR
 MAXIMUM TEMPERATURE (F)   85        MM        MM
 MINIMUM TEMPERATURE (F)   51        MM        MM


SUNRISE AND SUNSET
AUGUST 27 2014........SUNRISE   635 AM MDT   SUNSET   749 PM MDT
AUGUST 28 2014........SUNRISE   635 AM MDT   SUNSET   748 PM MDT


-  INDICATES NEGATIVE NUMBERS.
R  INDICATES RECORD WAS SET OR TIED.
MM INDICATES DATA IS MISSING.
T  INDICATES TRACE AMOUNT.




$$
