238
CDUS45 KGJT 312344
CLIRIL


CLIMATE REPORT
NATIONAL WEATHER SERVICE GRAND JUNCTION CO
530 PM MDT TUE MAY 31 2016


...................................

...THE RIFLE CO CLIMATE SUMMARY FOR MAY 31 2016...
VALID TODAY AS OF 0500 PM LOCAL TIME.

CLIMATE NORMAL PERIOD 1981 TO 2010
CLIMATE RECORD PERIOD 9999 TO 9999


WEATHER ITEM   OBSERVED TIME   RECORD YEAR NORMAL DEPARTURE LAST
                VALUE   (LST)  VALUE       VALUE  FROM      YEAR
                                                  NORMAL
..................................................................
TEMPERATURE (F)
 TODAY
  MAXIMUM         81    308 PM  MM      MM  79      2       85
  MINIMUM         38    428 AM  MM      MM  43     -5       47
  AVERAGE         60                        61     -1       66

PRECIPITATION (IN)
  TODAY            T            MM      MM   0.05  -0.05      T
  MONTH TO DATE    1.41                      1.51  -0.10     4.26
  SINCE MAR 1      3.12                      3.85  -0.73     6.39
  SINCE JAN 1      4.38                      5.42  -1.04     6.93

SNOWFALL (IN)
  TODAY           MM            MM      MM  MM     MM       MM
  MONTH TO DATE   MM                        MM     MM       MM
  SINCE MAR 1     MM                        MM     MM       MM
  SINCE JUL 1     MM                        MM     MM       MM
  SNOW DEPTH      MM

DEGREE DAYS
 HEATING
  TODAY            5                         5      0        0
  MONTH TO DATE  272                       268      4      323
  SINCE MAR 1   1483                      1569    -86     1432
  SINCE JUL 1   6395                      6566   -171     5805

 COOLING
  TODAY            0                         1     -1        1
  MONTH TO DATE    1                         7     -6        1
  SINCE MAR 1      1                         7     -6        1
  SINCE JAN 1      1                         7     -6        1
..................................................................


WIND (MPH)
  HIGHEST WIND SPEED    32   HIGHEST WIND DIRECTION    SW (240)
  HIGHEST GUST SPEED    42   HIGHEST GUST DIRECTION    SW (240)
  AVERAGE WIND SPEED     4.2


SKY COVER
  POSSIBLE SUNSHINE  MM
  AVERAGE SKY COVER 0.0


WEATHER CONDITIONS
 THE FOLLOWING WEATHER WAS RECORDED TODAY.
  LIGHT RAIN


RELATIVE HUMIDITY (PERCENT)
 HIGHEST    79           300 AM
 LOWEST     16           300 PM
 AVERAGE    48

..........................................................


THE RIFLE CO CLIMATE NORMALS FOR TOMORROW
                         NORMAL    RECORD    YEAR
 MAXIMUM TEMPERATURE (F)   80        MM        MM
 MINIMUM TEMPERATURE (F)   43        MM        MM


SUNRISE AND SUNSET
MAY 31 2016...........SUNRISE   546 AM MDT   SUNSET   832 PM MDT
JUNE  1 2016..........SUNRISE   545 AM MDT   SUNSET   833 PM MDT


-  INDICATES NEGATIVE NUMBERS.
R  INDICATES RECORD WAS SET OR TIED.
MM INDICATES DATA IS MISSING.
T  INDICATES TRACE AMOUNT.




$$
