000
CDUS45 KGJT 312342
CLIRIL


CLIMATE REPORT
NATIONAL WEATHER SERVICE GRAND JUNCTION CO
530 PM MDT MON AUG 31 2015


...................................

...THE RIFLE CO CLIMATE SUMMARY FOR AUGUST 31 2015...
VALID TODAY AS OF 0500 PM LOCAL TIME.

CLIMATE NORMAL PERIOD 1981 TO 2010
CLIMATE RECORD PERIOD 9999 TO 9999


WEATHER ITEM   OBSERVED TIME   RECORD YEAR NORMAL DEPARTURE LAST
                VALUE   (LST)  VALUE       VALUE  FROM      YEAR
                                                  NORMAL
..................................................................
TEMPERATURE (F)
 TODAY
  MAXIMUM         78    357 PM  MM      MM  84     -6       84
  MINIMUM         59    654 AM  MM      MM  49     10       55
  AVERAGE         69                        67      2       70

PRECIPITATION (IN)
  TODAY            0.21         MM      MM   0.05   0.16     0.00
  MONTH TO DATE    1.92                      1.40   0.52     2.65
  SINCE JUN 1      4.24                      3.55   0.69     3.64
  SINCE JAN 1     11.17                      8.97   2.20     8.13

SNOWFALL (IN)
  TODAY           MM            MM      MM  MM     MM       MM
  MONTH TO DATE   MM                        MM     MM       MM
  SINCE JUN 1     MM                        MM     MM       MM
  SINCE JUL 1     MM                        MM     MM       MM
  SNOW DEPTH      MM

DEGREE DAYS
 HEATING
  TODAY            0                         1     -1        0
  MONTH TO DATE    0                         4     -4       17
  SINCE JUN 1     18                        66    -48       57
  SINCE JUL 1      0                         7     -7       17

 COOLING
  TODAY            4                         3      1        5
  MONTH TO DATE  218                       173     45      136
  SINCE JUN 1    590                       509     81      515
  SINCE JAN 1    591                       516     75      529
..................................................................


WIND (MPH)
  HIGHEST WIND SPEED    13   HIGHEST WIND DIRECTION     E (110)
  HIGHEST GUST SPEED    16   HIGHEST GUST DIRECTION     E (100)
  AVERAGE WIND SPEED     3.7


SKY COVER
  POSSIBLE SUNSHINE  MM
  AVERAGE SKY COVER 0.7


WEATHER CONDITIONS
 THE FOLLOWING WEATHER WAS RECORDED TODAY.
  RAIN
  LIGHT RAIN
  FOG


RELATIVE HUMIDITY (PERCENT)
 HIGHEST    93           700 AM
 LOWEST     42           400 PM
 AVERAGE    68

..........................................................


THE RIFLE CO CLIMATE NORMALS FOR TOMORROW
                         NORMAL    RECORD    YEAR
 MAXIMUM TEMPERATURE (F)   84        MM        MM
 MINIMUM TEMPERATURE (F)   49        MM        MM


SUNRISE AND SUNSET
AUGUST 31 2015........SUNRISE   638 AM MDT   SUNSET   744 PM MDT
SEPTEMBER  1 2015.....SUNRISE   639 AM MDT   SUNSET   742 PM MDT


-  INDICATES NEGATIVE NUMBERS.
R  INDICATES RECORD WAS SET OR TIED.
MM INDICATES DATA IS MISSING.
T  INDICATES TRACE AMOUNT.




$$
