000
CDUS45 KRIW 040738
CLIRIW


CLIMATE REPORT
NATIONAL WEATHER SERVICE RIVERTON WY
129 AM MDT WED MAY 4 2016


...................................

...THE RIVERTON WY CLIMATE SUMMARY FOR MAY 3 2016...

CLIMATE NORMAL PERIOD 1981 TO 2010
CLIMATE RECORD PERIOD 1995 TO 2016


WEATHER ITEM   OBSERVED TIME   RECORD YEAR NORMAL DEPARTURE LAST
                VALUE   (LST)  VALUE       VALUE  FROM      YEAR
                                                  NORMAL
..................................................................
TEMPERATURE (F)
 YESTERDAY
  MAXIMUM         70    403 PM  82    2014  63      7       70
  MINIMUM         38    506 AM  25    2008  36      2       47
  AVERAGE         54                        50      4       59

PRECIPITATION (IN)
  YESTERDAY        0.00          0.10 2009   0.05  -0.05     0.00
  MONTH TO DATE    0.00                      0.17  -0.17     0.00
  SINCE MAR 1      5.44                      2.02   3.42     1.23
  SINCE JAN 1      6.12                      2.53   3.59     2.30

SNOWFALL (IN)
  YESTERDAY        0.0                                       0.0
  MONTH TO DATE    0.0                                       0.0
  SINCE MAR 1     34.2                                      10.0
  SINCE JUL 1     62.4                                      38.6
  SNOW DEPTH       0

DEGREE DAYS
 HEATING
  YESTERDAY       11                        15     -4        6
  MONTH TO DATE   51                        47      4       22
  SINCE MAR 1   1423                      1589   -166     1387
  SINCE JUL 1   6744                      7443   -699     6780

 COOLING
  YESTERDAY        0                         0      0        0
  MONTH TO DATE    0                         0      0        0
  SINCE MAR 1      0                         0      0        0
  SINCE JAN 1      0                         0      0        0
..................................................................


WIND (MPH)
  HIGHEST WIND SPEED    15   HIGHEST WIND DIRECTION     W (280)
  HIGHEST GUST SPEED    17   HIGHEST GUST DIRECTION     W (290)
  AVERAGE WIND SPEED     6.4


SKY COVER
  POSSIBLE SUNSHINE  MM
  AVERAGE SKY COVER 0.0


WEATHER CONDITIONS
 THE FOLLOWING WEATHER WAS RECORDED YESTERDAY.
  NO SIGNIFICANT WEATHER WAS OBSERVED.


RELATIVE HUMIDITY (PERCENT)
 HIGHEST    76           200 AM
 LOWEST     23           500 PM
 AVERAGE    50

..........................................................


THE RIVERTON WY CLIMATE NORMALS FOR TODAY
                         NORMAL    RECORD    YEAR
 MAXIMUM TEMPERATURE (F)   63        82      2000
 MINIMUM TEMPERATURE (F)   37        27      2002


SUNRISE AND SUNSET
MAY  4 2016...........SUNRISE   603 AM MDT   SUNSET   819 PM MDT
MAY  5 2016...........SUNRISE   601 AM MDT   SUNSET   820 PM MDT


-  INDICATES NEGATIVE NUMBERS.
R  INDICATES RECORD WAS SET OR TIED.
MM INDICATES DATA IS MISSING.
T  INDICATES TRACE AMOUNT.




$$
