000
CDUS45 KRIW 230758
CLIRIW


CLIMATE REPORT
NATIONAL WEATHER SERVICE RIVERTON WY
157 AM MDT WED APR 23 2014


...................................

...THE RIVERTON WY CLIMATE SUMMARY FOR APRIL 22 2014...

CLIMATE NORMAL PERIOD 1981 TO 2010
CLIMATE RECORD PERIOD 1995 TO 2014


WEATHER ITEM   OBSERVED TIME   RECORD YEAR NORMAL DEPARTURE LAST
                VALUE   (LST)  VALUE       VALUE  FROM      YEAR
                                                  NORMAL
..................................................................
TEMPERATURE (F)
 YESTERDAY
  MAXIMUM         70    153 PM  79    2006  59     11       30
  MINIMUM         37    541 AM  19    2013  33      4       19
  AVERAGE         54                        46      8       25

PRECIPITATION (IN)
  YESTERDAY        0.01          0.57 1999   0.05  -0.04     0.28
  MONTH TO DATE    0.07                      0.87  -0.80     1.17
  SINCE MAR 1      0.57                      1.42  -0.85     1.28
  SINCE JAN 1      1.47                      1.93  -0.46     1.93

SNOWFALL (IN)
  YESTERDAY        0.0                                       3.0
  MONTH TO DATE    0.4                                      13.6
  SINCE MAR 1      3.8                                      14.7
  SINCE JUL 1     53.0                                      33.5
  SNOW DEPTH       0

DEGREE DAYS
 HEATING
  YESTERDAY       11                        19     -8       40
  MONTH TO DATE  451                       483    -32      615
  SINCE MAR 1   1367                      1401    -34     1491
  SINCE JUL 1   7248                      7255     -7     7057

 COOLING
  YESTERDAY        0                         0      0        0
  MONTH TO DATE    0                         0      0        0
  SINCE MAR 1      0                         0      0        0
  SINCE JAN 1      0                         0      0        0
..................................................................


WIND (MPH)
  HIGHEST WIND SPEED    37   HIGHEST WIND DIRECTION     S (200)
  HIGHEST GUST SPEED    45   HIGHEST GUST DIRECTION     S (200)
  AVERAGE WIND SPEED    12.6


SKY COVER
  POSSIBLE SUNSHINE  MM
  AVERAGE SKY COVER 0.2


WEATHER CONDITIONS
 THE FOLLOWING WEATHER WAS RECORDED YESTERDAY.
  NO SIGNIFICANT WEATHER WAS OBSERVED.


RELATIVE HUMIDITY (PERCENT)
 HIGHEST    59           300 AM
 LOWEST     21           100 PM
 AVERAGE    40

..........................................................


THE RIVERTON WY CLIMATE NORMALS FOR TODAY
                         NORMAL    RECORD    YEAR
 MAXIMUM TEMPERATURE (F)   60        83      2012
 MINIMUM TEMPERATURE (F)   33         9      2013


SUNRISE AND SUNSET
APRIL 23 2014.........SUNRISE   619 AM MDT   SUNSET   806 PM MDT
APRIL 24 2014.........SUNRISE   618 AM MDT   SUNSET   807 PM MDT


-  INDICATES NEGATIVE NUMBERS.
R  INDICATES RECORD WAS SET OR TIED.
MM INDICATES DATA IS MISSING.
T  INDICATES TRACE AMOUNT.




$$
