000
CDUS45 KRIW 240742
CLIRIW


CLIMATE REPORT
NATIONAL WEATHER SERVICE RIVERTON WY
141 AM MDT THU AUG 24 2017


...................................

...THE RIVERTON WY CLIMATE SUMMARY FOR AUGUST 23 2017...

CLIMATE NORMAL PERIOD 1981 TO 2010
CLIMATE RECORD PERIOD 1995 TO 2017


WEATHER ITEM   OBSERVED TIME   RECORD YEAR NORMAL DEPARTURE LAST
                VALUE   (LST)  VALUE       VALUE  FROM      YEAR
                                                  NORMAL
..................................................................
TEMPERATURE (F)
 YESTERDAY
  MAXIMUM         87    321 PM  95    2011  83      4       86
  MINIMUM         54    522 AM  39    2015  53      1       51
  AVERAGE         71                        68      3       69

PRECIPITATION (IN)
  YESTERDAY        0.00          0.07 2002   0.02  -0.02     0.00
  MONTH TO DATE    0.92                      0.42   0.50     0.26
  SINCE JUN 1      1.27                      2.59  -1.32     0.65
  SINCE JAN 1     11.43                      6.67   4.76     9.54

SNOWFALL (IN)
  YESTERDAY        0.0                                       0.0
  MONTH TO DATE    0.0                                       0.0
  SINCE JUN 1      0.0                                       0.0
  SINCE JUL 1      0.0                                       0.0
  SNOW DEPTH       0

DEGREE DAYS
 HEATING
  YESTERDAY        0                         1     -1        0
  MONTH TO DATE    7                        13     -6       25
  SINCE JUN 1     76                       144    -68       45
  SINCE JUL 1      7                        25    -18       29

 COOLING
  YESTERDAY        6                         4      2        4
  MONTH TO DATE   76                       148    -72      134
  SINCE JUN 1    423                       434    -11      551
  SINCE JAN 1    423                       443    -20      551
..................................................................


WIND (MPH)
  HIGHEST WIND SPEED    23   HIGHEST WIND DIRECTION    NW (320)
  HIGHEST GUST SPEED    26   HIGHEST GUST DIRECTION    NW (320)
  AVERAGE WIND SPEED     8.4


SKY COVER
  POSSIBLE SUNSHINE  MM
  AVERAGE SKY COVER 0.1


WEATHER CONDITIONS
 THE FOLLOWING WEATHER WAS RECORDED YESTERDAY.
  NO SIGNIFICANT WEATHER WAS OBSERVED.


RELATIVE HUMIDITY (PERCENT)
 HIGHEST    47           300 AM
 LOWEST     11           300 PM
 AVERAGE    29

..........................................................


THE RIVERTON WY CLIMATE NORMALS FOR TODAY
                         NORMAL    RECORD    YEAR
 MAXIMUM TEMPERATURE (F)   83        95      2011
 MINIMUM TEMPERATURE (F)   53        42      2014
                                             2010


SUNRISE AND SUNSET
AUGUST 24 2017........SUNRISE   630 AM MDT   SUNSET   801 PM MDT
AUGUST 25 2017........SUNRISE   631 AM MDT   SUNSET   800 PM MDT


-  INDICATES NEGATIVE NUMBERS.
R  INDICATES RECORD WAS SET OR TIED.
MM INDICATES DATA IS MISSING.
T  INDICATES TRACE AMOUNT.




$$
