000
CDUS45 KRIW 300734
CLIRIW


CLIMATE REPORT
NATIONAL WEATHER SERVICE RIVERTON WY
127 AM MDT THU OCT 30 2014


...................................

...THE RIVERTON WY CLIMATE SUMMARY FOR OCTOBER 29 2014...

CLIMATE NORMAL PERIOD 1981 TO 2010
CLIMATE RECORD PERIOD 1995 TO 2014


WEATHER ITEM   OBSERVED TIME   RECORD YEAR NORMAL DEPARTURE LAST
                VALUE   (LST)  VALUE       VALUE  FROM      YEAR
                                                  NORMAL
..................................................................
TEMPERATURE (F)
 YESTERDAY
  MAXIMUM         63    127 PM  66    2012  51     12       31
  MINIMUM         27    642 AM  13    2002  28     -1       17
  AVERAGE         45                        40      5       24

PRECIPITATION (IN)
  YESTERDAY        0.00          0.07 2003   0.01  -0.01      T
  MONTH TO DATE    0.16                      0.87  -0.71     1.94
  SINCE SEP 1      0.97                      1.77  -0.80     4.95
  SINCE JAN 1      6.34                      8.59  -2.25     9.01

SNOWFALL (IN)
  YESTERDAY        0.0                                       0.2
  MONTH TO DATE    T                                        17.5
  SINCE SEP 1      0.3                                      24.8
  SINCE JUL 1      0.3                                      24.8
  SNOW DEPTH       0

DEGREE DAYS
 HEATING
  YESTERDAY       20                        25     -5       41
  MONTH TO DATE  413                       563   -150      686
  SINCE SEP 1    585                       789   -204      873
  SINCE JUL 1    635                       827   -192      873

 COOLING
  YESTERDAY        0                         0      0        0
  MONTH TO DATE    0                         0      0        0
  SINCE SEP 1     31                        26      5       68
  SINCE JAN 1    431                       494    -63      798
..................................................................


WIND (MPH)
  HIGHEST WIND SPEED    26   HIGHEST WIND DIRECTION    NW (320)
  HIGHEST GUST SPEED    34   HIGHEST GUST DIRECTION    NW (320)
  AVERAGE WIND SPEED    10.3


SKY COVER
  POSSIBLE SUNSHINE  MM
  AVERAGE SKY COVER 0.1


WEATHER CONDITIONS
 THE FOLLOWING WEATHER WAS RECORDED YESTERDAY.
  NO SIGNIFICANT WEATHER WAS OBSERVED.


RELATIVE HUMIDITY (PERCENT)
 HIGHEST    55          1100 PM
 LOWEST     21           200 PM
 AVERAGE    38

..........................................................


THE RIVERTON WY CLIMATE NORMALS FOR TODAY
                         NORMAL    RECORD    YEAR
 MAXIMUM TEMPERATURE (F)   51        65      2008
 MINIMUM TEMPERATURE (F)   27         2      2002


SUNRISE AND SUNSET
OCTOBER 30 2014.......SUNRISE   746 AM MDT   SUNSET   608 PM MDT
OCTOBER 31 2014.......SUNRISE   747 AM MDT   SUNSET   607 PM MDT


-  INDICATES NEGATIVE NUMBERS.
R  INDICATES RECORD WAS SET OR TIED.
MM INDICATES DATA IS MISSING.
T  INDICATES TRACE AMOUNT.




$$
