000
CDUS45 KRIW 250735
CLIRIW


CLIMATE REPORT
NATIONAL WEATHER SERVICE RIVERTON WY
1234 AM MST SAT FEB 25 2017


...................................

...THE RIVERTON WY CLIMATE SUMMARY FOR FEBRUARY 24 2017...

CLIMATE NORMAL PERIOD 1981 TO 2010
CLIMATE RECORD PERIOD 1995 TO 2017


WEATHER ITEM   OBSERVED TIME   RECORD YEAR NORMAL DEPARTURE LAST
                VALUE   (LST)  VALUE       VALUE  FROM      YEAR
                                                  NORMAL
..................................................................
TEMPERATURE (F)
 YESTERDAY
  MAXIMUM         23    419 PM  57    2009  39    -16       41
  MINIMUM          5   1017 PM -20    2003  16    -11       20
  AVERAGE         14                        28    -14       31

PRECIPITATION (IN)
  YESTERDAY        0.06R         0.03 2001   0.01   0.05     0.00
  MONTH TO DATE    0.85                      0.22   0.63     0.28
  SINCE DEC 1      2.63                      0.78   1.85     0.76
  SINCE JAN 1      1.86                      0.46   1.40     0.68

SNOWFALL (IN)
  YESTERDAY        1.0                                       0.0
  MONTH TO DATE   14.3                                       2.6
  SINCE DEC 1     43.3                                      10.1
  SINCE JUL 1     47.7                                      28.2
  SNOW DEPTH       6

DEGREE DAYS
 HEATING
  YESTERDAY       51                        38     13       34
  MONTH TO DATE  924                       995    -71      815
  SINCE DEC 1   4077                      3794    283     3657
  SINCE JUL 1   5673                      5710    -37     5196

 COOLING
  YESTERDAY        0                         0      0        0
  MONTH TO DATE    0                         0      0        0
  SINCE DEC 1      0                         0      0        0
  SINCE JAN 1      0                         0      0        0
..................................................................


WIND (MPH)
  HIGHEST WIND SPEED    14   HIGHEST WIND DIRECTION     W (250)
  HIGHEST GUST SPEED    17   HIGHEST GUST DIRECTION     W (250)
  AVERAGE WIND SPEED     4.1


SKY COVER
  POSSIBLE SUNSHINE  MM
  AVERAGE SKY COVER 0.7


WEATHER CONDITIONS
 THE FOLLOWING WEATHER WAS RECORDED YESTERDAY.
  LIGHT SNOW
  FOG


RELATIVE HUMIDITY (PERCENT)
 HIGHEST   100          1200 AM
 LOWEST     71           300 PM
 AVERAGE    86

..........................................................


THE RIVERTON WY CLIMATE NORMALS FOR TODAY
                         NORMAL    RECORD    YEAR
 MAXIMUM TEMPERATURE (F)   40        58      2009
 MINIMUM TEMPERATURE (F)   16       -12      2002


SUNRISE AND SUNSET
FEBRUARY 25 2017......SUNRISE   656 AM MST   SUNSET   558 PM MST
FEBRUARY 26 2017......SUNRISE   654 AM MST   SUNSET   600 PM MST


-  INDICATES NEGATIVE NUMBERS.
R  INDICATES RECORD WAS SET OR TIED.
MM INDICATES DATA IS MISSING.
T  INDICATES TRACE AMOUNT.




$$
