000
CDUS45 KRIW 050748
CLIRIW


CLIMATE REPORT
NATIONAL WEATHER SERVICE RIVERTON WY
1235 AM MST THU MAR 5 2015


...................................

...THE RIVERTON WY CLIMATE SUMMARY FOR MARCH 4 2015...

CLIMATE NORMAL PERIOD 1981 TO 2010
CLIMATE RECORD PERIOD 1995 TO 2015


WEATHER ITEM   OBSERVED TIME   RECORD YEAR NORMAL DEPARTURE LAST
                VALUE   (LST)  VALUE       VALUE  FROM      YEAR
                                                  NORMAL
..................................................................
TEMPERATURE (F)
 YESTERDAY
  MAXIMUM         13    351 PM  60    2000  43    -30       44
  MINIMUM         -9R   723 AM   0    2004  19    -28       30
  AVERAGE          2                        31    -29       37

PRECIPITATION (IN)
  YESTERDAY        0.00          0.01 2008   0.02  -0.02     0.00
                                      2008
                                      2013
  MONTH TO DATE    0.31                      0.05   0.26     0.07
  SINCE MAR 1      0.31                      0.05   0.26     0.07
  SINCE JAN 1      1.38                      0.56   0.82     0.97

SNOWFALL (IN)
  YESTERDAY        0.0                                       0.0
  MONTH TO DATE    5.2                                       0.1
  SINCE MAR 1      5.2                                       0.1
  SINCE JUL 1     33.8                                      49.3
  SNOW DEPTH       3

DEGREE DAYS
 HEATING
  YESTERDAY       63                        34     29       28
  MONTH TO DATE  212                       138     74      178
  SINCE MAR 1    212                       138     74      178
  SINCE JUL 1   5605                      5992   -387     6059

 COOLING
  YESTERDAY        0                         0      0        0
  MONTH TO DATE    0                         0      0        0
  SINCE MAR 1      0                         0      0        0
  SINCE JAN 1      0                         0      0        0
..................................................................


WIND (MPH)
  HIGHEST WIND SPEED     9   HIGHEST WIND DIRECTION    SW (220)
  HIGHEST GUST SPEED    10   HIGHEST GUST DIRECTION    NE (60)
  AVERAGE WIND SPEED     4.6


SKY COVER
  POSSIBLE SUNSHINE  MM
  AVERAGE SKY COVER 0.0


WEATHER CONDITIONS
 THE FOLLOWING WEATHER WAS RECORDED YESTERDAY.
  FOG
  HAZE


RELATIVE HUMIDITY (PERCENT)
 HIGHEST    91           500 AM
 LOWEST     66           200 PM
 AVERAGE    79

..........................................................


THE RIVERTON WY CLIMATE NORMALS FOR TODAY
                         NORMAL    RECORD    YEAR
 MAXIMUM TEMPERATURE (F)   43        60      2000
 MINIMUM TEMPERATURE (F)   20         4      2003


SUNRISE AND SUNSET
MARCH  5 2015.........SUNRISE   643 AM MST   SUNSET   608 PM MST
MARCH  6 2015.........SUNRISE   642 AM MST   SUNSET   609 PM MST


-  INDICATES NEGATIVE NUMBERS.
R  INDICATES RECORD WAS SET OR TIED.
MM INDICATES DATA IS MISSING.
T  INDICATES TRACE AMOUNT.




$$
