000
CDUS45 KRIW 010027
CLIRIW


CLIMATE REPORT
NATIONAL WEATHER SERVICE RIVERTON WY
626 PM MDT THU JUL 31 2014


...................................

...THE RIVERTON WY CLIMATE SUMMARY FOR JULY 31 2014...
VALID TODAY AS OF 0500 PM LOCAL TIME.

CLIMATE NORMAL PERIOD 1981 TO 2010
CLIMATE RECORD PERIOD 1995 TO 2014


WEATHER ITEM   OBSERVED TIME   RECORD YEAR NORMAL DEPARTURE LAST
                VALUE   (LST)  VALUE       VALUE  FROM      YEAR
                                                  NORMAL
..................................................................
TEMPERATURE (F)
 TODAY
  MAXIMUM         83        MM  98    2003  89     -6       86
  MINIMUM         53        MM  49    2009  57     -4       53
  AVERAGE         68                        73     -5       70

PRECIPITATION (IN)
  TODAY            0.00          0.27 1998   0.02  -0.02      T
  MONTH TO DATE    0.78                      0.89  -0.11     0.54
  SINCE JUN 1      1.90                      2.17  -0.27     0.59
  SINCE JAN 1      4.22                      6.25  -2.03     4.03

SNOWFALL (IN)
  TODAY            0.0                                       0.0
  MONTH TO DATE    0.0                                       0.0
  SINCE JUN 1      0.0                                       0.0
  SINCE JUL 1      0.0                                       0.0
  SNOW DEPTH       0

DEGREE DAYS
 HEATING
  TODAY            0                         0      0        0
  MONTH TO DATE    4                         8     -4        0
  SINCE JUN 1    130                       131     -1       52
  SINCE JUL 1      4                        12     -8        0

 COOLING
  TODAY            3                         8     -5        5
  MONTH TO DATE  238                       220     18      307
  SINCE JUN 1    261                       286    -25      444
  SINCE JAN 1    276                       295    -19      457
..................................................................


WIND (MPH)
  HIGHEST WIND SPEED    15   HIGHEST WIND DIRECTION    NW (300)
  HIGHEST GUST SPEED    MM   HIGHEST GUST DIRECTION    MM
  AVERAGE WIND SPEED     9.5


SKY COVER
  POSSIBLE SUNSHINE  MM
  AVERAGE SKY COVER 0.0


WEATHER CONDITIONS
 THE FOLLOWING WEATHER WAS RECORDED TODAY.
  NO SIGNIFICANT WEATHER WAS OBSERVED.


RELATIVE HUMIDITY (PERCENT)
 HIGHEST    59           500 AM
 LOWEST      9           400 PM
 AVERAGE    34

..........................................................


THE RIVERTON WY CLIMATE NORMALS FOR TOMORROW
                         NORMAL    RECORD    YEAR
 MAXIMUM TEMPERATURE (F)   89        99      2008
 MINIMUM TEMPERATURE (F)   57        47      2009


SUNRISE AND SUNSET
JULY 31 2014..........SUNRISE   604 AM MDT   SUNSET   836 PM MDT
AUGUST  1 2014........SUNRISE   605 AM MDT   SUNSET   835 PM MDT


-  INDICATES NEGATIVE NUMBERS.
R  INDICATES RECORD WAS SET OR TIED.
MM INDICATES DATA IS MISSING.
T  INDICATES TRACE AMOUNT.




$$
