264
CDUS45 KRIW 050738
CLIRKS


CLIMATE REPORT
NATIONAL WEATHER SERVICE RIVERTON WY
129 AM MDT THU MAY 5 2016


...................................

...THE ROCK SPRINGS WY CLIMATE SUMMARY FOR MAY 4 2016...

CLIMATE NORMAL PERIOD 1981 TO 2010
CLIMATE RECORD PERIOD 1948 TO 2016


WEATHER ITEM   OBSERVED TIME   RECORD YEAR NORMAL DEPARTURE LAST
                VALUE   (LST)  VALUE       VALUE  FROM      YEAR
                                                  NORMAL
..................................................................
TEMPERATURE (F)
 YESTERDAY
  MAXIMUM         71    346 PM  79    2004  60     11       65
                                      1966
  MINIMUM         39    535 AM  18    1950  34      5       39
  AVERAGE         55                        47      8       52

PRECIPITATION (IN)
  YESTERDAY        0.00          0.53 1998   0.04  -0.04     0.00
  MONTH TO DATE    0.00                      0.16  -0.16     0.02
  SINCE MAR 1      2.04                      1.75   0.29     0.91
  SINCE JAN 1      2.26                      2.68  -0.42     1.00

DEGREE DAYS
 HEATING
  YESTERDAY       10                        18     -8       13
  MONTH TO DATE   78                        74      4       43
  SINCE MAR 1   1636                      1754   -118     1488
  SINCE JUL 1   7153                      7606   -453     6601

 COOLING
  YESTERDAY        0                         0      0        0
  MONTH TO DATE    0                         0      0        0
  SINCE MAR 1      0                         0      0        0
  SINCE JAN 1      0                         0      0        0
..................................................................


WIND (MPH)
  HIGHEST WIND SPEED    25   HIGHEST WIND DIRECTION     S (200)
  HIGHEST GUST SPEED    31   HIGHEST GUST DIRECTION     S (200)
  AVERAGE WIND SPEED     7.2


SKY COVER
  POSSIBLE SUNSHINE  MM
  AVERAGE SKY COVER 0.0


WEATHER CONDITIONS
 THE FOLLOWING WEATHER WAS RECORDED YESTERDAY.
  NO SIGNIFICANT WEATHER WAS OBSERVED.


RELATIVE HUMIDITY (PERCENT)
 HIGHEST    60           600 AM
 LOWEST     15           200 PM
 AVERAGE    38

..........................................................


THE ROCK SPRINGS WY CLIMATE NORMALS FOR TODAY
                         NORMAL    RECORD    YEAR
 MAXIMUM TEMPERATURE (F)   60        79      2004
 MINIMUM TEMPERATURE (F)   35        18      2010
                                             1950


SUNRISE AND SUNSET
MAY  5 2016...........SUNRISE   607 AM MDT   SUNSET   819 PM MDT
MAY  6 2016...........SUNRISE   606 AM MDT   SUNSET   820 PM MDT


-  INDICATES NEGATIVE NUMBERS.
R  INDICATES RECORD WAS SET OR TIED.
MM INDICATES DATA IS MISSING.
T  INDICATES TRACE AMOUNT.




$$
