000
CDUS45 KRIW 240734
CLIRKS


CLIMATE REPORT
NATIONAL WEATHER SERVICE RIVERTON WY
134 AM MDT SUN MAY 24 2015


...................................

...THE ROCK SPRINGS WY CLIMATE SUMMARY FOR MAY 23 2015...

CLIMATE NORMAL PERIOD 1981 TO 2010
CLIMATE RECORD PERIOD 1948 TO 2015


WEATHER ITEM   OBSERVED TIME   RECORD YEAR NORMAL DEPARTURE LAST
                VALUE   (LST)  VALUE       VALUE  FROM      YEAR
                                                  NORMAL
..................................................................
TEMPERATURE (F)
 YESTERDAY
  MAXIMUM         57    302 PM  83    1984  66     -9       68
  MINIMUM         37    448 AM  24    1966  40     -3       45
  AVERAGE         47                        53     -6       57

PRECIPITATION (IN)
  YESTERDAY        T             0.55 2008   0.04  -0.04      T
  MONTH TO DATE    1.95                      0.91   1.04     0.23
  SINCE MAR 1      2.84                      2.50   0.34     0.90
  SINCE JAN 1      2.93                      3.43  -0.50     1.05

DEGREE DAYS
 HEATING
  YESTERDAY       18                        12      6        8
  MONTH TO DATE  404                       356     48      323
  SINCE MAR 1   1849                      2036   -187     1866
  SINCE JUL 1   6962                      7888   -926     7318

 COOLING
  YESTERDAY        0                         0      0        0
  MONTH TO DATE    0                         0      0        0
  SINCE MAR 1      0                         0      0        0
  SINCE JAN 1      0                         0      0        0
..................................................................


WIND (MPH)
  HIGHEST WIND SPEED    22   HIGHEST WIND DIRECTION    NE (50)
  HIGHEST GUST SPEED    28   HIGHEST GUST DIRECTION    NE (50)
  AVERAGE WIND SPEED     8.7


SKY COVER
  POSSIBLE SUNSHINE  MM
  AVERAGE SKY COVER 0.3


WEATHER CONDITIONS
 THE FOLLOWING WEATHER WAS RECORDED YESTERDAY.
  THUNDERSTORM
  LIGHT RAIN


RELATIVE HUMIDITY (PERCENT)
 HIGHEST    92          1200 AM
 LOWEST     46           600 PM
 AVERAGE    69

..........................................................


THE ROCK SPRINGS WY CLIMATE NORMALS FOR TODAY
                         NORMAL    RECORD    YEAR
 MAXIMUM TEMPERATURE (F)   67        80      2003
                                             2001
 MINIMUM TEMPERATURE (F)   40        30      2007


SUNRISE AND SUNSET
MAY 24 2015...........SUNRISE   549 AM MDT   SUNSET   837 PM MDT
MAY 25 2015...........SUNRISE   549 AM MDT   SUNSET   838 PM MDT


-  INDICATES NEGATIVE NUMBERS.
R  INDICATES RECORD WAS SET OR TIED.
MM INDICATES DATA IS MISSING.
T  INDICATES TRACE AMOUNT.




$$
