341
CDUS45 KRIW 200745
CLIRKS


CLIMATE REPORT
NATIONAL WEATHER SERVICE RIVERTON WY
1244 AM MST MON NOV 20 2017


...................................

...THE ROCK SPRINGS WY CLIMATE SUMMARY FOR NOVEMBER 19 2017...

CLIMATE NORMAL PERIOD 1981 TO 2010
CLIMATE RECORD PERIOD 1948 TO 2017


WEATHER ITEM   OBSERVED TIME   RECORD YEAR NORMAL DEPARTURE LAST
                VALUE   (LST)  VALUE       VALUE  FROM      YEAR
                                                  NORMAL
..................................................................
TEMPERATURE (F)
 YESTERDAY
  MAXIMUM         33    336 PM  61    2007  38     -5       37
  MINIMUM         11    333 AM   1    1977  20     -9       12
  AVERAGE         22                        29     -7       25

PRECIPITATION (IN)
  YESTERDAY        0.00          0.29 1977   0.02  -0.02     0.00
  MONTH TO DATE    0.29                      0.34  -0.05     0.05
  SINCE SEP 1      1.08                      2.13  -1.05     2.10
  SINCE JAN 1      5.46                      7.91  -2.45     7.27

DEGREE DAYS
 HEATING
  YESTERDAY       43                        36      7       40
  MONTH TO DATE  558                       596    -38      460
  SINCE SEP 1   1579                      1499     80     1247
  SINCE JUL 1   1596                      1563     33     1306

 COOLING
  YESTERDAY        0                         0      0        0
  MONTH TO DATE    0                         0      0        0
  SINCE SEP 1     26                         9     17       12
  SINCE JAN 1    394                       286    108      354
..................................................................


WIND (MPH)
  HIGHEST WIND SPEED    14   HIGHEST WIND DIRECTION    SW (240)
  HIGHEST GUST SPEED    15   HIGHEST GUST DIRECTION    SW (240)
  AVERAGE WIND SPEED     4.3


SKY COVER
  POSSIBLE SUNSHINE  MM
  AVERAGE SKY COVER 0.0


WEATHER CONDITIONS
 THE FOLLOWING WEATHER WAS RECORDED YESTERDAY.
  NO SIGNIFICANT WEATHER WAS OBSERVED.


RELATIVE HUMIDITY (PERCENT)
 HIGHEST    80           400 AM
 LOWEST     54           400 PM
 AVERAGE    67

..........................................................


THE ROCK SPRINGS WY CLIMATE NORMALS FOR TODAY
                         NORMAL    RECORD    YEAR
 MAXIMUM TEMPERATURE (F)   38        62      1989
 MINIMUM TEMPERATURE (F)   19        -4      1977


SUNRISE AND SUNSET
NOVEMBER 20 2017......SUNRISE   712 AM MST   SUNSET   452 PM MST
NOVEMBER 21 2017......SUNRISE   713 AM MST   SUNSET   451 PM MST


-  INDICATES NEGATIVE NUMBERS.
R  INDICATES RECORD WAS SET OR TIED.
MM INDICATES DATA IS MISSING.
T  INDICATES TRACE AMOUNT.




$$
