000
CDUS45 KRIW 210801
CLIRKS


CLIMATE REPORT
NATIONAL WEATHER SERVICE RIVERTON WY
132 AM MDT FRI JUL 21 2017


...................................

...THE ROCK SPRINGS WY CLIMATE SUMMARY FOR JULY 20 2017...

CLIMATE NORMAL PERIOD 1981 TO 2010
CLIMATE RECORD PERIOD 1948 TO 2017


WEATHER ITEM   OBSERVED TIME   RECORD YEAR NORMAL DEPARTURE LAST
                VALUE   (LST)  VALUE       VALUE  FROM      YEAR
                                                  NORMAL
..................................................................
TEMPERATURE (F)
 YESTERDAY
  MAXIMUM         90    352 PM  93    2005  85      5       86
  MINIMUM         59    505 AM  45    1995  55      4       60
  AVERAGE         75                        70      5       73

PRECIPITATION (IN)
  YESTERDAY        0.02          1.13 1990   0.02   0.00     0.00
  MONTH TO DATE    0.02                      0.39  -0.37     0.22
  SINCE JUN 1      0.04                      1.18  -1.14     0.43
  SINCE JAN 1      3.56                      4.91  -1.35     4.89

DEGREE DAYS
 HEATING
  YESTERDAY        0                         0      0        0
  MONTH TO DATE    0                        19    -19       13
  SINCE JUN 1     86                       186   -100       52
  SINCE JUL 1      0                        19    -19       13

 COOLING
  YESTERDAY       10                         5      5        8
  MONTH TO DATE  160                        85     75       82
  SINCE JUN 1    205                       120     85      163
  SINCE JAN 1    205                       121     84      163
..................................................................


WIND (MPH)
  HIGHEST WIND SPEED    24   HIGHEST WIND DIRECTION    SE (150)
  HIGHEST GUST SPEED    29   HIGHEST GUST DIRECTION    SE (150)
  AVERAGE WIND SPEED     8.5


SKY COVER
  POSSIBLE SUNSHINE  MM
  AVERAGE SKY COVER 0.3


WEATHER CONDITIONS
 THE FOLLOWING WEATHER WAS RECORDED YESTERDAY.
  THUNDERSTORM
  RAIN
  LIGHT RAIN


RELATIVE HUMIDITY (PERCENT)
 HIGHEST    72           300 AM
 LOWEST     19           400 PM
 AVERAGE    46

..........................................................


THE ROCK SPRINGS WY CLIMATE NORMALS FOR TODAY
                         NORMAL    RECORD    YEAR
 MAXIMUM TEMPERATURE (F)   85        95      2005
 MINIMUM TEMPERATURE (F)   55        44      1949


SUNRISE AND SUNSET
JULY 21 2017..........SUNRISE   601 AM MDT   SUNSET   844 PM MDT
JULY 22 2017..........SUNRISE   602 AM MDT   SUNSET   843 PM MDT


-  INDICATES NEGATIVE NUMBERS.
R  INDICATES RECORD WAS SET OR TIED.
MM INDICATES DATA IS MISSING.
T  INDICATES TRACE AMOUNT.




$$
