000
CDUS42 KFFC 270820
CLIRMG


CLIMATE REPORT
NATIONAL WEATHER SERVICE PEACHTREE CITY GA
420 AM EDT TUE SEP 27 2016


...................................

...THE ROME  CLIMATE SUMMARY FOR SEPTEMBER 26 2016...

CLIMATE NORMAL PERIOD 1981 TO 2010
CLIMATE RECORD PERIOD 9999 TO 9999


WEATHER ITEM   OBSERVED TIME   RECORD YEAR NORMAL DEPARTURE LAST
                VALUE   (LST)  VALUE       VALUE  FROM      YEAR
                                                  NORMAL
..................................................................
TEMPERATURE (F)
 YESTERDAY
  MAXIMUM         92    237 PM  MM      MM  80     12       70
  MINIMUM         65    701 AM  MM      MM  56      9       64
  AVERAGE         79                        68     11       67

PRECIPITATION (IN)
  YESTERDAY        0.19         MM      MM   0.14   0.05     0.29
  MONTH TO DATE    0.24                      2.85  -2.61     3.00
  SINCE SEP 1      0.24                      2.85  -2.61     3.00
  SINCE JAN 1     27.51                     38.27 -10.76    32.94

DEGREE DAYS
 HEATING
  YESTERDAY        0                         1     -1        0
  MONTH TO DATE    0                         7     -7        6
  SINCE SEP 1      0                         7     -7        6
  SINCE JUL 1      0                         7     -7        6

 COOLING
  YESTERDAY       14                         5      9        2
  MONTH TO DATE  371                       208    163      221
  SINCE SEP 1    371                       208    163      221
  SINCE JAN 1   2116                      1574    542     1809
..................................................................


WIND (MPH)
  RESULTANT WIND SPEED   0   RESULTANT WIND DIRECTION  NW (310)
  HIGHEST WIND SPEED    23   HIGHEST WIND DIRECTION     N (350)
  HIGHEST GUST SPEED    31   HIGHEST GUST DIRECTION    NW (320)
  AVERAGE WIND SPEED     3.4


SKY COVER
  AVERAGE SKY COVER 0.2


WEATHER CONDITIONS
 THE FOLLOWING WEATHER WAS RECORDED YESTERDAY.
  HEAVY RAIN
  LIGHT RAIN
  FOG


RELATIVE HUMIDITY (PERCENT)
 HIGHEST    97           500 PM
 LOWEST     38           200 PM
 AVERAGE    68

..........................................................


THE ROME  CLIMATE NORMALS FOR TODAY
                         NORMAL    RECORD    YEAR
 MAXIMUM TEMPERATURE (F)   80        MM        MM
 MINIMUM TEMPERATURE (F)   56        MM        MM


SUNRISE AND SUNSET
SEPTEMBER 27 2016.....SUNRISE   733 AM EDT   SUNSET   730 PM EDT
SEPTEMBER 28 2016.....SUNRISE   733 AM EDT   SUNSET   728 PM EDT


-  INDICATES NEGATIVE NUMBERS.
R  INDICATES RECORD WAS SET OR TIED.
MM INDICATES DATA IS MISSING.
T  INDICATES TRACE AMOUNT.




$$
