000
CDUS42 KFFC 250816
CLIRMG


CLIMATE REPORT
NATIONAL WEATHER SERVICE PEACHTREE CITY GA
415 AM EDT TUE APR 25 2017


...................................

...THE ROME  CLIMATE SUMMARY FOR APRIL 24 2017...

CLIMATE NORMAL PERIOD 1981 TO 2010
CLIMATE RECORD PERIOD 9999 TO 9999


WEATHER ITEM   OBSERVED TIME   RECORD YEAR NORMAL DEPARTURE LAST
                VALUE   (LST)  VALUE       VALUE  FROM      YEAR
                                                  NORMAL
..................................................................
TEMPERATURE (F)
 YESTERDAY
  MAXIMUM         71    503 PM  MM      MM  75     -4       82
  MINIMUM         55    642 AM  MM      MM  49      6       48
  AVERAGE         63                        62      1       65

PRECIPITATION (IN)
  YESTERDAY        0.25         MM      MM   0.15   0.10     0.00
  MONTH TO DATE    5.65                      3.09   2.56     1.90
  SINCE MAR 1      9.96                      8.04   1.92     6.76
  SINCE JAN 1     21.22                     17.73   3.49    15.77

SNOWFALL (IN)
  YESTERDAY        0.0          MM      MM  MM     MM       MM
  MONTH TO DATE    0.0                      MM     MM        0.0
  SINCE MAR 1      0.0                      MM     MM        0.0
  SINCE JUL 1      T                        MM     MM         T
  SNOW DEPTH       0

DEGREE DAYS
 HEATING
  YESTERDAY        2                         5     -3        0
  MONTH TO DATE   59                       165   -106      139
  SINCE MAR 1    374                       570   -196      396
  SINCE JUL 1   2083                      3192  -1109     2454

 COOLING
  YESTERDAY        0                         1     -1        0
  MONTH TO DATE   76                        20     56       11
  SINCE MAR 1    103                        24     79       23
  SINCE JAN 1    103                        24     79       23
..................................................................


WIND (MPH)
  RESULTANT WIND SPEED   2   RESULTANT WIND DIRECTION   N (340)
  HIGHEST WIND SPEED    14   HIGHEST WIND DIRECTION    NW (320)
  HIGHEST GUST SPEED    18   HIGHEST GUST DIRECTION     N (340)
  AVERAGE WIND SPEED     4.3


SKY COVER
  AVERAGE SKY COVER 0.8


WEATHER CONDITIONS
 THE FOLLOWING WEATHER WAS RECORDED YESTERDAY.
  RAIN
  LIGHT RAIN
  FOG


RELATIVE HUMIDITY (PERCENT)
 HIGHEST    93           800 AM
 LOWEST     61           300 PM
 AVERAGE    77

..........................................................


THE ROME  CLIMATE NORMALS FOR TODAY
                         NORMAL    RECORD    YEAR
 MAXIMUM TEMPERATURE (F)   75        MM        MM
 MINIMUM TEMPERATURE (F)   49        MM        MM


SUNRISE AND SUNSET
APRIL 25 2017.........SUNRISE   657 AM EDT   SUNSET   820 PM EDT
APRIL 26 2017.........SUNRISE   656 AM EDT   SUNSET   821 PM EDT


-  INDICATES NEGATIVE NUMBERS.
R  INDICATES RECORD WAS SET OR TIED.
MM INDICATES DATA IS MISSING.
T  INDICATES TRACE AMOUNT.




$$
