000
CDUS42 KFFC 280820
CLIRMG


CLIMATE REPORT
NATIONAL WEATHER SERVICE PEACHTREE CITY GA
419 AM EDT MON JUL 28 2014


...................................

...THE ROME  CLIMATE SUMMARY FOR JULY 27 2014...

CLIMATE NORMAL PERIOD 1981 TO 2010
CLIMATE RECORD PERIOD 9999 TO 9999


WEATHER ITEM   OBSERVED TIME   RECORD YEAR NORMAL DEPARTURE LAST
                VALUE   (LST)  VALUE       VALUE  FROM      YEAR
                                                  NORMAL
..................................................................
TEMPERATURE (F)
 YESTERDAY
  MAXIMUM         93    345 PM  MM      MM  90      3       84
  MINIMUM         67    611 AM  MM      MM  69     -2       70
  AVERAGE         80                        80      0       77

PRECIPITATION (IN)
  YESTERDAY        0.00         MM      MM   0.11  -0.11      T
  MONTH TO DATE    1.46                      3.94  -2.48     5.16
  SINCE JUN 1      6.42                      8.04  -1.62    10.58
  SINCE JAN 1     30.91                     30.91   0.00    25.38

DEGREE DAYS
 COOLING
  YESTERDAY       15                        15      0       12
  MONTH TO DATE  336                       391    -55      344
  SINCE JUN 1    705                       721    -16      710
  SINCE JAN 1    906                       889     17      853
..................................................................


WIND (MPH)
  RESULTANT WIND SPEED   5   RESULTANT WIND DIRECTION   W (250)
  HIGHEST WIND SPEED    15   HIGHEST WIND DIRECTION    SW (220)
  HIGHEST GUST SPEED    23   HIGHEST GUST DIRECTION     W (290)
  AVERAGE WIND SPEED     5.9


SKY COVER
  AVERAGE SKY COVER 0.2


WEATHER CONDITIONS
 THE FOLLOWING WEATHER WAS RECORDED YESTERDAY.
  FOG


RELATIVE HUMIDITY (PERCENT)
 HIGHEST   100           500 AM
 LOWEST     52           300 PM
 AVERAGE    76

..........................................................


THE ROME  CLIMATE NORMALS FOR TODAY
                         NORMAL    RECORD    YEAR
 MAXIMUM TEMPERATURE (F)   90        MM        MM
 MINIMUM TEMPERATURE (F)   69        MM        MM


SUNRISE AND SUNSET
JULY 28 2014..........SUNRISE   649 AM EDT   SUNSET   845 PM EDT
JULY 29 2014..........SUNRISE   649 AM EDT   SUNSET   845 PM EDT


-  INDICATES NEGATIVE NUMBERS.
R  INDICATES RECORD WAS SET OR TIED.
MM INDICATES DATA IS MISSING.
T  INDICATES TRACE AMOUNT.




$$
