000
CDUS42 KFFC 110919
CLIRMG


CLIMATE REPORT
NATIONAL WEATHER SERVICE PEACHTREE CITY GA
418 AM EST MON DEC 11 2017


...................................

...THE ROME  CLIMATE SUMMARY FOR DECEMBER 10 2017...

CLIMATE NORMAL PERIOD 1981 TO 2010
CLIMATE RECORD PERIOD 9999 TO 9999


WEATHER ITEM   OBSERVED TIME   RECORD YEAR NORMAL DEPARTURE LAST
                VALUE   (LST)  VALUE       VALUE  FROM      YEAR
                                                  NORMAL
..................................................................
TEMPERATURE (F)
 YESTERDAY
  MAXIMUM         45    441 PM  MM      MM  54     -9       47
  MINIMUM         22    755 AM  MM      MM  33    -11       21
  AVERAGE         34                        43     -9       34

PRECIPITATION (IN)
  YESTERDAY        0.00         MM      MM   0.17  -0.17     0.00
  MONTH TO DATE    1.48                      1.82  -0.34     2.27
  SINCE DEC 1      1.48                      1.82  -0.34     2.27
  SINCE JAN 1     50.22                     49.36   0.86    31.56

SNOWFALL (IN)
  YESTERDAY        0.0          MM      MM  MM     MM        0.0
  MONTH TO DATE    0.0                      MM     MM        0.0
  SINCE DEC 1      0.0                      MM     MM        0.0
  SINCE JUL 1      0.0                      MM     MM        0.0
  SNOW DEPTH       0

DEGREE DAYS
 HEATING
  YESTERDAY       31                        22      9       31
  MONTH TO DATE  180                       205    -25      211
  SINCE DEC 1    180                       205    -25      211
  SINCE JUL 1    700                       812   -112      564
..................................................................


WIND (MPH)
  RESULTANT WIND SPEED   1   RESULTANT WIND DIRECTION  SW (230)
  HIGHEST WIND SPEED    12   HIGHEST WIND DIRECTION    SW (220)
  HIGHEST GUST SPEED    15   HIGHEST GUST DIRECTION    SW (240)
  AVERAGE WIND SPEED     3.4


SKY COVER
  AVERAGE SKY COVER 0.0


WEATHER CONDITIONS
 THE FOLLOWING WEATHER WAS RECORDED YESTERDAY.
  NO SIGNIFICANT WEATHER WAS OBSERVED.


RELATIVE HUMIDITY (PERCENT)
 HIGHEST   100           800 AM
 LOWEST     45           400 PM
 AVERAGE    73

..........................................................


THE ROME  CLIMATE NORMALS FOR TODAY
                         NORMAL    RECORD    YEAR
 MAXIMUM TEMPERATURE (F)   54        MM        MM
 MINIMUM TEMPERATURE (F)   33        MM        MM


SUNRISE AND SUNSET
DECEMBER 11 2017......SUNRISE   737 AM EST   SUNSET   531 PM EST
DECEMBER 12 2017......SUNRISE   738 AM EST   SUNSET   531 PM EST


-  INDICATES NEGATIVE NUMBERS.
R  INDICATES RECORD WAS SET OR TIED.
MM INDICATES DATA IS MISSING.
T  INDICATES TRACE AMOUNT.




$$
