000
CDUS41 KRNK 102215
CLIRNK


CLIMATE REPORT
NATIONAL WEATHER SERVICE BLACKSBURG VA
514 PM EST WED FEB 10 2016


...................................

...THE BLACKSBURG VA CLIMATE SUMMARY FOR FEBRUARY 10 2016...
VALID TODAY AS OF 0500 PM LOCAL TIME.

CLIMATE NORMAL PERIOD 1981 TO 2010
CLIMATE RECORD PERIOD 1952 TO 2016


WEATHER ITEM   OBSERVED RECORD YEAR NORMAL DEPARTURE LAST
                VALUE   VALUE       VALUE  FROM      YEAR
                                           NORMAL
...........................................................
TEMPERATURE (F)
 TODAY
  MAXIMUM         22     66    2009  44    -22       44
                               2001
  MINIMUM         17      2    1979  23     -6       23
  AVERAGE         20                 33    -13       34

PRECIPITATION (IN)
  TODAY            T      0.78 1962   0.10  -0.10     0.06
  MONTH TO DATE    1.32               1.00   0.32     0.37
  SINCE DEC 1      8.78               7.03   1.75     4.32
  SINCE JAN 1      3.76               4.08  -0.32     1.67

SNOWFALL (IN)
  TODAY            T                                  0.0
  MONTH TO DATE    0.8                                 T
  SINCE DEC 1     15.0                                1.6
  SINCE JUL 1     15.0                                4.0
  SNOW DEPTH       T

DEGREE DAYS
 HEATING
  TODAY           45                 32     13       31
  MONTH TO DATE  308                323    -15      282
  SINCE DEC 1   1967               2330   -363     2140
  SINCE JUL 1   2855               3510   -655     3333

 COOLING
  TODAY            0                  0      0        0
  MONTH TO DATE    0                  0      0        0
  SINCE DEC 1      0                  0      0        0
  SINCE JAN 1      0                  0      0        0
...........................................................


WIND (MPH)
  HIGHEST WIND SPEED    16   HIGHEST WIND DIRECTION    NW (300)
  HIGHEST GUST SPEED    26   HIGHEST GUST DIRECTION     W (290)
  AVERAGE WIND SPEED    10.6


SKY COVER
  AVERAGE SKY COVER 1.0


WEATHER CONDITIONS
 THE FOLLOWING WEATHER WAS RECORDED TODAY.
  LIGHT SNOW


RELATIVE HUMIDITY (PERCENT)
 HIGHEST    77           100 AM
 LOWEST     59           100 PM
 AVERAGE    68

..........................................................


THE BLACKSBURG VA CLIMATE NORMALS FOR TOMORROW
                         NORMAL    RECORD    YEAR
 MAXIMUM TEMPERATURE (F)   44        67      1959
 MINIMUM TEMPERATURE (F)   23         3      1971


SUNRISE AND SUNSET
FEBRUARY 10 2016......SUNRISE   717 AM EST   SUNSET   556 PM EST
FEBRUARY 11 2016......SUNRISE   716 AM EST   SUNSET   557 PM EST


-  INDICATES NEGATIVE NUMBERS.
R  INDICATES RECORD WAS SET OR TIED.
MM INDICATES DATA IS MISSING.
T  INDICATES TRACE AMOUNT.




$$
