000
CDUS41 KRNK 200833
CLIRNK


CLIMATE REPORT
NATIONAL WEATHER SERVICE BLACKSBURG VA
331 AM EST MON FEB 20 2017


...................................

...THE BLACKSBURG VA CLIMATE SUMMARY FOR FEBRUARY 19 2017...

CLIMATE NORMAL PERIOD 1981 TO 2010
CLIMATE RECORD PERIOD 1952 TO 2017


WEATHER ITEM   OBSERVED RECORD YEAR NORMAL DEPARTURE LAST
                VALUE   VALUE       VALUE  FROM      YEAR
                                           NORMAL
...........................................................
TEMPERATURE (F)
 YESTERDAY
  MAXIMUM         59     65    1994  46     13       47
  MINIMUM         41     -2    2015  24     17       22
                               1958
  AVERAGE         50                 35     15       35

PRECIPITATION (IN)
  YESTERDAY        0.00   0.90 1960   0.10  -0.10     0.00
  MONTH TO DATE    0.61               1.92  -1.31     3.18
  SINCE DEC 1      8.20               7.95   0.25    10.64
  SINCE JAN 1      5.11               5.00   0.11     5.62

SNOWFALL (IN)
  YESTERDAY        0.0                                0.0
  MONTH TO DATE    T                                  9.8
  SINCE DEC 1      6.6                               24.0
  SINCE JUL 1      6.6                               24.0
  SNOW DEPTH       0

DEGREE DAYS
 HEATING
  YESTERDAY       15                 30    -15       30
  MONTH TO DATE  452                600   -148      662
  SINCE DEC 1   2160               2607   -447     2321
  SINCE JUL 1   2933               3787   -854     3209

 COOLING
  YESTERDAY        0                  0      0        0
  MONTH TO DATE    0                  0      0        0
  SINCE DEC 1      0                  0      0        0
  SINCE JAN 1      0                  0      0        0
...........................................................


WIND (MPH)
  HIGHEST WIND SPEED    14   HIGHEST WIND DIRECTION    NW (310)
  HIGHEST GUST SPEED    21   HIGHEST GUST DIRECTION    NW (300)
  AVERAGE WIND SPEED     5.1


SKY COVER
  AVERAGE SKY COVER 0.5


WEATHER CONDITIONS
 THE FOLLOWING WEATHER WAS RECORDED YESTERDAY.
  NO SIGNIFICANT WEATHER WAS OBSERVED.


RELATIVE HUMIDITY (PERCENT)
 HIGHEST    89           800 PM
 LOWEST     55           300 PM
 AVERAGE    72

..........................................................


THE BLACKSBURG VA CLIMATE NORMALS FOR TODAY
                         NORMAL    RECORD    YEAR
 MAXIMUM TEMPERATURE (F)   46        68      1984
 MINIMUM TEMPERATURE (F)   24        -5      2015


SUNRISE AND SUNSET
FEBRUARY 20 2017......SUNRISE   704 AM EST   SUNSET   607 PM EST
FEBRUARY 21 2017......SUNRISE   703 AM EST   SUNSET   608 PM EST


-  INDICATES NEGATIVE NUMBERS.
R  INDICATES RECORD WAS SET OR TIED.
MM INDICATES DATA IS MISSING.
T  INDICATES TRACE AMOUNT.

$$
RCS
