000
CDUS41 KRNK 290632
CLIRNK


CLIMATE REPORT
NATIONAL WEATHER SERVICE BLACKSBURG VA
230 AM EDT WED JUL 29 2015


...................................

...THE BLACKSBURG VA CLIMATE SUMMARY FOR JULY 28 2015...

CLIMATE NORMAL PERIOD 1981 TO 2010
CLIMATE RECORD PERIOD 1952 TO 2015


WEATHER ITEM   OBSERVED RECORD YEAR NORMAL DEPARTURE LAST
                VALUE   VALUE       VALUE  FROM      YEAR
                                           NORMAL
...........................................................
TEMPERATURE (F)
 YESTERDAY
  MAXIMUM         87     95    1966  82      5       76
  MINIMUM         66     45    1962  60      6       59
  AVERAGE         77                 71      6       68

PRECIPITATION (IN)
  YESTERDAY        0.08   1.90 1970   0.14  -0.06      T
  MONTH TO DATE    4.26               3.85   0.41     1.92
  SINCE JUN 1      7.74               7.85  -0.11     4.99
  SINCE JAN 1     23.27              25.19  -1.92    19.82

SNOWFALL (IN)
  YESTERDAY        0.0                                0.0
  MONTH TO DATE    T                                  0.0
  SINCE JUN 1      T                                   T
  SINCE JUL 1      T                                  0.0
  SNOW DEPTH       0

DEGREE DAYS
 HEATING
  YESTERDAY        0                  0      0        0
  MONTH TO DATE    0                  0      0        6
  SINCE JUN 1     11                 38    -27        9
  SINCE JUL 1      0                  0      0        6

 COOLING
  YESTERDAY       12                  6      6        3
  MONTH TO DATE  220                174     46      179
  SINCE JUN 1    432                293    139      345
  SINCE JAN 1    508                322    186      403
...........................................................


WIND (MPH)
  HIGHEST WIND SPEED    16   HIGHEST WIND DIRECTION     N (350)
  HIGHEST GUST SPEED    MM   HIGHEST GUST DIRECTION    MM
  AVERAGE WIND SPEED     2.0


SKY COVER
  AVERAGE SKY COVER 0.6


WEATHER CONDITIONS
 THE FOLLOWING WEATHER WAS RECORDED YESTERDAY.
  THUNDERSTORM
  HEAVY RAIN
  RAIN
  LIGHT RAIN
  FOG


RELATIVE HUMIDITY (PERCENT)
 HIGHEST   100           200 AM
 LOWEST     61           100 PM
 AVERAGE    81

..........................................................


THE BLACKSBURG VA CLIMATE NORMALS FOR TODAY
                         NORMAL    RECORD    YEAR
 MAXIMUM TEMPERATURE (F)   82        94      1953
 MINIMUM TEMPERATURE (F)   60        50      1983


SUNRISE AND SUNSET
JULY 29 2015..........SUNRISE   624 AM EDT   SUNSET   832 PM EDT
JULY 30 2015..........SUNRISE   625 AM EDT   SUNSET   831 PM EDT


-  INDICATES NEGATIVE NUMBERS.
R  INDICATES RECORD WAS SET OR TIED.
MM INDICATES DATA IS MISSING.
T  INDICATES TRACE AMOUNT.

$$

RAB
