000
CDUS41 KRNK 170526
CLIRNK


CLIMATE REPORT
NATIONAL WEATHER SERVICE BLACKSBURG VA
124 AM EDT THU AUG 17 2017


...................................

...THE BLACKSBURG VA CLIMATE SUMMARY FOR AUGUST 16 2017...

CLIMATE NORMAL PERIOD 1981 TO 2010
CLIMATE RECORD PERIOD 1952 TO 2017


WEATHER ITEM   OBSERVED RECORD YEAR NORMAL DEPARTURE LAST
                VALUE   VALUE       VALUE  FROM      YEAR
                                           NORMAL
...........................................................
TEMPERATURE (F)
 YESTERDAY
  MAXIMUM         86     97    2007  82      4       87
  MINIMUM         62     40    1979  59      3       67
  AVERAGE         74                 70      4       77

PRECIPITATION (IN)
  YESTERDAY        0.00   0.37 2003   0.11  -0.11      T
  MONTH TO DATE    1.73               1.92  -0.19     3.63
  SINCE JUN 1      7.95              10.18  -2.23    11.77
  SINCE JAN 1     29.19              27.52   1.67    27.79

SNOWFALL (IN)
  YESTERDAY        0.0                                0.0
  MONTH TO DATE    0.0                                0.0
  SINCE JUN 1      0.0                                0.0
  SINCE JUL 1      0.0                                0.0
  SNOW DEPTH       0

DEGREE DAYS
 HEATING
  YESTERDAY        0                  0      0        0
  MONTH TO DATE    2                  0      2        0
  SINCE JUN 1     36                 44     -8       12
  SINCE JUL 1      2                  6     -4        0

 COOLING
  YESTERDAY        9                  6      3       12
  MONTH TO DATE   77                 96    -19      151
  SINCE JUN 1    414                411      3      608
  SINCE JAN 1    468                440     28      654
...........................................................


WIND (MPH)
  HIGHEST WIND SPEED     7   HIGHEST WIND DIRECTION     E (80)
  HIGHEST GUST SPEED    MM   HIGHEST GUST DIRECTION    MM
  AVERAGE WIND SPEED     1.3


SKY COVER
  AVERAGE SKY COVER 0.6


WEATHER CONDITIONS
 THE FOLLOWING WEATHER WAS RECORDED YESTERDAY.
  FOG
  FOG W/VISIBILITY <= 1/4 MILE


RELATIVE HUMIDITY (PERCENT)
 HIGHEST    97          1200 AM
 LOWEST     49           600 PM
 AVERAGE    73

..........................................................


THE BLACKSBURG VA CLIMATE NORMALS FOR TODAY
                         NORMAL    RECORD    YEAR
 MAXIMUM TEMPERATURE (F)   82        92      1988
 MINIMUM TEMPERATURE (F)   59        42      1979


SUNRISE AND SUNSET
AUGUST 17 2017........SUNRISE   640 AM EDT   SUNSET   811 PM EDT
AUGUST 18 2017........SUNRISE   641 AM EDT   SUNSET   809 PM EDT


-  INDICATES NEGATIVE NUMBERS.
R  INDICATES RECORD WAS SET OR TIED.
MM INDICATES DATA IS MISSING.
T  INDICATES TRACE AMOUNT.




$$
