000
CDUS41 KRNK 200927
CLIRNK


CLIMATE REPORT
NATIONAL WEATHER SERVICE BLACKSBURG VA
524 AM EDT MON OCT 20 2014


...................................

...THE BLACKSBURG VA CLIMATE SUMMARY FOR OCTOBER 19 2014...

CLIMATE NORMAL PERIOD 1981 TO 2010
CLIMATE RECORD PERIOD 1952 TO 2014


WEATHER ITEM   OBSERVED TIME   RECORD YEAR NORMAL DEPARTURE LAST
                VALUE   (LST)  VALUE       VALUE  FROM      YEAR
                                                  NORMAL
..................................................................
TEMPERATURE (F)
 YESTERDAY
  MAXIMUM         58    400 PM  80    1991  65     -7       60
  MINIMUM         35   1000 PM  25    1970  38     -3       42
  AVERAGE         47                        51     -4       51

PRECIPITATION (IN)
  YESTERDAY        T             2.94 1966   0.08  -0.08     0.00
  MONTH TO DATE    4.05                      1.69   2.36     2.36
  SINCE SEP 1      7.85                      4.79   3.06     3.49
  SINCE JAN 1     33.62                     33.98  -0.36    43.04

SNOWFALL (IN)
  YESTERDAY        0.0
  MONTH TO DATE    0.0
  SINCE SEP 1      0.0
  SINCE JUL 1      0.0
  SNOW DEPTH       0

DEGREE DAYS
 HEATING
  YESTERDAY       18                        14      4       14
  MONTH TO DATE  155                       212    -57      119
  SINCE SEP 1    221                       325   -104      229
  SINCE JUL 1    232                       343   -111      252

 COOLING
  YESTERDAY        0                         0      0        0
  MONTH TO DATE    2                         1      1        7
  SINCE SEP 1     79                        58     21       62
  SINCE JAN 1    609                       570     39      568
..................................................................


WIND (MPH)
  HIGHEST WIND SPEED    14   HIGHEST WIND DIRECTION    NW (310)
  HIGHEST GUST SPEED    21   HIGHEST GUST DIRECTION    NW (310)
  AVERAGE WIND SPEED     7.2


SKY COVER
  POSSIBLE SUNSHINE  MM
  AVERAGE SKY COVER 0.4


WEATHER CONDITIONS
 THE FOLLOWING WEATHER WAS RECORDED YESTERDAY.
  LIGHT RAIN


RELATIVE HUMIDITY (PERCENT)
 HIGHEST   100          1200 AM
 LOWEST     51           200 PM
 AVERAGE    76

..........................................................


THE BLACKSBURG VA CLIMATE NORMALS FOR TODAY
                         NORMAL    RECORD    YEAR
 MAXIMUM TEMPERATURE (F)   64        82      1985
 MINIMUM TEMPERATURE (F)   38        18      1972


SUNRISE AND SUNSET
OCTOBER 20 2014.......SUNRISE   734 AM EDT   SUNSET   638 PM EDT
OCTOBER 21 2014.......SUNRISE   735 AM EDT   SUNSET   637 PM EDT


-  INDICATES NEGATIVE NUMBERS.
R  INDICATES RECORD WAS SET OR TIED.
MM INDICATES DATA IS MISSING.
T  INDICATES TRACE AMOUNT.




$$
