000
CDUS41 KRNK 230921
CLIRNK


CLIMATE REPORT
NATIONAL WEATHER SERVICE BLACKSBURG VA
516 AM EDT SAT AUG 23 2014


...................................

...THE BLACKSBURG VA CLIMATE SUMMARY FOR AUGUST 22 2014...

CLIMATE NORMAL PERIOD 1981 TO 2010
CLIMATE RECORD PERIOD 1952 TO 2014


WEATHER ITEM   OBSERVED TIME   RECORD YEAR NORMAL DEPARTURE LAST
                VALUE   (LST)  VALUE       VALUE  FROM      YEAR
                                                  NORMAL
..................................................................
TEMPERATURE (F)
 YESTERDAY
  MAXIMUM         85    100 PM  98    1983  81      4       82
  MINIMUM         62    400 AM  42    1956  58      4       59
  AVERAGE         74                        70      4       71

PRECIPITATION (IN)
  YESTERDAY        0.17          1.91 1960   0.11   0.06     0.00
  MONTH TO DATE    5.76                      2.60   3.16     1.68
  SINCE JUN 1     10.75                     10.86  -0.11    17.40
  SINCE JAN 1     25.58                     28.20  -2.62    39.27

SNOWFALL (IN)
  YESTERDAY        0.0
  MONTH TO DATE    0.0
  SINCE JUN 1      T
  SINCE JUL 1      0.0
  SNOW DEPTH       0

DEGREE DAYS
 HEATING
  YESTERDAY        0                         0      0        0
  MONTH TO DATE    2                         0      2       20
  SINCE JUN 1     13                        44    -31       29
  SINCE JUL 1     10                         6      4       22

 COOLING
  YESTERDAY        9                         5      4        6
  MONTH TO DATE   74                       127    -53      103
  SINCE JUN 1    420                       442    -22      431
  SINCE JAN 1    478                       471      7      462
..................................................................


WIND (MPH)
  HIGHEST WIND SPEED    12   HIGHEST WIND DIRECTION    NW (310)
  HIGHEST GUST SPEED    16   HIGHEST GUST DIRECTION    NW (310)
  AVERAGE WIND SPEED     1.6


SKY COVER
  POSSIBLE SUNSHINE  MM
  AVERAGE SKY COVER 0.5


WEATHER CONDITIONS
 THE FOLLOWING WEATHER WAS RECORDED YESTERDAY.
  RAIN
  LIGHT RAIN
  FOG


RELATIVE HUMIDITY (PERCENT)
 HIGHEST   100          1200 AM
 LOWEST     74           100 PM
 AVERAGE    87

..........................................................


THE BLACKSBURG VA CLIMATE NORMALS FOR TODAY
                         NORMAL    RECORD    YEAR
 MAXIMUM TEMPERATURE (F)   81        99      1983
 MINIMUM TEMPERATURE (F)   58        47      1969


SUNRISE AND SUNSET
AUGUST 23 2014........SUNRISE   645 AM EDT   SUNSET   803 PM EDT
AUGUST 24 2014........SUNRISE   646 AM EDT   SUNSET   802 PM EDT


-  INDICATES NEGATIVE NUMBERS.
R  INDICATES RECORD WAS SET OR TIED.
MM INDICATES DATA IS MISSING.
T  INDICATES TRACE AMOUNT.


REMARKS:
TRACE OF SNOW IS FROM HAIL ON JUNE 17.


$$
