000
CDUS41 KRNK 050630
CLIRNK


CLIMATE REPORT
NATIONAL WEATHER SERVICE BLACKSBURG VA
228 AM EDT SUN JUL 5 2015


...................................

...THE BLACKSBURG VA CLIMATE SUMMARY FOR JULY 4 2015...

CLIMATE NORMAL PERIOD 1981 TO 2010
CLIMATE RECORD PERIOD 1952 TO 2015


WEATHER ITEM   OBSERVED RECORD YEAR NORMAL DEPARTURE LAST
                VALUE   VALUE       VALUE  FROM      YEAR
                                           NORMAL
...........................................................
TEMPERATURE (F)
 YESTERDAY
  MAXIMUM         80     94    1966  82     -2       77
  MINIMUM         64     45    1971  60      4       52
  AVERAGE         72                 71      1       65

PRECIPITATION (IN)
  YESTERDAY        0.08   0.95 1962   0.13  -0.05     0.00
  MONTH TO DATE    0.51               0.50   0.01     0.01
  SINCE JUN 1      3.99               4.50  -0.51     3.08
  SINCE JAN 1     19.52              21.84  -2.32    17.91

SNOWFALL (IN)
  YESTERDAY        0.0                                0.0
  MONTH TO DATE    0.0                                0.0
  SINCE JUN 1      0.0                                 T
  SINCE JUL 1      0.0                                0.0
  SNOW DEPTH       0

DEGREE DAYS
 HEATING
  YESTERDAY        0                  0      0        0
  MONTH TO DATE    0                  0      0        0
  SINCE JUN 1     11                 38    -27        3
  SINCE JUL 1      0                  0      0        0

 COOLING
  YESTERDAY        7                  6      1        0
  MONTH TO DATE   16                 24     -8       35
  SINCE JUN 1    228                143     85      201
  SINCE JAN 1    304                172    132      259
...........................................................


WIND (MPH)
  HIGHEST WIND SPEED    10   HIGHEST WIND DIRECTION    NW (310)
  HIGHEST GUST SPEED    16   HIGHEST GUST DIRECTION    NW (310)
  AVERAGE WIND SPEED     3.1


SKY COVER
  AVERAGE SKY COVER 0.7


WEATHER CONDITIONS
 THE FOLLOWING WEATHER WAS RECORDED YESTERDAY.
  RAIN
  LIGHT RAIN
  FOG


RELATIVE HUMIDITY (PERCENT)
 HIGHEST   100          1200 AM
 LOWEST     67           200 PM
 AVERAGE    84

..........................................................


THE BLACKSBURG VA CLIMATE NORMALS FOR TODAY
                         NORMAL    RECORD    YEAR
 MAXIMUM TEMPERATURE (F)   82        93      1966
 MINIMUM TEMPERATURE (F)   60        43      1967


SUNRISE AND SUNSET
JULY  5 2015..........SUNRISE   607 AM EDT   SUNSET   845 PM EDT
JULY  6 2015..........SUNRISE   607 AM EDT   SUNSET   845 PM EDT


-  INDICATES NEGATIVE NUMBERS.
R  INDICATES RECORD WAS SET OR TIED.
MM INDICATES DATA IS MISSING.
T  INDICATES TRACE AMOUNT.

$$

RAB
