000
CDUS41 KRNK 250845
CLIRNK


CLIMATE REPORT
NATIONAL WEATHER SERVICE BLACKSBURG VA
443 AM EDT SAT MAR 25 2017


...................................

...THE BLACKSBURG VA CLIMATE SUMMARY FOR MARCH 24 2017...

CLIMATE NORMAL PERIOD 1981 TO 2010
CLIMATE RECORD PERIOD 1952 TO 2017


WEATHER ITEM   OBSERVED RECORD YEAR NORMAL DEPARTURE LAST
                VALUE   VALUE       VALUE  FROM      YEAR
                                           NORMAL
...........................................................
TEMPERATURE (F)
 YESTERDAY
  MAXIMUM         69     79    2007  56     13       71
  MINIMUM         31     16    1971  32     -1       37
  AVERAGE         50                 44      6       54

PRECIPITATION (IN)
  YESTERDAY        0.00   1.44 1979   0.12  -0.12     0.00
  MONTH TO DATE    1.84               2.73  -0.89     2.25
  SINCE MAR 1      1.84               2.73  -0.89     2.25
  SINCE JAN 1      7.62               8.62  -1.00     9.39

SNOWFALL (IN)
  YESTERDAY        0.0                                0.0
  MONTH TO DATE    1.0                                1.0
  SINCE MAR 1      1.0                                1.0
  SINCE JUL 1      7.6                               25.0
  SNOW DEPTH       0

DEGREE DAYS
 HEATING
  YESTERDAY       15                 21     -6       11
  MONTH TO DATE  610                588     22      381
  SINCE MAR 1    610                588     22      381
  SINCE JUL 1   3702               4636   -934     3816

 COOLING
  YESTERDAY        0                  0      0        0
  MONTH TO DATE    0                  0      0        0
  SINCE MAR 1      0                  0      0        0
  SINCE JAN 1      0                  0      0        0
...........................................................


WIND (MPH)
  HIGHEST WIND SPEED    12   HIGHEST WIND DIRECTION     S (200)
  HIGHEST GUST SPEED    17   HIGHEST GUST DIRECTION     S (190)
  AVERAGE WIND SPEED     3.2


SKY COVER
  AVERAGE SKY COVER 0.4


WEATHER CONDITIONS
 THE FOLLOWING WEATHER WAS RECORDED YESTERDAY.
  NO SIGNIFICANT WEATHER WAS OBSERVED.


RELATIVE HUMIDITY (PERCENT)
 HIGHEST    74          1100 PM
 LOWEST     39           100 PM
 AVERAGE    57

..........................................................


THE BLACKSBURG VA CLIMATE NORMALS FOR TODAY
                         NORMAL    RECORD    YEAR
 MAXIMUM TEMPERATURE (F)   56        79      2007
 MINIMUM TEMPERATURE (F)   32        14      1960


SUNRISE AND SUNSET
MARCH 25 2017.........SUNRISE   717 AM EDT   SUNSET   738 PM EDT
MARCH 26 2017.........SUNRISE   716 AM EDT   SUNSET   739 PM EDT


-  INDICATES NEGATIVE NUMBERS.
R  INDICATES RECORD WAS SET OR TIED.
MM INDICATES DATA IS MISSING.
T  INDICATES TRACE AMOUNT.

$$

RAB
