000
CDUS41 KRNK 232122
CLIRNK


CLIMATE REPORT
NATIONAL WEATHER SERVICE BLACKSBURG VA
518 PM EDT MON OCT 23 2017


...................................

...THE BLACKSBURG VA CLIMATE SUMMARY FOR OCTOBER 23 2017...
VALID TODAY AS OF 0500 PM LOCAL TIME.

CLIMATE NORMAL PERIOD 1981 TO 2010
CLIMATE RECORD PERIOD 1952 TO 2017


WEATHER ITEM   OBSERVED RECORD YEAR NORMAL DEPARTURE LAST
                VALUE   VALUE       VALUE  FROM      YEAR
                                           NORMAL
...........................................................
TEMPERATURE (F)
 TODAY
  MAXIMUM         64     79    2015  64      0       65
  MINIMUM         58     18    1997  37     21       41
  AVERAGE         61                 50     11       53

PRECIPITATION (IN)
  TODAY            0.99   1.53 1990   0.09   0.90     0.00
  MONTH TO DATE    4.68               2.05   2.63     2.15
  SINCE SEP 1      6.13               5.15   0.98     8.86
  SINCE JAN 1     36.09              34.34   1.75    37.53

SNOWFALL (IN)
  TODAY            0.0                                0.0
  MONTH TO DATE    0.0                                0.0
  SINCE SEP 1      0.0                                0.0
  SINCE JUL 1      0.0                                0.0
  SNOW DEPTH       0

DEGREE DAYS
 HEATING
  TODAY            4                 15    -11       12
  MONTH TO DATE  126                269   -143      151
  SINCE SEP 1    196                382   -186      158
  SINCE JUL 1    205                400   -195      158

 COOLING
  TODAY            0                  0      0        0
  MONTH TO DATE   35                  1     34        5
  SINCE SEP 1     96                 58     38      137
  SINCE JAN 1    632                570     62      914
...........................................................


WIND (MPH)
  HIGHEST WIND SPEED    15   HIGHEST WIND DIRECTION    SE (120)
  HIGHEST GUST SPEED    24   HIGHEST GUST DIRECTION    SE (120)
  AVERAGE WIND SPEED     8.8


SKY COVER
  AVERAGE SKY COVER 1.0


WEATHER CONDITIONS
 THE FOLLOWING WEATHER WAS RECORDED TODAY.
  THUNDERSTORM
  HEAVY RAIN
  RAIN
  LIGHT RAIN
  FOG


RELATIVE HUMIDITY (PERCENT)
 HIGHEST   100          1200 PM
 LOWEST     75          1200 AM
 AVERAGE    88

..........................................................


THE BLACKSBURG VA CLIMATE NORMALS FOR TOMORROW
                         NORMAL    RECORD    YEAR
 MAXIMUM TEMPERATURE (F)   63        78      2012
 MINIMUM TEMPERATURE (F)   37        15      1969


SUNRISE AND SUNSET
OCTOBER 23 2017.......SUNRISE   737 AM EDT   SUNSET   634 PM EDT
OCTOBER 24 2017.......SUNRISE   738 AM EDT   SUNSET   633 PM EDT


-  INDICATES NEGATIVE NUMBERS.
R  INDICATES RECORD WAS SET OR TIED.
MM INDICATES DATA IS MISSING.
T  INDICATES TRACE AMOUNT.

REMARKS:
DUE TO MISSING TEMPERATURES ON SEPTEMBER 8-10...ALL TEMPERATURE AND
DEGREE DAY INFORMATION WILL BE CALCULATED WITHOUT DATA FROM THESE
DATES.


$$
