000
CDUS41 KRNK 030758
CLIRNK


CLIMATE REPORT
NATIONAL WEATHER SERVICE BLACKSBURG VA
356 AM EDT THU SEP 3 2015


...................................

...THE BLACKSBURG VA CLIMATE SUMMARY FOR SEPTEMBER 2 2015...

CLIMATE NORMAL PERIOD 1981 TO 2010
CLIMATE RECORD PERIOD 1952 TO 2015


WEATHER ITEM   OBSERVED RECORD YEAR NORMAL DEPARTURE LAST
                VALUE   VALUE       VALUE  FROM      YEAR
                                           NORMAL
...........................................................
TEMPERATURE (F)
 YESTERDAY
  MAXIMUM         86     96    1953  80      6       86
  MINIMUM         61     37    1967  56      5       65
  AVERAGE         74                 68      6       76

PRECIPITATION (IN)
  YESTERDAY        0.00   1.20 1986   0.10  -0.10     0.74
  MONTH TO DATE    T                  0.21  -0.21     0.74
  SINCE SEP 1      T                  0.21  -0.21     0.74
  SINCE JAN 1     27.36              29.40  -2.04    26.51

SNOWFALL (IN)
  YESTERDAY        0.0                                0.0
  MONTH TO DATE    0.0                                0.0
  SINCE SEP 1      0.0                                0.0
  SINCE JUL 1      T                                  0.0
  SNOW DEPTH       0

DEGREE DAYS
 HEATING
  YESTERDAY        0                  1     -1        0
  MONTH TO DATE    0                  2     -2        0
  SINCE SEP 1      0                  2     -2        0
  SINCE JUL 1      1                 20    -19       11

 COOLING
  YESTERDAY        9                  4      5       11
  MONTH TO DATE   17                  8      9       23
  SINCE SEP 1     17                  8      9       23
  SINCE JAN 1    744                520    224      553
...........................................................


WIND (MPH)
  HIGHEST WIND SPEED     8   HIGHEST WIND DIRECTION    NW (300)
  HIGHEST GUST SPEED    MM   HIGHEST GUST DIRECTION    MM
  AVERAGE WIND SPEED     1.7


SKY COVER
  AVERAGE SKY COVER 0.3


WEATHER CONDITIONS
 THE FOLLOWING WEATHER WAS RECORDED YESTERDAY.
  FOG


RELATIVE HUMIDITY (PERCENT)
 HIGHEST   100          1200 AM
 LOWEST     50           300 PM
 AVERAGE    75

..........................................................


THE BLACKSBURG VA CLIMATE NORMALS FOR TODAY
                         NORMAL    RECORD    YEAR
 MAXIMUM TEMPERATURE (F)   80        95      1953
 MINIMUM TEMPERATURE (F)   56        41      1987


SUNRISE AND SUNSET
SEPTEMBER  3 2015.....SUNRISE   654 AM EDT   SUNSET   748 PM EDT
SEPTEMBER  4 2015.....SUNRISE   654 AM EDT   SUNSET   746 PM EDT


-  INDICATES NEGATIVE NUMBERS.
R  INDICATES RECORD WAS SET OR TIED.
MM INDICATES DATA IS MISSING.
T  INDICATES TRACE AMOUNT.

$$

RAB
