000
CDUS46 KSGX 281417
CLIRNM


CLIMATE REPORT
NATIONAL WEATHER SERVICE SAN DIEGO, CA
716 AM PDT FRI AUG 28 2015


...................................

...THE RAMONA AIRPORT CA CLIMATE SUMMARY FOR AUGUST 27 2015...

CLIMATE NORMAL PERIOD 1981 TO 2010
CLIMATE RECORD PERIOD 1974 TO 2015


WEATHER ITEM   OBSERVED TIME   RECORD YEAR NORMAL DEPARTURE LAST
                VALUE   (LST)  VALUE       VALUE  FROM      YEAR
                                                  NORMAL
..................................................................
TEMPERATURE (F)
 YESTERDAY
  MAXIMUM         97   1228 PM 105    2009  91      6       96
  MINIMUM         65    532 AM  43    1978  57      8       58
  AVERAGE         81                        74      7       77

PRECIPITATION (IN)
  YESTERDAY        0.00          0.02 1994   0.00   0.00     0.00
  MONTH TO DATE    T                         0.12  -0.12     0.25
  SINCE OCT 1     12.02                     15.72  -3.70     8.17
  SINCE JAN 1      7.42                     11.58  -4.16     5.50

DEGREE DAYS
 HEATING
  YESTERDAY        0                         0      0        0
  MONTH TO DATE    0                         0      0        0
  SINCE JUN 1      8                        29    -21        7
  SINCE JUL 1      0                         2     -2        0

 COOLING
  YESTERDAY       16                         9      7       12
  MONTH TO DATE  279                       242     37      232
  SINCE JUN 1    692                       550    142      611
  SINCE JAN 1    727                       577    150      694
..................................................................


WIND (MPH)
  RESULTANT WIND SPEED   4   RESULTANT WIND DIRECTION   W (280)
  HIGHEST WIND SPEED    15   HIGHEST WIND DIRECTION     W (270)
  HIGHEST GUST SPEED    19   HIGHEST GUST DIRECTION     W (250)
  AVERAGE WIND SPEED     4.2


SKY COVER
  POSSIBLE SUNSHINE  MM
  AVERAGE SKY COVER 0.1


WEATHER CONDITIONS
 THE FOLLOWING WEATHER WAS RECORDED YESTERDAY.
  NO SIGNIFICANT WEATHER WAS OBSERVED.


RELATIVE HUMIDITY (PERCENT)
 HIGHEST    73           300 AM
 LOWEST     20           300 PM
 AVERAGE    47

..........................................................


THE RAMONA AIRPORT CA CLIMATE NORMALS FOR TODAY
                         NORMAL    RECORD    YEAR
 MAXIMUM TEMPERATURE (F)   91       105      1981
 MINIMUM TEMPERATURE (F)   57        41      1974


SUNRISE AND SUNSET
AUGUST 28 2015........SUNRISE   619 AM PDT   SUNSET   718 PM PDT
AUGUST 29 2015........SUNRISE   620 AM PDT   SUNSET   717 PM PDT


-  INDICATES NEGATIVE NUMBERS.
R  INDICATES RECORD WAS SET OR TIED.
MM INDICATES DATA IS MISSING.
T  INDICATES TRACE AMOUNT.




$$
