000
CDUS46 KSGX 271417
CLIRNM


CLIMATE REPORT
NATIONAL WEATHER SERVICE SAN DIEGO, CA
717 AM PDT WED AUG 27 2014


...................................

...THE RAMONA AIRPORT CA CLIMATE SUMMARY FOR AUGUST 26 2014...

CLIMATE NORMAL PERIOD 1981 TO 2010
CLIMATE RECORD PERIOD 1974 TO 2014


WEATHER ITEM   OBSERVED TIME   RECORD YEAR NORMAL DEPARTURE LAST
                VALUE   (LST)  VALUE       VALUE  FROM      YEAR
                                                  NORMAL
..................................................................
TEMPERATURE (F)
 YESTERDAY
  MAXIMUM         91   1241 PM 104    1985  91      0       91
  MINIMUM         55    511 AM  44    1978  57     -2       71
  AVERAGE         73                        74     -1       81

PRECIPITATION (IN)
  YESTERDAY        0.00          0.05 2007   0.01  -0.01      T
  MONTH TO DATE    0.25                      0.12   0.13      T
  SINCE JUL 1      0.41                      0.25   0.16     0.08
  SINCE JAN 1      5.50                     11.58  -6.08     4.58

SNOWFALL (IN)
  YESTERDAY        0.0
  MONTH TO DATE    0.0
  SINCE JAN 1      0.0
  SINCE JUL 1      0.0
  SNOW DEPTH       0

DEGREE DAYS
 HEATING
  YESTERDAY        0                         0      0        0
  MONTH TO DATE    0                         0      0        1
  SINCE JUN 1      7                        29    -22        3
  SINCE JUL 1      0                         2     -2        1

 COOLING
  YESTERDAY        8                         9     -1       16
  MONTH TO DATE  220                       233    -13      174
  SINCE JUN 1    599                       541     58      533
  SINCE JAN 1    682                       568    114      581
..................................................................


WIND (MPH)
  RESULTANT WIND SPEED   4   RESULTANT WIND DIRECTION   W (280)
  HIGHEST WIND SPEED    16   HIGHEST WIND DIRECTION    NW (300)
  HIGHEST GUST SPEED    21   HIGHEST GUST DIRECTION    NW (300)
  AVERAGE WIND SPEED     4.9


SKY COVER
  POSSIBLE SUNSHINE  MM
  AVERAGE SKY COVER 0.0


WEATHER CONDITIONS
 THE FOLLOWING WEATHER WAS RECORDED YESTERDAY.
  NO SIGNIFICANT WEATHER WAS OBSERVED.


RELATIVE HUMIDITY (PERCENT)
 HIGHEST    78           600 AM
 LOWEST     25           900 AM
 AVERAGE    52

..........................................................


THE RAMONA AIRPORT CA CLIMATE NORMALS FOR TODAY
                         NORMAL    RECORD    YEAR
 MAXIMUM TEMPERATURE (F)   91       105      2009
 MINIMUM TEMPERATURE (F)   57        43      1978


SUNRISE AND SUNSET
AUGUST 27 2014........SUNRISE   619 AM PDT   SUNSET   719 PM PDT
AUGUST 28 2014........SUNRISE   619 AM PDT   SUNSET   718 PM PDT


-  INDICATES NEGATIVE NUMBERS.
R  INDICATES RECORD WAS SET OR TIED.
MM INDICATES DATA IS MISSING.
T  INDICATES TRACE AMOUNT.




$$
