619
CDUS46 KSGX 261421
CLIRNM


CLIMATE REPORT
NATIONAL WEATHER SERVICE SAN DIEGO, CA
721 AM PDT THU MAY 26 2016


...................................

...THE RAMONA AIRPORT CA CLIMATE SUMMARY FOR MAY 25 2016...

CLIMATE NORMAL PERIOD 1981 TO 2010
CLIMATE RECORD PERIOD 1974 TO 2016


WEATHER ITEM   OBSERVED TIME   RECORD YEAR NORMAL DEPARTURE LAST
                VALUE   (LST)  VALUE       VALUE  FROM      YEAR
                                                  NORMAL
..................................................................
TEMPERATURE (F)
 YESTERDAY
  MAXIMUM         67    302 PM 101    1974  77    -10       68
  MINIMUM         44   1156 PM  38    1980  49     -5       51
  AVERAGE         56                        63     -7       60

PRECIPITATION (IN)
  YESTERDAY        0.00          0.05 2012   0.00   0.00     0.00
  MONTH TO DATE    0.25                      0.29  -0.04     1.48
  SINCE OCT 1     13.19                     15.34  -2.15     9.41
  SINCE JAN 1      9.66                     11.20  -1.54     4.81

DEGREE DAYS
 HEATING
  YESTERDAY        9                         3      6        5
  MONTH TO DATE  126                       116     10      145
  SINCE MAR 1    636                       767   -131      533
  SINCE JUL 1   2139                      2508   -369     1717

 COOLING
  YESTERDAY        0                         1     -1        0
  MONTH TO DATE    6                        13     -7        6
  SINCE MAR 1      7                        17    -10       25
  SINCE JAN 1     12                        18     -6       27
..................................................................


WIND (MPH)
  RESULTANT WIND SPEED   7   RESULTANT WIND DIRECTION   W (280)
  HIGHEST WIND SPEED    20   HIGHEST WIND DIRECTION     W (270)
  HIGHEST GUST SPEED    24   HIGHEST GUST DIRECTION     W (250)
  AVERAGE WIND SPEED     6.8


SKY COVER
  POSSIBLE SUNSHINE  MM
  AVERAGE SKY COVER 0.6


WEATHER CONDITIONS
 THE FOLLOWING WEATHER WAS RECORDED YESTERDAY.
  NO SIGNIFICANT WEATHER WAS OBSERVED.


RELATIVE HUMIDITY (PERCENT)
 HIGHEST    89           300 AM
 LOWEST     48          1100 AM
 AVERAGE    69

..........................................................


THE RAMONA AIRPORT CA CLIMATE NORMALS FOR TODAY
                         NORMAL    RECORD    YEAR
 MAXIMUM TEMPERATURE (F)   77        98      1974
 MINIMUM TEMPERATURE (F)   49        36      1980


SUNRISE AND SUNSET
MAY 26 2016...........SUNRISE   542 AM PDT   SUNSET   748 PM PDT
MAY 27 2016...........SUNRISE   541 AM PDT   SUNSET   749 PM PDT


-  INDICATES NEGATIVE NUMBERS.
R  INDICATES RECORD WAS SET OR TIED.
MM INDICATES DATA IS MISSING.
T  INDICATES TRACE AMOUNT.




$$
