000
CDUS46 KSGX 221137
CLIRNM


CLIMATE REPORT
NATIONAL WEATHER SERVICE SAN DIEGO, CA
432 AM PDT THU JUN 22 2017


...................................

...THE RAMONA AIRPORT CA CLIMATE SUMMARY FOR JUNE 21 2017...

CLIMATE NORMAL PERIOD 1981 TO 2010
CLIMATE RECORD PERIOD 1974 TO 2017


WEATHER ITEM   OBSERVED TIME   RECORD YEAR NORMAL DEPARTURE LAST
                VALUE   (LST)  VALUE       VALUE  FROM      YEAR
                                                  NORMAL
..................................................................
TEMPERATURE (F)
 YESTERDAY
  MAXIMUM         98    103 PM 107    2008  84     14       86
  MINIMUM         58    518 AM  44    1995  52      6       60
  AVERAGE         78                        68     10       73

PRECIPITATION (IN)
  YESTERDAY        0.00          0.01 1982   0.00   0.00     0.00
  MONTH TO DATE    0.01                      0.11  -0.10     0.00
  SINCE OCT 1     22.73                     15.46   7.27    13.19
  SINCE JAN 1     15.71                     11.32   4.39     9.66

DEGREE DAYS
 HEATING
  YESTERDAY        0                         0      0        0
  MONTH TO DATE   13                        26    -13        4
  SINCE JUN 1     13                        26    -13        4
  SINCE JUL 1   1922                      2550   -628     2157

 COOLING
  YESTERDAY       13                         4      9        8
  MONTH TO DATE   96                        45     51      109
  SINCE JUN 1     96                        45     51      109
  SINCE JAN 1    146                        72     74      121
..................................................................


WIND (MPH)
  RESULTANT WIND SPEED   4   RESULTANT WIND DIRECTION  NW (300)
  HIGHEST WIND SPEED    14   HIGHEST WIND DIRECTION    NW (320)
  HIGHEST GUST SPEED    19   HIGHEST GUST DIRECTION    NW (310)
  AVERAGE WIND SPEED     4.4


SKY COVER
  POSSIBLE SUNSHINE  MM
  AVERAGE SKY COVER 0.0


WEATHER CONDITIONS
 THE FOLLOWING WEATHER WAS RECORDED YESTERDAY.
  NO SIGNIFICANT WEATHER WAS OBSERVED.


RELATIVE HUMIDITY (PERCENT)
 HIGHEST    86           500 AM
 LOWEST     26           900 AM
 AVERAGE    56

..........................................................


THE RAMONA AIRPORT CA CLIMATE NORMALS FOR TODAY
                         NORMAL    RECORD    YEAR
 MAXIMUM TEMPERATURE (F)   84       103      2008
 MINIMUM TEMPERATURE (F)   52        41      2010
                                             1983


SUNRISE AND SUNSET
JUNE 22 2017..........SUNRISE   540 AM PDT   SUNSET   800 PM PDT
JUNE 23 2017..........SUNRISE   540 AM PDT   SUNSET   800 PM PDT


-  INDICATES NEGATIVE NUMBERS.
R  INDICATES RECORD WAS SET OR TIED.
MM INDICATES DATA IS MISSING.
T  INDICATES TRACE AMOUNT.




$$
