000
CDUS46 KSGX 061521
CLIRNM


CLIMATE REPORT
NATIONAL WEATHER SERVICE SAN DIEGO, CA
721 AM PST SAT FEB 6 2016


...................................

...THE RAMONA AIRPORT CA CLIMATE SUMMARY FOR FEBRUARY 5 2016...

CLIMATE NORMAL PERIOD 1981 TO 2010
CLIMATE RECORD PERIOD 1974 TO 2016


WEATHER ITEM   OBSERVED TIME   RECORD YEAR NORMAL DEPARTURE LAST
                VALUE   (LST)  VALUE       VALUE  FROM      YEAR
                                                  NORMAL
..................................................................
TEMPERATURE (F)
 YESTERDAY
  MAXIMUM         69    238 PM  86    2007  65      4       83
  MINIMUM         52   1215 AM  27    2003  36     16       35
  AVERAGE         61                        50     11       59

PRECIPITATION (IN)
  YESTERDAY        0.00          1.11 1976   0.08  -0.08     0.00
  MONTH TO DATE    0.01                      0.35  -0.34     0.00
  SINCE OCT 1     10.08                      7.81   2.27     5.39
  SINCE JAN 1      6.55                      3.67   2.88     0.79

DEGREE DAYS
 HEATING
  YESTERDAY        4                        15    -11        6
  MONTH TO DATE   82                        75      7       42
  SINCE DEC 1   1024                      1011     13      790
  SINCE JUL 1   1363                      1422    -59      990

 COOLING
  YESTERDAY        0                         0      0        0
  MONTH TO DATE    0                         0      0        0
  SINCE DEC 1      0                         1     -1        0
  SINCE JAN 1      0                         1     -1        0
..................................................................


WIND (MPH)
  RESULTANT WIND SPEED  15   RESULTANT WIND DIRECTION   E (70)
  HIGHEST WIND SPEED    25   HIGHEST WIND DIRECTION     E (90)
  HIGHEST GUST SPEED    33   HIGHEST GUST DIRECTION     E (80)
  AVERAGE WIND SPEED    15.3


SKY COVER
  POSSIBLE SUNSHINE  MM
  AVERAGE SKY COVER 0.0


WEATHER CONDITIONS
 THE FOLLOWING WEATHER WAS RECORDED YESTERDAY.
  NO SIGNIFICANT WEATHER WAS OBSERVED.


RELATIVE HUMIDITY (PERCENT)
 HIGHEST    24           900 PM
 LOWEST     17           300 AM
 AVERAGE    21

..........................................................


THE RAMONA AIRPORT CA CLIMATE NORMALS FOR TODAY
                         NORMAL    RECORD    YEAR
 MAXIMUM TEMPERATURE (F)   65        86      2001
 MINIMUM TEMPERATURE (F)   36        28      1974


SUNRISE AND SUNSET
FEBRUARY  6 2016......SUNRISE   640 AM PST   SUNSET   524 PM PST
FEBRUARY  7 2016......SUNRISE   639 AM PST   SUNSET   525 PM PST


-  INDICATES NEGATIVE NUMBERS.
R  INDICATES RECORD WAS SET OR TIED.
MM INDICATES DATA IS MISSING.
T  INDICATES TRACE AMOUNT.




$$
