000
CDUS45 KREV 140847
CLIRNO


CLIMATE REPORT
NATIONAL WEATHER SERVICE RENO NV
1246 AM PST THU DEC 14 2017


...................................

...THE RENO-TAHOE INTL AIRPORT NV CLIMATE SUMMARY FOR DECEMBER 13 2017...

CLIMATE NORMAL PERIOD 1981 TO 2010
CLIMATE RECORD PERIOD 1888 TO 2017


WEATHER ITEM   OBSERVED TIME   RECORD YEAR NORMAL DEPARTURE LAST
                VALUE   (LST)  VALUE       VALUE  FROM      YEAR
                                                  NORMAL
..................................................................
TEMPERATURE (F)
 YESTERDAY
  MAXIMUM         45    417 PM  70    1969  46     -1       50
  MINIMUM         16    656 AM  -7    1932  25     -9       33
  AVERAGE         31                        35     -4       42

PRECIPITATION (IN)
  YESTERDAY        0.00          1.02 1922   0.03  -0.03      T
  MONTH TO DATE    0.06                      0.39  -0.33     0.39
  SINCE OCT 1      1.52                      1.72  -0.20     2.97
  SINCE JAN 1     13.68                      6.76   6.92     8.22

SNOWFALL (IN)
  YESTERDAY        0.0           1.4  1948   0.1   -0.1      0.0
  MONTH TO DATE    0.3                       1.4   -1.1      0.8
  SINCE DEC 1      0.3                       1.4   -1.1      0.8
  SINCE JUL 1      0.3                       4.9   -4.6      1.4
  SNOW DEPTH       0

DEGREE DAYS
 HEATING
  YESTERDAY       34                        30      4       23
  MONTH TO DATE  396                       373     23      324
  SINCE DEC 1    396                       373     23      324
  SINCE JUL 1   1336                      1476   -140     1202

 COOLING
  YESTERDAY        0                         0      0        0
  MONTH TO DATE    0                         0      0        0
  SINCE DEC 1      0                         0      0        0
  SINCE JAN 1   1401                       839    562     1088
..................................................................


WIND (MPH)
  RESULTANT WIND SPEED   0   RESULTANT WIND DIRECTION   E (110)
  HIGHEST WIND SPEED     7   HIGHEST WIND DIRECTION     S (190)
  HIGHEST GUST SPEED    10   HIGHEST GUST DIRECTION     S (200)
  AVERAGE WIND SPEED     1.2



WEATHER CONDITIONS
 THE FOLLOWING WEATHER WAS RECORDED YESTERDAY.
  NO SIGNIFICANT WEATHER WAS OBSERVED.


RELATIVE HUMIDITY (PERCENT)
 HIGHEST    88           700 AM
 LOWEST     33           400 PM
 AVERAGE    61

..........................................................


THE RENO-TAHOE INTL AIRPORT NV CLIMATE NORMALS FOR TODAY
                         NORMAL    RECORD    YEAR
 MAXIMUM TEMPERATURE (F)   45        67      1969
 MINIMUM TEMPERATURE (F)   25        -6      1932


SUNRISE AND SUNSET
DECEMBER 14 2017......SUNRISE   712 AM PST   SUNSET   436 PM PST
DECEMBER 15 2017......SUNRISE   712 AM PST   SUNSET   436 PM PST


-  INDICATES NEGATIVE NUMBERS.
R  INDICATES RECORD WAS SET OR TIED.
MM INDICATES DATA IS MISSING.
T  INDICATES TRACE AMOUNT.




$$
