000
CDUS45 KREV 210052
CLIRNO


CLIMATE REPORT
NATIONAL WEATHER SERVICE RENO NV
551 PM PDT FRI OCT 20 2017


...................................

...THE RENO-TAHOE INTL AIRPORT NV CLIMATE SUMMARY FOR OCTOBER 20 2017...
VALID TODAY AS OF 0500 PM LOCAL TIME.

CLIMATE NORMAL PERIOD 1981 TO 2010
CLIMATE RECORD PERIOD 1888 TO 2017


WEATHER ITEM   OBSERVED TIME   RECORD YEAR NORMAL DEPARTURE LAST
                VALUE   (LST)  VALUE       VALUE  FROM      YEAR
                                                  NORMAL
..................................................................
TEMPERATURE (F)
 TODAY
  MAXIMUM         60   1212 AM  85    2003  67     -7       69
  MINIMUM         39    419 AM  18    1996  38      1       35
  AVERAGE         50                        52     -2       52

PRECIPITATION (IN)
  TODAY            0.28          0.78 1941   0.01   0.27     0.00
  MONTH TO DATE    0.28                      0.32  -0.04     1.74
  SINCE OCT 1      0.28                      0.32  -0.04     1.74
  SINCE JAN 1     12.44                      5.36   7.08     6.99

SNOWFALL (IN)
  TODAY            0.0           2.0  1957   0.0    0.0      0.0
  MONTH TO DATE    0.0                       0.1   -0.1       T
  SINCE SEP 1      T                         0.2   -0.2       T
  SINCE JUL 1      T                         0.2   -0.2       T
  SNOW DEPTH       0

DEGREE DAYS
 HEATING
  TODAY           15                        13      2       13
  MONTH TO DATE  241                       184     57      194
  SINCE SEP 1    359                       264     95      237
  SINCE JUL 1    359                       274     85      237

 COOLING
  TODAY            0                         0      0        0
  MONTH TO DATE    0                         4     -4        0
  SINCE SEP 1    151                        92     59       95
  SINCE JAN 1   1401                       838    563     1088
..................................................................


WIND (MPH)
  RESULTANT WIND SPEED   9   RESULTANT WIND DIRECTION  NW (300)
  HIGHEST WIND SPEED    41   HIGHEST WIND DIRECTION    SW (220)
  HIGHEST GUST SPEED    52   HIGHEST GUST DIRECTION    SW (220)
  AVERAGE WIND SPEED    13.2



WEATHER CONDITIONS
 THE FOLLOWING WEATHER WAS RECORDED TODAY.
  HEAVY RAIN
  RAIN
  LIGHT RAIN
  FOG


RELATIVE HUMIDITY (PERCENT)
 HIGHEST    85           400 AM
 LOWEST     35          1200 PM
 AVERAGE    60

..........................................................


THE RENO-TAHOE INTL AIRPORT NV CLIMATE NORMALS FOR TOMORROW
                         NORMAL    RECORD    YEAR
 MAXIMUM TEMPERATURE (F)   67        84      2003
 MINIMUM TEMPERATURE (F)   37        18      1996


SUNRISE AND SUNSET
OCTOBER 20 2017.......SUNRISE   715 AM PDT   SUNSET   612 PM PDT
OCTOBER 21 2017.......SUNRISE   716 AM PDT   SUNSET   611 PM PDT


-  INDICATES NEGATIVE NUMBERS.
R  INDICATES RECORD WAS SET OR TIED.
MM INDICATES DATA IS MISSING.
T  INDICATES TRACE AMOUNT.




$$
