000
CDUS45 KREV 220844
CLIRNO


CLIMATE REPORT
NATIONAL WEATHER SERVICE RENO NV
1244 AM PST MON DEC 22 2014


...................................

...THE RENO TAHOE AIRPORT NV CLIMATE SUMMARY FOR DECEMBER 21 2014...

CLIMATE NORMAL PERIOD 1981 TO 2010
CLIMATE RECORD PERIOD 1888 TO 2014


WEATHER ITEM   OBSERVED TIME   RECORD YEAR NORMAL DEPARTURE LAST
                VALUE   (LST)  VALUE       VALUE  FROM      YEAR
                                                  NORMAL
..................................................................
TEMPERATURE (F)
 YESTERDAY
  MAXIMUM         62    211 PM  63    2000  45     17       50
  MINIMUM         45   1159 PM  -8    1990  24     21       24
  AVERAGE         54                        34     20       37

PRECIPITATION (IN)
  YESTERDAY        0.00          0.93 1996   0.04  -0.04      T
  MONTH TO DATE    0.84                      0.66   0.18     0.41
  SINCE OCT 1      1.33                      1.99  -0.66     0.96
  SINCE JAN 1      4.90                      7.03  -2.13     4.02

SNOWFALL (IN)
  YESTERDAY        0.0           2.0  1971   0.2   -0.2      0.0
                                      1926
  MONTH TO DATE    0.4                       2.7   -2.3      4.3
  SINCE DEC 1      0.4                       2.7   -2.3      4.3
  SINCE JUL 1      0.4                       6.2   -5.8      4.7
  SNOW DEPTH       0

DEGREE DAYS
 HEATING
  YESTERDAY       11                        31    -20       28
  MONTH TO DATE  459                       614   -155      823
  SINCE DEC 1    459                       614   -155      823
  SINCE JUL 1   1284                      1717   -433     1941

 COOLING
  YESTERDAY        0                         0      0        0
  MONTH TO DATE    0                         0      0        0
  SINCE DEC 1      0                         0      0        0
  SINCE JAN 1   1211                       839    372     1174
..................................................................


WIND (MPH)
  RESULTANT WIND SPEED  12   RESULTANT WIND DIRECTION  NW (310)
  HIGHEST WIND SPEED    30   HIGHEST WIND DIRECTION     W (290)
  HIGHEST GUST SPEED    39   HIGHEST GUST DIRECTION    NW (300)
  AVERAGE WIND SPEED    12.7



WEATHER CONDITIONS
 THE FOLLOWING WEATHER WAS RECORDED YESTERDAY.
  NO SIGNIFICANT WEATHER WAS OBSERVED.


RELATIVE HUMIDITY (PERCENT)
 HIGHEST    71          1100 PM
 LOWEST     43          1200 PM
 AVERAGE    57

..........................................................


THE RENO TAHOE AIRPORT NV CLIMATE NORMALS FOR TODAY
                         NORMAL    RECORD    YEAR
 MAXIMUM TEMPERATURE (F)   45        60      2005
                                             1915
 MINIMUM TEMPERATURE (F)   24       -13      1990


SUNRISE AND SUNSET
DECEMBER 22 2014......SUNRISE   716 AM PST   SUNSET   439 PM PST
DECEMBER 23 2014......SUNRISE   717 AM PST   SUNSET   440 PM PST


-  INDICATES NEGATIVE NUMBERS.
R  INDICATES RECORD WAS SET OR TIED.
MM INDICATES DATA IS MISSING.
T  INDICATES TRACE AMOUNT.




$$
