140
CDUS45 KREV 250849
CLIRNO


CLIMATE REPORT
NATIONAL WEATHER SERVICE RENO NV
148 AM PDT WED MAY 25 2016


...................................

...THE RENO TAHOE AIRPORT NV CLIMATE SUMMARY FOR MAY 24 2016...

CLIMATE NORMAL PERIOD 1981 TO 2010
CLIMATE RECORD PERIOD 1888 TO 2016


WEATHER ITEM   OBSERVED TIME   RECORD YEAR NORMAL DEPARTURE LAST
                VALUE   (LST)  VALUE       VALUE  FROM      YEAR
                                                  NORMAL
..................................................................
TEMPERATURE (F)
 YESTERDAY
  MAXIMUM         64    147 PM  94    2001  76    -12       75
  MINIMUM         48    551 AM  27    1968  48      0       48
  AVERAGE         56                        62     -6       62

PRECIPITATION (IN)
  YESTERDAY        T             1.28 1963   0.01  -0.01      T
  MONTH TO DATE    1.16                      0.37   0.79     0.95
  SINCE OCT 1      9.16                      6.01   3.15     4.22
  SINCE JAN 1      5.21                      3.65   1.56     2.80

SNOWFALL (IN)
  YESTERDAY        0.0           0.0    MM   0.0    0.0      0.0
  MONTH TO DATE    0.2                       0.3   -0.1       T
  SINCE MAR 1      7.0                       2.8    4.2       T
  SINCE JUL 1     31.1                      21.8    9.3      2.7
  SNOW DEPTH       0

DEGREE DAYS
 HEATING
  YESTERDAY        9                         5      4        3
  MONTH TO DATE  158                       176    -18      179
  SINCE MAR 1    966                      1200   -234      947
  SINCE JUL 1   4303                      4838   -535     3812

 COOLING
  YESTERDAY        0                         2     -2        0
  MONTH TO DATE   12                        20     -8        3
  SINCE MAR 1     12                        21     -9        3
  SINCE JAN 1     12                        21     -9        3
..................................................................


WIND (MPH)
  RESULTANT WIND SPEED   6   RESULTANT WIND DIRECTION   W (290)
  HIGHEST WIND SPEED    23   HIGHEST WIND DIRECTION    NW (310)
  HIGHEST GUST SPEED    28   HIGHEST GUST DIRECTION    NW (310)
  AVERAGE WIND SPEED     9.9



WEATHER CONDITIONS
 THE FOLLOWING WEATHER WAS RECORDED YESTERDAY.
  LIGHT RAIN


RELATIVE HUMIDITY (PERCENT)
 HIGHEST    71           300 AM
 LOWEST     34           100 PM
 AVERAGE    53

..........................................................


THE RENO TAHOE AIRPORT NV CLIMATE NORMALS FOR TODAY
                         NORMAL    RECORD    YEAR
 MAXIMUM TEMPERATURE (F)   76        92      2001
                                             1943
 MINIMUM TEMPERATURE (F)   48        26      1978


SUNRISE AND SUNSET
MAY 25 2016...........SUNRISE   537 AM PDT   SUNSET   816 PM PDT
MAY 26 2016...........SUNRISE   537 AM PDT   SUNSET   816 PM PDT


-  INDICATES NEGATIVE NUMBERS.
R  INDICATES RECORD WAS SET OR TIED.
MM INDICATES DATA IS MISSING.
T  INDICATES TRACE AMOUNT.




$$
