000
CDUS45 KREV 270837
CLIRNO


CLIMATE REPORT
NATIONAL WEATHER SERVICE RENO NV
136 AM PDT WED MAY 27 2015


...................................

...THE RENO TAHOE AIRPORT NV CLIMATE SUMMARY FOR MAY 26 2015...

CLIMATE NORMAL PERIOD 1981 TO 2010
CLIMATE RECORD PERIOD 1888 TO 2015


WEATHER ITEM   OBSERVED TIME   RECORD YEAR NORMAL DEPARTURE LAST
                VALUE   (LST)  VALUE       VALUE  FROM      YEAR
                                                  NORMAL
..................................................................
TEMPERATURE (F)
 YESTERDAY
  MAXIMUM         79    413 PM  91    1983  77      2       89
                                      1974
                                      1966
  MINIMUM         46    520 AM  25    1899  48     -2       53
  AVERAGE         63                        62      1       71

PRECIPITATION (IN)
  YESTERDAY        0.00          0.62 1964   0.02  -0.02     0.00
  MONTH TO DATE    1.01                      0.41   0.60     0.54
  SINCE OCT 1      4.28                      6.05  -1.77     2.96
  SINCE JAN 1      2.86                      3.69  -0.83     2.00

SNOWFALL (IN)
  YESTERDAY        0.0           0.0    MM   0.0    0.0      0.0
  MONTH TO DATE    T                         0.3   -0.3       T
  SINCE MAR 1      T                         2.8   -2.8       T
  SINCE JUL 1      2.7                      21.8  -19.1      6.2
  SNOW DEPTH       0

DEGREE DAYS
 HEATING
  YESTERDAY        2                         5     -3        0
  MONTH TO DATE  185                       186     -1      131
  SINCE MAR 1    953                      1210   -257      955
  SINCE JUL 1   3818                      4848  -1030     4539

 COOLING
  YESTERDAY        0                         2     -2        6
  MONTH TO DATE    3                        24    -21       41
  SINCE MAR 1      3                        25    -22       41
  SINCE JAN 1      3                        25    -22       41
..................................................................


WIND (MPH)
  RESULTANT WIND SPEED   2   RESULTANT WIND DIRECTION  NW (310)
  HIGHEST WIND SPEED    21   HIGHEST WIND DIRECTION     W (280)
  HIGHEST GUST SPEED    38   HIGHEST GUST DIRECTION     W (250)
  AVERAGE WIND SPEED     5.2



WEATHER CONDITIONS
 THE FOLLOWING WEATHER WAS RECORDED YESTERDAY.
  NO SIGNIFICANT WEATHER WAS OBSERVED.


RELATIVE HUMIDITY (PERCENT)
 HIGHEST    96          1200 AM
 LOWEST     26           300 PM
 AVERAGE    61

..........................................................


THE RENO TAHOE AIRPORT NV CLIMATE NORMALS FOR TODAY
                         NORMAL    RECORD    YEAR
 MAXIMUM TEMPERATURE (F)   77        95      2003
 MINIMUM TEMPERATURE (F)   48        30      1893


SUNRISE AND SUNSET
MAY 27 2015...........SUNRISE   536 AM PDT   SUNSET   817 PM PDT
MAY 28 2015...........SUNRISE   536 AM PDT   SUNSET   817 PM PDT


-  INDICATES NEGATIVE NUMBERS.
R  INDICATES RECORD WAS SET OR TIED.
MM INDICATES DATA IS MISSING.
T  INDICATES TRACE AMOUNT.




$$
