000
CDUS45 KREV 050836
CLIRNO


CLIMATE REPORT
NATIONAL WEATHER SERVICE RENO NV
136 AM PDT SAT SEP 5 2015


...................................

...THE RENO TAHOE AIRPORT NV CLIMATE SUMMARY FOR SEPTEMBER 4 2015...

CLIMATE NORMAL PERIOD 1981 TO 2010
CLIMATE RECORD PERIOD 1888 TO 2015


WEATHER ITEM   OBSERVED TIME   RECORD YEAR NORMAL DEPARTURE LAST
                VALUE   (LST)  VALUE       VALUE  FROM      YEAR
                                                  NORMAL
..................................................................
TEMPERATURE (F)
 YESTERDAY
  MAXIMUM         77   1236 PM 100    1988  86     -9       84
  MINIMUM         51    554 AM  31    1961  52     -1       53
  AVERAGE         64                        69     -5       69

PRECIPITATION (IN)
  YESTERDAY        0.00          0.45 1925   0.01  -0.01     0.00
  MONTH TO DATE    0.00                      0.03  -0.03     0.00
  SINCE OCT 1      5.83                      7.08  -1.25     4.24
  SINCE JAN 1      4.41                      4.72  -0.31     3.28

SNOWFALL (IN)
  YESTERDAY        0.0           0.0    MM   0.0    0.0      0.0
  MONTH TO DATE    0.0                       0.0    0.0      0.0
  SINCE SEP 1      0.0                       0.0    0.0      0.0
  SINCE JUL 1      0.0                       0.0    0.0      0.0
  SNOW DEPTH       0

DEGREE DAYS
 HEATING
  YESTERDAY        1                         1      0        0
  MONTH TO DATE    1                         4     -3        0
  SINCE SEP 1      1                         4     -3        0
  SINCE JUL 1      2                        14    -12        4

 COOLING
  YESTERDAY        0                         5     -5        4
  MONTH TO DATE   20                        20      0       32
  SINCE SEP 1     20                        20      0       32
  SINCE JAN 1   1014                       766    248     1068
..................................................................


WIND (MPH)
  RESULTANT WIND SPEED   8   RESULTANT WIND DIRECTION   W (270)
  HIGHEST WIND SPEED    30   HIGHEST WIND DIRECTION     W (280)
  HIGHEST GUST SPEED    38   HIGHEST GUST DIRECTION     W (280)
  AVERAGE WIND SPEED    10.5



WEATHER CONDITIONS
 THE FOLLOWING WEATHER WAS RECORDED YESTERDAY.
  NO SIGNIFICANT WEATHER WAS OBSERVED.


RELATIVE HUMIDITY (PERCENT)
 HIGHEST    59           500 AM
 LOWEST     10           300 PM
 AVERAGE    35

..........................................................


THE RENO TAHOE AIRPORT NV CLIMATE NORMALS FOR TODAY
                         NORMAL    RECORD    YEAR
 MAXIMUM TEMPERATURE (F)   86        98      1988
                                             1955
 MINIMUM TEMPERATURE (F)   52        33      1964
                                             1937
                                             1893


SUNRISE AND SUNSET
SEPTEMBER  5 2015.....SUNRISE   631 AM PDT   SUNSET   724 PM PDT
SEPTEMBER  6 2015.....SUNRISE   632 AM PDT   SUNSET   722 PM PDT


-  INDICATES NEGATIVE NUMBERS.
R  INDICATES RECORD WAS SET OR TIED.
MM INDICATES DATA IS MISSING.
T  INDICATES TRACE AMOUNT.




$$
