000
CDUS45 KREV 110047
CLIRNO


CLIMATE REPORT
NATIONAL WEATHER SERVICE RENO NV
446 PM PST WED FEB 10 2016


...................................

...THE RENO TAHOE AIRPORT NV CLIMATE SUMMARY FOR FEBRUARY 10 2016...
VALID TODAY AS OF 0400 PM LOCAL TIME.

CLIMATE NORMAL PERIOD 1981 TO 2010
CLIMATE RECORD PERIOD 1888 TO 2016


WEATHER ITEM   OBSERVED TIME   RECORD YEAR NORMAL DEPARTURE LAST
                VALUE   (LST)  VALUE       VALUE  FROM      YEAR
                                                  NORMAL
..................................................................
TEMPERATURE (F)
 TODAY
  MAXIMUM         63    347 PM  70    1971  50     13       55
  MINIMUM         30    736 AM  -4    1923  28      2       28
  AVERAGE         47                        39      8       42

PRECIPITATION (IN)
  TODAY            0.00          1.39 1959   0.03  -0.03     0.00
  MONTH TO DATE    0.00                      0.33  -0.33     1.21
  SINCE OCT 1      5.65                      3.72   1.93     2.69
  SINCE JAN 1      1.70                      1.36   0.34     1.27

SNOWFALL (IN)
  TODAY            0.0          13.2  1959   0.2   -0.2      0.0
  MONTH TO DATE    0.0                       1.6   -1.6      0.0
  SINCE DEC 1     17.8                      12.1    5.7      2.2
  SINCE JUL 1     22.9                      15.6    7.3      2.2
  SNOW DEPTH       0

DEGREE DAYS
 HEATING
  TODAY           18                        26     -8       23
  MONTH TO DATE  291                       269     22      173
  SINCE DEC 1   2026                      2103    -77     1696
  SINCE JUL 1   3019                      3206   -187     2521

 COOLING
  TODAY            0                         0      0        0
  MONTH TO DATE    0                         0      0        0
  SINCE DEC 1      0                         0      0        0
  SINCE JAN 1      0                         0      0        0
..................................................................


WIND (MPH)
  RESULTANT WIND SPEED   0   RESULTANT WIND DIRECTION   W (260)
  HIGHEST WIND SPEED     6   HIGHEST WIND DIRECTION     S (160)
  HIGHEST GUST SPEED     8   HIGHEST GUST DIRECTION     W (260)
  AVERAGE WIND SPEED     2.2



WEATHER CONDITIONS
 THE FOLLOWING WEATHER WAS RECORDED TODAY.
  NO SIGNIFICANT WEATHER WAS OBSERVED.


RELATIVE HUMIDITY (PERCENT)
 HIGHEST    85           600 AM
 LOWEST     31           200 PM
 AVERAGE    58

..........................................................


THE RENO TAHOE AIRPORT NV CLIMATE NORMALS FOR TOMORROW
                         NORMAL    RECORD    YEAR
 MAXIMUM TEMPERATURE (F)   50        68      1921
 MINIMUM TEMPERATURE (F)   28        -6      1901


SUNRISE AND SUNSET
FEBRUARY 10 2016......SUNRISE   658 AM PST   SUNSET   529 PM PST
FEBRUARY 11 2016......SUNRISE   657 AM PST   SUNSET   531 PM PST


-  INDICATES NEGATIVE NUMBERS.
R  INDICATES RECORD WAS SET OR TIED.
MM INDICATES DATA IS MISSING.
T  INDICATES TRACE AMOUNT.




$$
