000
CDUS45 KREV 051002
CLIRNO


CLIMATE REPORT
NATIONAL WEATHER SERVICE RENO NV
202 AM PST THU MAR 5 2015


...................................

...THE RENO TAHOE AIRPORT NV CLIMATE SUMMARY FOR MARCH 4 2015...

CLIMATE NORMAL PERIOD 1981 TO 2010
CLIMATE RECORD PERIOD 1888 TO 2015


WEATHER ITEM   OBSERVED TIME   RECORD YEAR NORMAL DEPARTURE LAST
                VALUE   (LST)  VALUE       VALUE  FROM      YEAR
                                                  NORMAL
..................................................................
TEMPERATURE (F)
 YESTERDAY
  MAXIMUM         54    418 PM  74    1925  56     -2       60
  MINIMUM         22    553 AM   7    1902  32    -10       39
  AVERAGE         38                        44     -6       50

PRECIPITATION (IN)
  YESTERDAY        0.00          0.93 1996   0.03  -0.03      T
  MONTH TO DATE    0.01                      0.14  -0.13      T
  SINCE OCT 1      2.92                      4.55  -1.63     2.03
  SINCE JAN 1      1.50                      2.19  -0.69     1.07

SNOWFALL (IN)
  YESTERDAY        0.0           4.4  1971   0.1   -0.1      0.0
  MONTH TO DATE    0.0                       0.5   -0.5      0.0
  SINCE MAR 1      0.0                       0.5   -0.5      0.0
  SINCE JUL 1      2.7                      19.5  -16.8      6.2
  SNOW DEPTH       0

DEGREE DAYS
 HEATING
  YESTERDAY       27                        21      6       15
  MONTH TO DATE  107                        86     21       76
  SINCE MAR 1    107                        86     21       76
  SINCE JUL 1   2972                      3724   -752     3660

 COOLING
  YESTERDAY        0                         0      0        0
  MONTH TO DATE    0                         0      0        0
  SINCE MAR 1      0                         0      0        0
  SINCE JAN 1      0                         0      0        0
..................................................................


WIND (MPH)
  RESULTANT WIND SPEED   2   RESULTANT WIND DIRECTION   E (100)
  HIGHEST WIND SPEED    12   HIGHEST WIND DIRECTION     E (80)
  HIGHEST GUST SPEED    16   HIGHEST GUST DIRECTION    SE (140)
  AVERAGE WIND SPEED     3.5



WEATHER CONDITIONS
 THE FOLLOWING WEATHER WAS RECORDED YESTERDAY.
  NO SIGNIFICANT WEATHER WAS OBSERVED.


RELATIVE HUMIDITY (PERCENT)
 HIGHEST    81           600 AM
 LOWEST     19           300 PM
 AVERAGE    50

..........................................................


THE RENO TAHOE AIRPORT NV CLIMATE NORMALS FOR TODAY
                         NORMAL    RECORD    YEAR
 MAXIMUM TEMPERATURE (F)   56        79      1972
 MINIMUM TEMPERATURE (F)   32        10      1976
                                             1945


SUNRISE AND SUNSET
MARCH  5 2015.........SUNRISE   626 AM PST   SUNSET   556 PM PST
MARCH  6 2015.........SUNRISE   625 AM PST   SUNSET   557 PM PST


-  INDICATES NEGATIVE NUMBERS.
R  INDICATES RECORD WAS SET OR TIED.
MM INDICATES DATA IS MISSING.
T  INDICATES TRACE AMOUNT.




$$
