000
CDUS45 KREV 020045
CLIRNO


CLIMATE REPORT
NATIONAL WEATHER SERVICE RENO NV
545 PM PDT SUN MAY 1 2016


...................................

...THE RENO TAHOE AIRPORT NV CLIMATE SUMMARY FOR MAY 1 2016...
VALID TODAY AS OF 0500 PM LOCAL TIME.

CLIMATE NORMAL PERIOD 1981 TO 2010
CLIMATE RECORD PERIOD 1888 TO 2016


WEATHER ITEM   OBSERVED TIME   RECORD YEAR NORMAL DEPARTURE LAST
                VALUE   (LST)  VALUE       VALUE  FROM      YEAR
                                                  NORMAL
..................................................................
TEMPERATURE (F)
 TODAY
  MAXIMUM         68    336 PM  90    1947  69     -1       83
  MINIMUM         37    519 AM  19    1973  42     -5       49
  AVERAGE         53                        55     -2       66

PRECIPITATION (IN)
  TODAY            0.00          0.37 1901   0.01  -0.01     0.00
  MONTH TO DATE    0.00                      0.01  -0.01     0.00
  SINCE OCT 1      8.00                      5.65   2.35     3.27
  SINCE JAN 1      4.05                      3.29   0.76     1.85

SNOWFALL (IN)
  TODAY            0.0           3.9  1964   0.0    0.0      0.0
  MONTH TO DATE    0.0                       0.0    0.0      0.0
  SINCE MAR 1      6.8                       2.5    4.3       T
  SINCE JUL 1     30.9                      21.5    9.4      2.7
  SNOW DEPTH       0

DEGREE DAYS
 HEATING
  TODAY           12                        10      2        0
  MONTH TO DATE   12                        10      2        0
  SINCE MAR 1    820                      1034   -214      768
  SINCE JUL 1   4157                      4672   -515     3633

 COOLING
  TODAY            0                         0      0        1
  MONTH TO DATE    0                         0      0        1
  SINCE MAR 1      0                         1     -1        1
  SINCE JAN 1      0                         1     -1        1
..................................................................


WIND (MPH)
  RESULTANT WIND SPEED   4   RESULTANT WIND DIRECTION  SE (120)
  HIGHEST WIND SPEED    15   HIGHEST WIND DIRECTION     E (110)
  HIGHEST GUST SPEED    20   HIGHEST GUST DIRECTION     E (100)
  AVERAGE WIND SPEED     4.8



WEATHER CONDITIONS
 THE FOLLOWING WEATHER WAS RECORDED TODAY.
  NO SIGNIFICANT WEATHER WAS OBSERVED.


RELATIVE HUMIDITY (PERCENT)
 HIGHEST    82           400 AM
 LOWEST     20           300 PM
 AVERAGE    51

..........................................................


THE RENO TAHOE AIRPORT NV CLIMATE NORMALS FOR TOMORROW
                         NORMAL    RECORD    YEAR
 MAXIMUM TEMPERATURE (F)   69        88      2004
 MINIMUM TEMPERATURE (F)   42        18      1964


SUNRISE AND SUNSET
MAY  1 2016...........SUNRISE   559 AM PDT   SUNSET   753 PM PDT
MAY  2 2016...........SUNRISE   558 AM PDT   SUNSET   754 PM PDT


-  INDICATES NEGATIVE NUMBERS.
R  INDICATES RECORD WAS SET OR TIED.
MM INDICATES DATA IS MISSING.
T  INDICATES TRACE AMOUNT.




$$
