000
CDUS41 KRNK 230910
CLIROA


CLIMATE REPORT
NATIONAL WEATHER SERVICE BLACKSBURG VA
506 AM EDT WED JUL 23 2014


...................................

...THE ROANOKE VA CLIMATE SUMMARY FOR JULY 22 2014...

CLIMATE NORMAL PERIOD 1981 TO 2010
CLIMATE RECORD PERIOD 1912 TO 2014


WEATHER ITEM   OBSERVED TIME   RECORD YEAR NORMAL DEPARTURE LAST
                VALUE   (LST)  VALUE       VALUE  FROM      YEAR
                                                  NORMAL
..................................................................
TEMPERATURE (F)
 YESTERDAY
  MAXIMUM         86    510 PM 103    1952  87     -1       89
                                      1930
  MINIMUM         71   1159 PM  51    1944  67      4       73
  AVERAGE         79                        77      2       81

PRECIPITATION (IN)
  YESTERDAY        0.01          1.73 2008   0.13  -0.12     0.16
  MONTH TO DATE    1.91                      2.87  -0.96    12.15
  SINCE JUN 1      4.96                      6.70  -1.74    18.64
  SINCE JAN 1     20.56                     23.40  -2.84    39.18

SNOWFALL (IN)
  YESTERDAY        0.0
  MONTH TO DATE    0.0
  SINCE JUN 1      0.0
  SINCE JUL 1      0.0
  SNOW DEPTH       0

DEGREE DAYS
 HEATING
  YESTERDAY        0                         0      0        0
  MONTH TO DATE    0                         0      0        0
  SINCE JUN 1      0                        11    -11        1
  SINCE JUL 1      0                         0      0        0

 COOLING
  YESTERDAY       14                        12      2       16
  MONTH TO DATE  225                       259    -34      298
  SINCE JUN 1    522                       505     17      564
  SINCE JAN 1    671                       621     50      714
..................................................................


WIND (MPH)
  HIGHEST WIND SPEED    13   HIGHEST WIND DIRECTION    SE (150)
  HIGHEST GUST SPEED    17   HIGHEST GUST DIRECTION    SE (150)
  AVERAGE WIND SPEED     5.8


SKY COVER
  POSSIBLE SUNSHINE  MM
  AVERAGE SKY COVER 0.7


WEATHER CONDITIONS
 THE FOLLOWING WEATHER WAS RECORDED YESTERDAY.
  LIGHT RAIN
  FOG


RELATIVE HUMIDITY (PERCENT)
 HIGHEST    93           200 AM
 LOWEST     51           300 PM
 AVERAGE    72

..........................................................


THE ROANOKE VA CLIMATE NORMALS FOR TODAY
                         NORMAL    RECORD    YEAR
 MAXIMUM TEMPERATURE (F)   87        99      1952
 MINIMUM TEMPERATURE (F)   67        48      1947


SUNRISE AND SUNSET
JULY 23 2014..........SUNRISE   617 AM EDT   SUNSET   835 PM EDT
JULY 24 2014..........SUNRISE   618 AM EDT   SUNSET   834 PM EDT


-  INDICATES NEGATIVE NUMBERS.
R  INDICATES RECORD WAS SET OR TIED.
MM INDICATES DATA IS MISSING.
T  INDICATES TRACE AMOUNT.




$$
