000
CDUS41 KRNK 280537
CLIROA


CLIMATE REPORT
NATIONAL WEATHER SERVICE BLACKSBURG VA
135 AM EDT WED JUN 28 2017


...................................

...THE ROANOKE VA CLIMATE SUMMARY FOR JUNE 27 2017...

CLIMATE NORMAL PERIOD 1981 TO 2010
CLIMATE RECORD PERIOD 1912 TO 2017


WEATHER ITEM   OBSERVED TIME   RECORD YEAR NORMAL DEPARTURE LAST
                VALUE   (LST)  VALUE       VALUE  FROM      YEAR
                                                  NORMAL
..................................................................
TEMPERATURE (F)
 YESTERDAY
  MAXIMUM         78    506 PM 100    1952  86     -8       84
  MINIMUM         57   1157 PM  49    1981  65     -8       65
                                      1927
  AVERAGE         68                        76     -8       75

PRECIPITATION (IN)
  YESTERDAY        0.00          2.28 1914   0.12  -0.12     0.11
  MONTH TO DATE    4.50                      3.47   1.03     6.03
  SINCE JUN 1      4.50                      3.47   1.03     6.03
  SINCE JAN 1     25.52                     20.17   5.35    23.76

SNOWFALL (IN)
  YESTERDAY        0.0                                       0.0
  MONTH TO DATE    0.0                                       0.0
  SINCE JUN 1      0.0                                       0.0
  SINCE JUL 1      4.6                                      23.0
  SNOW DEPTH       0

DEGREE DAYS
 HEATING
  YESTERDAY        0                         0      0        0
  MONTH TO DATE    4                         9     -5        0
  SINCE JUN 1      4                         9     -5        0
  SINCE JUL 1   3213                      4142   -929     3505

 COOLING
  YESTERDAY        3                        11     -8       10
  MONTH TO DATE  220                       214      6      250
  SINCE JUN 1    220                       214      6      250
  SINCE JAN 1    404                       330     74      375
..................................................................


WIND (MPH)
  HIGHEST WIND SPEED    21   HIGHEST WIND DIRECTION    NW (300)
  HIGHEST GUST SPEED    27   HIGHEST GUST DIRECTION    NW (320)
  AVERAGE WIND SPEED     7.3


SKY COVER
  AVERAGE SKY COVER 0.4


WEATHER CONDITIONS
 THE FOLLOWING WEATHER WAS RECORDED YESTERDAY.
  NO SIGNIFICANT WEATHER WAS OBSERVED.


RELATIVE HUMIDITY (PERCENT)
 HIGHEST    72           500 AM
 LOWEST     31           400 PM
 AVERAGE    52

..........................................................


THE ROANOKE VA CLIMATE NORMALS FOR TODAY
                         NORMAL    RECORD    YEAR
 MAXIMUM TEMPERATURE (F)   86       101      1934
 MINIMUM TEMPERATURE (F)   65        48      1927


SUNRISE AND SUNSET
JUNE 28 2017..........SUNRISE   602 AM EDT   SUNSET   844 PM EDT
JUNE 29 2017..........SUNRISE   602 AM EDT   SUNSET   844 PM EDT


-  INDICATES NEGATIVE NUMBERS.
R  INDICATES RECORD WAS SET OR TIED.
MM INDICATES DATA IS MISSING.
T  INDICATES TRACE AMOUNT.




$$
