000
CDUS41 KRNK 162114
CLIROA


CLIMATE REPORT
NATIONAL WEATHER SERVICE BLACKSBURG VA
510 PM EDT TUE SEP 16 2014


...................................

...THE ROANOKE VA CLIMATE SUMMARY FOR SEPTEMBER 16 2014...
VALID TODAY AS OF 0500 PM LOCAL TIME.

CLIMATE NORMAL PERIOD 1981 TO 2010
CLIMATE RECORD PERIOD 1912 TO 2014


WEATHER ITEM   OBSERVED TIME   RECORD YEAR NORMAL DEPARTURE LAST
                VALUE   (LST)  VALUE       VALUE  FROM      YEAR
                                                  NORMAL
..................................................................
TEMPERATURE (F)
 TODAY
  MAXIMUM         77    402 PM  97    1991  78     -1       75
  MINIMUM         63    329 AM  42    1984  58      5       56
  AVERAGE         70                        68      2       66

PRECIPITATION (IN)
  TODAY            T             2.05 1934   0.14  -0.14      T
  MONTH TO DATE    1.01                      2.18  -1.17      T
  SINCE SEP 1      1.01                      2.18  -1.17      T
  SINCE JAN 1     29.59                     30.31  -0.72    42.31

SNOWFALL (IN)
  TODAY            0.0
  MONTH TO DATE    0.0
  SINCE SEP 1      0.0
  SINCE JUL 1      0.0
  SNOW DEPTH       0

DEGREE DAYS
 HEATING
  TODAY            0                         1     -1        0
  MONTH TO DATE    1                         8     -7        5
  SINCE SEP 1      1                         8     -7        5
  SINCE JUL 1      1                         9     -8        6

 COOLING
  TODAY            5                         4      1        1
  MONTH TO DATE  119                       100     19      120
  SINCE SEP 1    119                       100     19      120
  SINCE JAN 1   1089                      1147    -58     1180
..................................................................


WIND (MPH)
  HIGHEST WIND SPEED    17   HIGHEST WIND DIRECTION     W (290)
  HIGHEST GUST SPEED    23   HIGHEST GUST DIRECTION     W (290)
  AVERAGE WIND SPEED     7.3


SKY COVER
  POSSIBLE SUNSHINE  MM
  AVERAGE SKY COVER 0.6


WEATHER CONDITIONS
 THE FOLLOWING WEATHER WAS RECORDED TODAY.
  LIGHT RAIN


RELATIVE HUMIDITY (PERCENT)
 HIGHEST    87          1200 AM
 LOWEST     58           300 PM
 AVERAGE    73

..........................................................


THE ROANOKE VA CLIMATE NORMALS FOR TOMORROW
                         NORMAL    RECORD    YEAR
 MAXIMUM TEMPERATURE (F)   78        96      1927
 MINIMUM TEMPERATURE (F)   57        40      2000


SUNRISE AND SUNSET
SEPTEMBER 16 2014.....SUNRISE   703 AM EDT   SUNSET   726 PM EDT
SEPTEMBER 17 2014.....SUNRISE   703 AM EDT   SUNSET   724 PM EDT


-  INDICATES NEGATIVE NUMBERS.
R  INDICATES RECORD WAS SET OR TIED.
MM INDICATES DATA IS MISSING.
T  INDICATES TRACE AMOUNT.




$$
