000
CDUS41 KRNK 260800
CLIROA


CLIMATE REPORT
NATIONAL WEATHER SERVICE BLACKSBURG VA
359 AM EDT WED APR 26 2017


...................................

...THE ROANOKE VA CLIMATE SUMMARY FOR APRIL 25 2017...

CLIMATE NORMAL PERIOD 1981 TO 2010
CLIMATE RECORD PERIOD 1912 TO 2017


WEATHER ITEM   OBSERVED TIME   RECORD YEAR NORMAL DEPARTURE LAST
                VALUE   (LST)  VALUE       VALUE  FROM      YEAR
                                                  NORMAL
..................................................................
TEMPERATURE (F)
 YESTERDAY
  MAXIMUM         63    441 PM  95    1925  71     -8       85
  MINIMUM         50    522 AM  30    1956  48      2       49
  AVERAGE         57                        59     -2       67

PRECIPITATION (IN)
  YESTERDAY        0.53          2.00 1937   0.11   0.42     0.00
  MONTH TO DATE    5.83                      2.81   3.02     0.44
  SINCE MAR 1      8.15                      6.27   1.88     2.69
  SINCE JAN 1     12.79                     12.08   0.71    10.92

SNOWFALL (IN)
  YESTERDAY        0.0                                       0.0
  MONTH TO DATE    0.0                                        T
  SINCE MAR 1      0.1                                       1.0
  SINCE JUL 1      4.6                                      23.0
  SNOW DEPTH       0

DEGREE DAYS
 HEATING
  YESTERDAY        8                         7      1        0
  MONTH TO DATE  153                       244    -91      232
  SINCE MAR 1    657                       796   -139      571
  SINCE JUL 1   3121                      4001   -880     3405

 COOLING
  YESTERDAY        0                         1     -1        2
  MONTH TO DATE   37                        17     20       16
  SINCE MAR 1     39                        22     17       26
  SINCE JAN 1     39                        22     17       26
..................................................................


WIND (MPH)
  HIGHEST WIND SPEED    20   HIGHEST WIND DIRECTION    NE (30)
  HIGHEST GUST SPEED    26   HIGHEST GUST DIRECTION     N (20)
  AVERAGE WIND SPEED    10.7


SKY COVER
  AVERAGE SKY COVER 1.0


WEATHER CONDITIONS
 THE FOLLOWING WEATHER WAS RECORDED YESTERDAY.
  RAIN
  LIGHT RAIN
  FOG


RELATIVE HUMIDITY (PERCENT)
 HIGHEST   100           500 AM
 LOWEST     72           500 PM
 AVERAGE    86

..........................................................


THE ROANOKE VA CLIMATE NORMALS FOR TODAY
                         NORMAL    RECORD    YEAR
 MAXIMUM TEMPERATURE (F)   71        93      1915
 MINIMUM TEMPERATURE (F)   48        30      1972
                                             1934


SUNRISE AND SUNSET
APRIL 26 2017.........SUNRISE   631 AM EDT   SUNSET   805 PM EDT
APRIL 27 2017.........SUNRISE   629 AM EDT   SUNSET   806 PM EDT


-  INDICATES NEGATIVE NUMBERS.
R  INDICATES RECORD WAS SET OR TIED.
MM INDICATES DATA IS MISSING.
T  INDICATES TRACE AMOUNT.




$$
