000
CDUS41 KRNK 060623
CLIROA


CLIMATE REPORT
NATIONAL WEATHER SERVICE BLACKSBURG VA
117 AM EST SAT FEB 6 2016


...................................

...THE ROANOKE VA CLIMATE SUMMARY FOR FEBRUARY 5 2016...

CLIMATE NORMAL PERIOD 1981 TO 2010
CLIMATE RECORD PERIOD 1912 TO 2016


WEATHER ITEM   OBSERVED TIME   RECORD YEAR NORMAL DEPARTURE LAST
                VALUE   (LST)  VALUE       VALUE  FROM      YEAR
                                                  NORMAL
..................................................................
TEMPERATURE (F)
 YESTERDAY
  MAXIMUM         44    317 PM  74    2008  47     -3       45
                                      1991
  MINIMUM         28   1148 PM  -1    1996  28      0       19
                                      1917
  AVERAGE         36                        38     -2       32

PRECIPITATION (IN)
  YESTERDAY        T             1.56 1960   0.10  -0.10     0.00
  MONTH TO DATE    1.23                      0.52   0.71     0.16
  SINCE DEC 1      8.77                      6.38   2.39     4.01
  SINCE JAN 1      4.22                      3.44   0.78     1.47

SNOWFALL (IN)
  YESTERDAY        T                                         0.0
  MONTH TO DATE    T                                          T
  SINCE DEC 1     13.5                                       0.2
  SINCE JUL 1     13.5                                       0.7
  SNOW DEPTH       0

DEGREE DAYS
 HEATING
  YESTERDAY       29                        27      2       33
  MONTH TO DATE  102                       137    -35      141
  SINCE DEC 1   1533                      1825   -292     1735
  SINCE JUL 1   2175                      2629   -454     2613

 COOLING
  YESTERDAY        0                         0      0        0
  MONTH TO DATE    0                         0      0        0
  SINCE DEC 1      0                         0      0        0
  SINCE JAN 1      0                         0      0        0
..................................................................


WIND (MPH)
  HIGHEST WIND SPEED    25   HIGHEST WIND DIRECTION    NW (320)
  HIGHEST GUST SPEED    32   HIGHEST GUST DIRECTION    NW (330)
  AVERAGE WIND SPEED    12.4


SKY COVER
  AVERAGE SKY COVER 0.4


WEATHER CONDITIONS
 THE FOLLOWING WEATHER WAS RECORDED YESTERDAY.
  LIGHT SNOW


RELATIVE HUMIDITY (PERCENT)
 HIGHEST    59           100 AM
 LOWEST     27           300 PM
 AVERAGE    43

..........................................................


THE ROANOKE VA CLIMATE NORMALS FOR TODAY
                         NORMAL    RECORD    YEAR
 MAXIMUM TEMPERATURE (F)   47        69      1925
 MINIMUM TEMPERATURE (F)   29         8      1977
                                             1917


SUNRISE AND SUNSET
FEBRUARY  6 2016......SUNRISE   719 AM EST   SUNSET   549 PM EST
FEBRUARY  7 2016......SUNRISE   718 AM EST   SUNSET   550 PM EST


-  INDICATES NEGATIVE NUMBERS.
R  INDICATES RECORD WAS SET OR TIED.
MM INDICATES DATA IS MISSING.
T  INDICATES TRACE AMOUNT.




$$
