000
CDUS41 KRNK 242228
CLIROA


CLIMATE REPORT
NATIONAL WEATHER SERVICE BLACKSBURG VA
522 PM EST WED DEC 24 2014


...................................

...THE ROANOKE VA CLIMATE SUMMARY FOR DECEMBER 24 2014...
VALID TODAY AS OF 0500 PM LOCAL TIME.

CLIMATE NORMAL PERIOD 1981 TO 2010
CLIMATE RECORD PERIOD 1912 TO 2014


WEATHER ITEM   OBSERVED TIME   RECORD YEAR NORMAL DEPARTURE LAST
                VALUE   (LST)  VALUE       VALUE  FROM      YEAR
                                                  NORMAL
..................................................................
TEMPERATURE (F)
 TODAY
  MAXIMUM         48    502 PM  72    1933  46      2       40
  MINIMUM         42    723 AM   0    1989  29     13       19
                                      1983
  AVERAGE         45                        37      8       30

PRECIPITATION (IN)
  TODAY            0.70          1.97 1986   0.10   0.60      T
  MONTH TO DATE    2.22                      2.34  -0.12     3.35
  SINCE DEC 1      2.22                      2.34  -0.12     3.35
  SINCE JAN 1     39.11                     40.65  -1.54    52.07

SNOWFALL (IN)
  TODAY            0.0
  MONTH TO DATE    T
  SINCE DEC 1      T
  SINCE JUL 1      0.5
  SNOW DEPTH       0

DEGREE DAYS
 HEATING
  TODAY           20                        28     -8       35
  MONTH TO DATE  542                       610    -68      504
  SINCE DEC 1    542                       610    -68      504
  SINCE JUL 1   1420                      1414      6     1376

 COOLING
  TODAY            0                         0      0        0
  MONTH TO DATE    0                         0      0        0
  SINCE DEC 1      0                         0      0        0
  SINCE JAN 1   1128                      1208    -80     1227
..................................................................


WIND (MPH)
  HIGHEST WIND SPEED     7   HIGHEST WIND DIRECTION    SE (140)
  HIGHEST GUST SPEED    MM   HIGHEST GUST DIRECTION    MM
  AVERAGE WIND SPEED     0.9


SKY COVER
  POSSIBLE SUNSHINE  MM
  AVERAGE SKY COVER 1.0


WEATHER CONDITIONS
 THE FOLLOWING WEATHER WAS RECORDED TODAY.
  RAIN
  LIGHT RAIN
  FOG


RELATIVE HUMIDITY (PERCENT)
 HIGHEST   100           400 AM
 LOWEST     92           900 AM
 AVERAGE    96

..........................................................


THE ROANOKE VA CLIMATE NORMALS FOR TOMORROW
                         NORMAL    RECORD    YEAR
 MAXIMUM TEMPERATURE (F)   46        68      1982
                                             1964
 MINIMUM TEMPERATURE (F)   28        -4      1983


SUNRISE AND SUNSET
DECEMBER 24 2014......SUNRISE   732 AM EST   SUNSET   507 PM EST
DECEMBER 25 2014......SUNRISE   732 AM EST   SUNSET   508 PM EST


-  INDICATES NEGATIVE NUMBERS.
R  INDICATES RECORD WAS SET OR TIED.
MM INDICATES DATA IS MISSING.
T  INDICATES TRACE AMOUNT.




$$
