834
CDUS41 KBUF 231007
CLIROC


CLIMATE REPORT
NATIONAL WEATHER SERVICE BUFFALO NY
507 AM EST TUE JAN 23 2018


...................................

...THE ROCHESTER NY CLIMATE SUMMARY FOR JANUARY 22 2018...

CLIMATE NORMAL PERIOD 1981 TO 2010
CLIMATE RECORD PERIOD 1871 TO 2018


WEATHER ITEM   OBSERVED TIME   RECORD YEAR NORMAL DEPARTURE LAST
                VALUE   (LST)  VALUE       VALUE  FROM      YEAR
                                                  NORMAL
..................................................................
TEMPERATURE (F)
 YESTERDAY
  MAXIMUM         51   1101 PM  68    1906  31     20       45
  MINIMUM         36    442 AM  -9    2005  17     19       37
  AVERAGE         44                        24     20       41

PRECIPITATION (IN)
  YESTERDAY        0.16          0.92 1904   0.08   0.08      T
  MONTH TO DATE    2.46                      1.76   0.70     1.89
  SINCE DEC 1      4.70                      4.39   0.31     4.80
  SINCE JAN 1      2.46                      1.76   0.70     1.89

SNOWFALL (IN)
  YESTERDAY        0.0           9.0  1881   1.0   -1.0      0.0
  MONTH TO DATE   25.4                      20.2    5.2      4.4
  SINCE DEC 1     60.1                      42.0   18.1     33.7
  SINCE JUL 1     62.7                      49.4   13.3     49.6
  SNOW DEPTH       2

DEGREE DAYS
 HEATING
  YESTERDAY       21                        41    -20       24
  MONTH TO DATE  924                       885     39      737
  SINCE DEC 1   2126                      1970    156     1772
  SINCE JUL 1   3217                      3338   -121     2750

 COOLING
  YESTERDAY        0                         0      0        0
  MONTH TO DATE    0                         0      0        0
  SINCE DEC 1      0                         0      0        0
  SINCE JAN 1      0                         0      0        0
..................................................................


WIND (MPH)
  HIGHEST WIND SPEED    15   HIGHEST WIND DIRECTION     S (190)
  HIGHEST GUST SPEED    23   HIGHEST GUST DIRECTION     S (200)
  AVERAGE WIND SPEED     5.8


SKY COVER
  AVERAGE SKY COVER 1.0


WEATHER CONDITIONS
 THE FOLLOWING WEATHER WAS RECORDED YESTERDAY.
  RAIN
  LIGHT RAIN
  FOG
  FOG W/VISIBILITY <= 1/4 MILE


RELATIVE HUMIDITY (PERCENT)
 HIGHEST   100           100 AM
 LOWEST     71          1100 PM
 AVERAGE    86

..........................................................


THE ROCHESTER NY CLIMATE NORMALS FOR TODAY
                         NORMAL    RECORD    YEAR
 MAXIMUM TEMPERATURE (F)   31        64      1906
 MINIMUM TEMPERATURE (F)   17       -14      1976


SUNRISE AND SUNSET
JANUARY 23 2018.......SUNRISE   734 AM EST   SUNSET   511 PM EST
JANUARY 24 2018.......SUNRISE   733 AM EST   SUNSET   513 PM EST


-  INDICATES NEGATIVE NUMBERS.
R  INDICATES RECORD WAS SET OR TIED.
MM INDICATES DATA IS MISSING.
T  INDICATES TRACE AMOUNT.




$$
