000
CDUS45 KABQ 290835
CLIROW


CLIMATE REPORT
NATIONAL WEATHER SERVICE ALBUQUERQUE NM
232 AM MDT SAT APR 29 2017


...................................

...THE ROSWELL NM CLIMATE SUMMARY FOR APRIL 28 2017...

CLIMATE NORMAL PERIOD 1981 TO 2010
CLIMATE RECORD PERIOD 1893 TO 2017


WEATHER ITEM   OBSERVED TIME   RECORD YEAR NORMAL DEPARTURE
                VALUE   (LST)  VALUE       VALUE  FROM
                                                  NORMAL
...............................................................
TEMPERATURE (F)
 YESTERDAY
  MAXIMUM         87    153 PM  95    1992  80      7
  MINIMUM         48    534 AM  31    1961  49     -1
  AVERAGE         68                        64      4

PRECIPITATION (IN)
  YESTERDAY        0.00          1.48 1985   0.03  -0.03
  MONTH TO DATE    1.21                      0.56   0.65
  SINCE MAR 1      1.53                      1.07   0.46
  SINCE JAN 1      2.78                      1.87   0.91

SNOWFALL (IN)
  YESTERDAY        0.0
  MONTH TO DATE    0.0
  SINCE MAR 1      0.0
  SINCE JUL 1      2.5

DEGREE DAYS
 HEATING
  YESTERDAY        0                         3     -3
  MONTH TO DATE   80                       158    -78
  SINCE MAR 1    255                       545   -290
  SINCE JUL 1   2400                      3252   -852

 COOLING
  YESTERDAY        3                         2      1
  MONTH TO DATE   74                        31     43
  SINCE MAR 1    108                        34     74
  SINCE JAN 1    108                        34     74
...............................................................


WIND (MPH)
  HIGHEST WIND SPEED    30   HIGHEST WIND DIRECTION     N (20)
  HIGHEST GUST SPEED    44   HIGHEST GUST DIRECTION     S (190)
  AVERAGE WIND SPEED    14.3


SKY COVER
  AVERAGE SKY COVER 0.1


WEATHER CONDITIONS
 THE FOLLOWING WEATHER WAS RECORDED YESTERDAY.
  NO SIGNIFICANT WEATHER WAS OBSERVED.


RELATIVE HUMIDITY (PERCENT)
 HIGHEST    63          1100 PM
 LOWEST     15           200 PM
 AVERAGE    39

..........................................................


THE ROSWELL NM CLIMATE NORMALS FOR TODAY
                         NORMAL    RECORD    YEAR
 MAXIMUM TEMPERATURE (F)   80        97      2011
 MINIMUM TEMPERATURE (F)   49        28      1968


SUNRISE AND SUNSET
APRIL 29 2017.........SUNRISE   612 AM MDT   SUNSET   739 PM MDT
APRIL 30 2017.........SUNRISE   611 AM MDT   SUNSET   740 PM MDT


-  INDICATES NEGATIVE NUMBERS.
R  INDICATES RECORD WAS SET OR TIED.
MM INDICATES DATA IS MISSING.
T  INDICATES TRACE AMOUNT.

$$
