480
CDUS45 KABQ 250828
CLIROW


CLIMATE REPORT
NATIONAL WEATHER SERVICE ALBUQUERQUE NM
228 AM MDT THU AUG 25 2016


...................................

...THE ROSWELL NM CLIMATE SUMMARY FOR AUGUST 24 2016...

CLIMATE NORMAL PERIOD 1981 TO 2010
CLIMATE RECORD PERIOD 1893 TO 2016


WEATHER ITEM   OBSERVED TIME   RECORD YEAR NORMAL DEPARTURE
                VALUE   (LST)  VALUE       VALUE  FROM
                                                  NORMAL
...............................................................
TEMPERATURE (F)
 YESTERDAY
  MAXIMUM         82    252 PM 102    2011  91     -9
                                      2002
                                      2001
  MINIMUM         64    645 AM  53    1897  65     -1
  AVERAGE         73                        78     -5

PRECIPITATION (IN)
  YESTERDAY        0.06          3.38 1944   0.06   0.00
  MONTH TO DATE    4.26                      1.56   2.70
  SINCE JUN 1      5.24                      5.35  -0.11
  SINCE JAN 1      7.17                      8.52  -1.35

SNOWFALL (IN)
  YESTERDAY        0.0
  MONTH TO DATE    0.0
  SINCE JUN 1      0.0
  SINCE JUL 1      0.0

DEGREE DAYS
 HEATING
  YESTERDAY        0                         0      0
  MONTH TO DATE    0                         0      0
  SINCE JUN 1      0                         1     -1
  SINCE JUL 1      0                         0      0

 COOLING
  YESTERDAY        8                        13     -5
  MONTH TO DATE  367                       340     27
  SINCE JUN 1   1517                      1213    304
  SINCE JAN 1   1695                      1438    257
...............................................................


WIND (MPH)
  HIGHEST WIND SPEED    32   HIGHEST WIND DIRECTION     W (270)
  HIGHEST GUST SPEED    37   HIGHEST GUST DIRECTION     W (260)
  AVERAGE WIND SPEED    12.3


SKY COVER
  AVERAGE SKY COVER 0.2


WEATHER CONDITIONS
 THE FOLLOWING WEATHER WAS RECORDED YESTERDAY.
  THUNDERSTORM
  LIGHT RAIN


RELATIVE HUMIDITY (PERCENT)
 HIGHEST    93           600 AM
 LOWEST     49           400 PM
 AVERAGE    71

..........................................................


THE ROSWELL NM CLIMATE NORMALS FOR TODAY
                         NORMAL    RECORD    YEAR
 MAXIMUM TEMPERATURE (F)   91       102      2002
 MINIMUM TEMPERATURE (F)   65        53      1897


SUNRISE AND SUNSET
AUGUST 25 2016........SUNRISE   628 AM MDT   SUNSET   731 PM MDT
AUGUST 26 2016........SUNRISE   629 AM MDT   SUNSET   730 PM MDT


-  INDICATES NEGATIVE NUMBERS.
R  INDICATES RECORD WAS SET OR TIED.
MM INDICATES DATA IS MISSING.
T  INDICATES TRACE AMOUNT.




$$
