000
CDUS45 KABQ 010831
CLIROW


CLIMATE REPORT
NATIONAL WEATHER SERVICE ALBUQUERQUE NM
129 AM MST SUN FEB 1 2015


...................................

...THE ROSWELL NM CLIMATE SUMMARY FOR JANUARY 31 2015...

CLIMATE NORMAL PERIOD 1981 TO 2010
CLIMATE RECORD PERIOD 1893 TO 2015


WEATHER ITEM   OBSERVED TIME   RECORD YEAR NORMAL DEPARTURE
                VALUE   (LST)  VALUE       VALUE  FROM
                                                  NORMAL
...............................................................
TEMPERATURE (F)
 YESTERDAY
  MAXIMUM         46    713 PM  88    1893  58    -12
  MINIMUM         38    832 AM   2    1949  28     10
  AVERAGE         42                        43     -1

PRECIPITATION (IN)
  YESTERDAY        0.01          0.20 1978   0.01   0.00
  MONTH TO DATE    0.98                      0.38   0.60
  SINCE DEC 1      1.09                      1.02   0.07
  SINCE JAN 1      0.98                      0.38   0.60

SNOWFALL (IN)
  YESTERDAY        0.0
  MONTH TO DATE    8.6
  SINCE DEC 1     10.1
  SINCE JUL 1     11.9

DEGREE DAYS
 HEATING
  YESTERDAY       23                        22      1
  MONTH TO DATE  842                       756     86
  SINCE DEC 1   1528                      1520      8
  SINCE JUL 1   2185                      2166     19

 COOLING
  YESTERDAY        0                         0      0
  MONTH TO DATE    0                         0      0
  SINCE DEC 1      0                         0      0
  SINCE JAN 1      0                         0      0
...............................................................


WIND (MPH)
  HIGHEST WIND SPEED     9   HIGHEST WIND DIRECTION     S (190)
  HIGHEST GUST SPEED    11   HIGHEST GUST DIRECTION     S (200)
  AVERAGE WIND SPEED     2.0


SKY COVER
  AVERAGE SKY COVER 1.0


WEATHER CONDITIONS
 THE FOLLOWING WEATHER WAS RECORDED YESTERDAY.
  LIGHT RAIN
  FOG


RELATIVE HUMIDITY (PERCENT)
 HIGHEST   100           600 AM
 LOWEST     82          1200 PM
 AVERAGE    91

..........................................................


THE ROSWELL NM CLIMATE NORMALS FOR TODAY
                         NORMAL    RECORD    YEAR
 MAXIMUM TEMPERATURE (F)   58        83      1963
 MINIMUM TEMPERATURE (F)   28        -8      1951


SUNRISE AND SUNSET
FEBRUARY  1 2015......SUNRISE   654 AM MST   SUNSET   530 PM MST
FEBRUARY  2 2015......SUNRISE   653 AM MST   SUNSET   531 PM MST


-  INDICATES NEGATIVE NUMBERS.
R  INDICATES RECORD WAS SET OR TIED.
MM INDICATES DATA IS MISSING.
T  INDICATES TRACE AMOUNT.




$$
