106
CDUS45 KABQ 280838
CLIROW


CLIMATE REPORT
NATIONAL WEATHER SERVICE ALBUQUERQUE NM
237 AM MDT THU JUL 28 2016


...................................

...THE ROSWELL NM CLIMATE SUMMARY FOR JULY 27 2016...

CLIMATE NORMAL PERIOD 1981 TO 2010
CLIMATE RECORD PERIOD 1893 TO 2016


WEATHER ITEM   OBSERVED TIME   RECORD YEAR NORMAL DEPARTURE
                VALUE   (LST)  VALUE       VALUE  FROM
                                                  NORMAL
...............................................................
TEMPERATURE (F)
 YESTERDAY
  MAXIMUM         98    246 PM 111    1995  93      5
  MINIMUM         70    552 AM  53    1894  67      3
  AVERAGE         84                        80      4

PRECIPITATION (IN)
  YESTERDAY        T             0.91 1981   0.07  -0.07
  MONTH TO DATE    0.45                      1.84  -1.39
  SINCE JUN 1      0.98                      3.57  -2.59
  SINCE JAN 1      2.91                      6.74  -3.83

SNOWFALL (IN)
  YESTERDAY        0.0
  MONTH TO DATE    0.0
  SINCE JUN 1      0.0
  SINCE JUL 1      0.0

DEGREE DAYS
 HEATING
  YESTERDAY        0                         0      0
  MONTH TO DATE    0                         0      0
  SINCE JUN 1      0                         1     -1
  SINCE JUL 1      0                         0      0

 COOLING
  YESTERDAY       19                        15      4
  MONTH TO DATE  599                       417    182
  SINCE JUN 1   1077                       814    263
  SINCE JAN 1   1255                      1039    216
...............................................................


WIND (MPH)
  HIGHEST WIND SPEED    30   HIGHEST WIND DIRECTION    SE (130)
  HIGHEST GUST SPEED    36   HIGHEST GUST DIRECTION    SE (120)
  AVERAGE WIND SPEED     5.5


SKY COVER
  AVERAGE SKY COVER 0.1


WEATHER CONDITIONS
 THE FOLLOWING WEATHER WAS RECORDED YESTERDAY.
  THUNDERSTORM
  LIGHT RAIN


RELATIVE HUMIDITY (PERCENT)
 HIGHEST    78           600 AM
 LOWEST     17           200 PM
 AVERAGE    48

..........................................................


THE ROSWELL NM CLIMATE NORMALS FOR TODAY
                         NORMAL    RECORD    YEAR
 MAXIMUM TEMPERATURE (F)   93       106      1995
 MINIMUM TEMPERATURE (F)   67        56      2005


SUNRISE AND SUNSET
JULY 28 2016..........SUNRISE   609 AM MDT   SUNSET   800 PM MDT
JULY 29 2016..........SUNRISE   609 AM MDT   SUNSET   759 PM MDT


-  INDICATES NEGATIVE NUMBERS.
R  INDICATES RECORD WAS SET OR TIED.
MM INDICATES DATA IS MISSING.
T  INDICATES TRACE AMOUNT.




$$
