000
CDUS45 KABQ 300842
CLIROW


CLIMATE REPORT
NATIONAL WEATHER SERVICE ALBUQUERQUE NM
236 AM MDT SAT APR 30 2016


...................................

...THE ROSWELL NM CLIMATE SUMMARY FOR APRIL 29 2016...

CLIMATE NORMAL PERIOD 1981 TO 2010
CLIMATE RECORD PERIOD 1893 TO 2016


WEATHER ITEM   OBSERVED TIME   RECORD YEAR NORMAL DEPARTURE
                VALUE   (LST)  VALUE       VALUE  FROM
                                                  NORMAL
...............................................................
TEMPERATURE (F)
 YESTERDAY
  MAXIMUM         79    340 PM  97    2011  80     -1
  MINIMUM         55    611 AM  28    1968  49      6
  AVERAGE         67                        65      2

PRECIPITATION (IN)
  YESTERDAY        0.00          1.18 2007   0.02  -0.02
  MONTH TO DATE    0.77                      0.58   0.19
  SINCE MAR 1      0.77                      1.09  -0.32
  SINCE JAN 1      1.33                      1.89  -0.56

SNOWFALL (IN)
  YESTERDAY        0.0
  MONTH TO DATE    T
  SINCE MAR 1      T
  SINCE JUL 1     17.8

DEGREE DAYS
 HEATING
  YESTERDAY        0                         3     -3
  MONTH TO DATE  131                       161    -30
  SINCE MAR 1    409                       548   -139
  SINCE JUL 1   2969                      3255   -286

 COOLING
  YESTERDAY        2                         3     -1
  MONTH TO DATE   20                        34    -14
  SINCE MAR 1     20                        37    -17
  SINCE JAN 1     20                        37    -17
...............................................................


WIND (MPH)
  HIGHEST WIND SPEED    22   HIGHEST WIND DIRECTION     W (290)
  HIGHEST GUST SPEED    27   HIGHEST GUST DIRECTION     W (290)
  AVERAGE WIND SPEED    10.0


SKY COVER
  AVERAGE SKY COVER 0.1


WEATHER CONDITIONS
 THE FOLLOWING WEATHER WAS RECORDED YESTERDAY.
  NO SIGNIFICANT WEATHER WAS OBSERVED.


RELATIVE HUMIDITY (PERCENT)
 HIGHEST    72           500 AM
 LOWEST      9          1000 AM
 AVERAGE    41

..........................................................


THE ROSWELL NM CLIMATE NORMALS FOR TODAY
                         NORMAL    RECORD    YEAR
 MAXIMUM TEMPERATURE (F)   81        96      2013
                                             2002
 MINIMUM TEMPERATURE (F)   50        27      1903


SUNRISE AND SUNSET
APRIL 30 2016.........SUNRISE   611 AM MDT   SUNSET   740 PM MDT
MAY  1 2016...........SUNRISE   610 AM MDT   SUNSET   741 PM MDT


-  INDICATES NEGATIVE NUMBERS.
R  INDICATES RECORD WAS SET OR TIED.
MM INDICATES DATA IS MISSING.
T  INDICATES TRACE AMOUNT.

$$
