000
CDUS45 KABQ 230827
CLIROW


CLIMATE REPORT
NATIONAL WEATHER SERVICE ALBUQUERQUE NM
226 AM MDT FRI JUN 23 2017


...................................

...THE ROSWELL NM CLIMATE SUMMARY FOR JUNE 22 2017...

CLIMATE NORMAL PERIOD 1981 TO 2010
CLIMATE RECORD PERIOD 1893 TO 2017


WEATHER ITEM   OBSERVED TIME   RECORD YEAR NORMAL DEPARTURE
                VALUE   (LST)  VALUE       VALUE  FROM
                                                  NORMAL
...............................................................
TEMPERATURE (F)
 YESTERDAY
  MAXIMUM        108R   435 PM 106    2016  94     14
                                      2013
  MINIMUM         68    422 AM  52    1907  65      3
  AVERAGE         88                        80      8

PRECIPITATION (IN)
  YESTERDAY        T             0.45 1900   0.06  -0.06
  MONTH TO DATE    0.45                      1.14  -0.69
  SINCE JUN 1      0.45                      1.14  -0.69
  SINCE JAN 1      4.01                      4.31  -0.30

SNOWFALL (IN)
  YESTERDAY        0.0
  MONTH TO DATE    0.0
  SINCE JUN 1      0.0
  SINCE JUL 1      2.5

DEGREE DAYS
 HEATING
  YESTERDAY        0                         0      0
  MONTH TO DATE    0                         0      0
  SINCE JUN 1      0                         0      0
  SINCE JUL 1   2442                      3287   -845

 COOLING
  YESTERDAY       23                        15      8
  MONTH TO DATE  369                       276     93
  SINCE JUN 1    369                       276     93
  SINCE JAN 1    650                       501    149
...............................................................


WIND (MPH)
  HIGHEST WIND SPEED    26   HIGHEST WIND DIRECTION     S (200)
  HIGHEST GUST SPEED    31   HIGHEST GUST DIRECTION     S (200)
  AVERAGE WIND SPEED     7.7


SKY COVER
  AVERAGE SKY COVER 0.0


WEATHER CONDITIONS
 THE FOLLOWING WEATHER WAS RECORDED YESTERDAY.
  LIGHT RAIN


RELATIVE HUMIDITY (PERCENT)
 HIGHEST    61           400 AM
 LOWEST     11           400 PM
 AVERAGE    36

..........................................................


THE ROSWELL NM CLIMATE NORMALS FOR TODAY
                         NORMAL    RECORD    YEAR
 MAXIMUM TEMPERATURE (F)   94       107      1953
                                             1952
 MINIMUM TEMPERATURE (F)   65        51      1907


SUNRISE AND SUNSET
JUNE 23 2017..........SUNRISE   550 AM MDT   SUNSET   811 PM MDT
JUNE 24 2017..........SUNRISE   550 AM MDT   SUNSET   811 PM MDT


-  INDICATES NEGATIVE NUMBERS.
R  INDICATES RECORD WAS SET OR TIED.
MM INDICATES DATA IS MISSING.
T  INDICATES TRACE AMOUNT.




$$
