000
CDUS45 KABQ 220844
CLIROW


CLIMATE REPORT
NATIONAL WEATHER SERVICE ALBUQUERQUE NM
141 AM MST MON DEC 22 2014


...................................

...THE ROSWELL NM CLIMATE SUMMARY FOR DECEMBER 21 2014...

CLIMATE NORMAL PERIOD 1981 TO 2010
CLIMATE RECORD PERIOD 1893 TO 2014


WEATHER ITEM   OBSERVED TIME   RECORD YEAR NORMAL DEPARTURE
                VALUE   (LST)  VALUE       VALUE  FROM
                                                  NORMAL
...............................................................
TEMPERATURE (F)
 YESTERDAY
  MAXIMUM         67    309 PM  81    1981  53     14
  MINIMUM         27    710 AM   7    1909  25      2
  AVERAGE         47                        39      8

PRECIPITATION (IN)
  YESTERDAY        0.00          0.65 1991   0.02  -0.02
  MONTH TO DATE    0.01                      0.45  -0.44
  SINCE DEC 1      0.01                      0.45  -0.44
  SINCE JAN 1     17.91                     12.72   5.19

SNOWFALL (IN)
  YESTERDAY        0.0
  MONTH TO DATE    0.0
  SINCE DEC 1      0.0
  SINCE JUL 1      1.8

DEGREE DAYS
 HEATING
  YESTERDAY       18                        26     -8
  MONTH TO DATE  399                       506   -107
  SINCE DEC 1    399                       506   -107
  SINCE JUL 1   1056                      1152    -96

 COOLING
  YESTERDAY        0                         0      0
  MONTH TO DATE    0                         0      0
  SINCE DEC 1      0                         0      0
  SINCE JAN 1   1928                      1789    139
...............................................................


WIND (MPH)
  HIGHEST WIND SPEED    23   HIGHEST WIND DIRECTION     W (280)
  HIGHEST GUST SPEED    28   HIGHEST GUST DIRECTION     W (280)
  AVERAGE WIND SPEED     7.8


SKY COVER
  AVERAGE SKY COVER 0.0


WEATHER CONDITIONS
 THE FOLLOWING WEATHER WAS RECORDED YESTERDAY.
  NO SIGNIFICANT WEATHER WAS OBSERVED.


RELATIVE HUMIDITY (PERCENT)
 HIGHEST    78           400 AM
 LOWEST     20           100 PM
 AVERAGE    49

..........................................................


THE ROSWELL NM CLIMATE NORMALS FOR TODAY
                         NORMAL    RECORD    YEAR
 MAXIMUM TEMPERATURE (F)   53        77      1948
 MINIMUM TEMPERATURE (F)   25         8      1989


SUNRISE AND SUNSET
DECEMBER 22 2014......SUNRISE   658 AM MST   SUNSET   455 PM MST
DECEMBER 23 2014......SUNRISE   659 AM MST   SUNSET   456 PM MST


-  INDICATES NEGATIVE NUMBERS.
R  INDICATES RECORD WAS SET OR TIED.
MM INDICATES DATA IS MISSING.
T  INDICATES TRACE AMOUNT.




$$
