000
CDUS45 KABQ 260826
CLIROW


CLIMATE REPORT
NATIONAL WEATHER SERVICE ALBUQUERQUE NM
225 AM MDT THU MAY 26 2016


...................................

...THE ROSWELL NM CLIMATE SUMMARY FOR MAY 25 2016...

CLIMATE NORMAL PERIOD 1981 TO 2010
CLIMATE RECORD PERIOD 1893 TO 2016


WEATHER ITEM   OBSERVED TIME   RECORD YEAR NORMAL DEPARTURE
                VALUE   (LST)  VALUE       VALUE  FROM
                                                  NORMAL
...............................................................
TEMPERATURE (F)
 YESTERDAY
  MAXIMUM         96    229 PM 102    2006  88      8
  MINIMUM         52    440 AM  45    2010  58     -6
                                      1971
  AVERAGE         74                        73      1

PRECIPITATION (IN)
  YESTERDAY        0.00          0.95 1936   0.04  -0.04
  MONTH TO DATE    0.60                      0.99  -0.39
  SINCE MAR 1      1.37                      2.11  -0.74
  SINCE JAN 1      1.93                      2.91  -0.98

SNOWFALL (IN)
  YESTERDAY        0.0
  MONTH TO DATE    0.0
  SINCE MAR 1      T
  SINCE JUL 1     17.8

DEGREE DAYS
 HEATING
  YESTERDAY        0                         0      0
  MONTH TO DATE   62                        27     35
  SINCE MAR 1    477                       578   -101
  SINCE JUL 1   3037                      3285   -248

 COOLING
  YESTERDAY        9                         8      1
  MONTH TO DATE  113                       131    -18
  SINCE MAR 1    133                       171    -38
  SINCE JAN 1    133                       171    -38
...............................................................


WIND (MPH)
  HIGHEST WIND SPEED    29   HIGHEST WIND DIRECTION    SW (220)
  HIGHEST GUST SPEED    36   HIGHEST GUST DIRECTION    SW (220)
  AVERAGE WIND SPEED    11.4


SKY COVER
  AVERAGE SKY COVER 0.0


WEATHER CONDITIONS
 THE FOLLOWING WEATHER WAS RECORDED YESTERDAY.
  NO SIGNIFICANT WEATHER WAS OBSERVED.


RELATIVE HUMIDITY (PERCENT)
 HIGHEST    28           500 AM
 LOWEST      4           200 PM
 AVERAGE    16

..........................................................


THE ROSWELL NM CLIMATE NORMALS FOR TODAY
                         NORMAL    RECORD    YEAR
 MAXIMUM TEMPERATURE (F)   89       106      1896
 MINIMUM TEMPERATURE (F)   58        36      1913


SUNRISE AND SUNSET
MAY 26 2016...........SUNRISE   552 AM MDT   SUNSET   759 PM MDT
MAY 27 2016...........SUNRISE   551 AM MDT   SUNSET   800 PM MDT


-  INDICATES NEGATIVE NUMBERS.
R  INDICATES RECORD WAS SET OR TIED.
MM INDICATES DATA IS MISSING.
T  INDICATES TRACE AMOUNT.




$$
