000
CDUS45 KABQ 080836
CLIROW


CLIMATE REPORT
NATIONAL WEATHER SERVICE ALBUQUERQUE NM
130 AM MST THU DEC 8 2016


...................................

...THE ROSWELL NM CLIMATE SUMMARY FOR DECEMBER 7 2016...

CLIMATE NORMAL PERIOD 1981 TO 2010
CLIMATE RECORD PERIOD 1893 TO 2016


WEATHER ITEM   OBSERVED TIME   RECORD YEAR NORMAL DEPARTURE
                VALUE   (LST)  VALUE       VALUE  FROM
                                                  NORMAL
...............................................................
TEMPERATURE (F)
 YESTERDAY
  MAXIMUM         55    230 PM  77    1933  56     -1
  MINIMUM         26    546 AM   0    1912  27     -1
  AVERAGE         41                        42     -1

PRECIPITATION (IN)
  YESTERDAY        0.00          0.37 1951   0.02  -0.02
  MONTH TO DATE    0.18                      0.14   0.04
  SINCE DEC 1      0.18                      0.14   0.04
  SINCE JAN 1     10.52                     12.41  -1.89

SNOWFALL (IN)
  YESTERDAY        0.0
  MONTH TO DATE    T
  SINCE DEC 1      T
  SINCE JUL 1      T

DEGREE DAYS
 HEATING
  YESTERDAY       24                        23      1
  MONTH TO DATE  176                       158     18
  SINCE DEC 1    176                       158     18
  SINCE JUL 1    562                       804   -242

 COOLING
  YESTERDAY        0                         0      0
  MONTH TO DATE    0                         0      0
  SINCE DEC 1      0                         0      0
  SINCE JAN 1   2066                      1789    277
...............................................................


WIND (MPH)
  HIGHEST WIND SPEED    20   HIGHEST WIND DIRECTION    NE (40)
  HIGHEST GUST SPEED    26   HIGHEST GUST DIRECTION    NE (60)
  AVERAGE WIND SPEED     9.3


SKY COVER
  AVERAGE SKY COVER 0.2


WEATHER CONDITIONS
 THE FOLLOWING WEATHER WAS RECORDED YESTERDAY.
  NO SIGNIFICANT WEATHER WAS OBSERVED.


RELATIVE HUMIDITY (PERCENT)
 HIGHEST    85           200 AM
 LOWEST     38           900 PM
 AVERAGE    62

..........................................................


THE ROSWELL NM CLIMATE NORMALS FOR TODAY
                         NORMAL    RECORD    YEAR
 MAXIMUM TEMPERATURE (F)   56        80      1977
 MINIMUM TEMPERATURE (F)   27        -7      1978


SUNRISE AND SUNSET
DECEMBER  8 2016......SUNRISE   650 AM MST   SUNSET   451 PM MST
DECEMBER  9 2016......SUNRISE   651 AM MST   SUNSET   451 PM MST


-  INDICATES NEGATIVE NUMBERS.
R  INDICATES RECORD WAS SET OR TIED.
MM INDICATES DATA IS MISSING.
T  INDICATES TRACE AMOUNT.

$$
