270
CDUS45 KABQ 130828
CLIROW


CLIMATE REPORT
NATIONAL WEATHER SERVICE ALBUQUERQUE NM
126 AM MST SAT FEB 13 2016


...................................

...THE ROSWELL NM CLIMATE SUMMARY FOR FEBRUARY 12 2016...

CLIMATE NORMAL PERIOD 1981 TO 2010
CLIMATE RECORD PERIOD 1893 TO 2016


WEATHER ITEM   OBSERVED TIME   RECORD YEAR NORMAL DEPARTURE
                VALUE   (LST)  VALUE       VALUE  FROM
                                                  NORMAL
...............................................................
TEMPERATURE (F)
 YESTERDAY
  MAXIMUM         72    431 PM  87    1962  60     12
  MINIMUM         30    206 AM -20    1905  30      0
  AVERAGE         51                        45      6

PRECIPITATION (IN)
  YESTERDAY        0.00          0.68 1968   0.02  -0.02
  MONTH TO DATE    0.00                      0.18  -0.18
  SINCE DEC 1      0.78                      1.20  -0.42
  SINCE JAN 1      0.16                      0.56  -0.40

SNOWFALL (IN)
  YESTERDAY        0.0
  MONTH TO DATE    0.0
  SINCE DEC 1     17.8
  SINCE JUL 1     17.8

DEGREE DAYS
 HEATING
  YESTERDAY       14                        20     -6
  MONTH TO DATE  271                       253     18
  SINCE DEC 1   1785                      1773     12
  SINCE JUL 1   2353                      2419    -66

 COOLING
  YESTERDAY        0                         0      0
  MONTH TO DATE    0                         0      0
  SINCE DEC 1      0                         0      0
  SINCE JAN 1      0                         0      0
...............................................................


WIND (MPH)
  HIGHEST WIND SPEED    14   HIGHEST WIND DIRECTION     N (20)
  HIGHEST GUST SPEED    19   HIGHEST GUST DIRECTION     N (20)
  AVERAGE WIND SPEED     5.3


SKY COVER
  AVERAGE SKY COVER 0.0


WEATHER CONDITIONS
 THE FOLLOWING WEATHER WAS RECORDED YESTERDAY.
  NO SIGNIFICANT WEATHER WAS OBSERVED.


RELATIVE HUMIDITY (PERCENT)
 HIGHEST    51           200 AM
 LOWEST     14           500 PM
 AVERAGE    33

..........................................................


THE ROSWELL NM CLIMATE NORMALS FOR TODAY
                         NORMAL    RECORD    YEAR
 MAXIMUM TEMPERATURE (F)   60        83      1979
                                             1904
 MINIMUM TEMPERATURE (F)   30        -1      1963


SUNRISE AND SUNSET
FEBRUARY 13 2016......SUNRISE   644 AM MST   SUNSET   541 PM MST
FEBRUARY 14 2016......SUNRISE   643 AM MST   SUNSET   542 PM MST


-  INDICATES NEGATIVE NUMBERS.
R  INDICATES RECORD WAS SET OR TIED.
MM INDICATES DATA IS MISSING.
T  INDICATES TRACE AMOUNT.

$$
