641
CDUS43 KARX 210638
CLIRST


CLIMATE REPORT
NATIONAL WEATHER SERVICE LA CROSSE WI
1237 AM CST SUN JAN 21 2018


...................................

...THE ROCHESTER MN CLIMATE SUMMARY FOR JANUARY 20 2018...

CLIMATE NORMAL PERIOD 1981 TO 2010
CLIMATE RECORD PERIOD 1886 TO 2018


WEATHER ITEM   OBSERVED TIME   RECORD YEAR NORMAL DEPARTURE LAST
                VALUE   (LST)  VALUE       VALUE  FROM      YEAR
                                                  NORMAL
..................................................................
TEMPERATURE (F)
 YESTERDAY
  MAXIMUM         42    336 PM  47    1944  23     19       34
  MINIMUM         25    830 AM -26    1970   7     18       33
  AVERAGE         34                        15     19       34

PRECIPITATION (IN)
  YESTERDAY        0.00          0.19 1974   0.03  -0.03     0.00
  MONTH TO DATE    0.49                      0.55  -0.06     1.06
  SINCE DEC 1      1.00                      1.78  -0.78     3.13
  SINCE JAN 1      0.49                      0.55  -0.06     1.06

SNOWFALL (IN)
  YESTERDAY        0.0           2.8  2012   0.4   -0.4      0.0
  MONTH TO DATE    7.7                       7.5    0.2      3.7
  SINCE JUL 1     18.2                      26.9   -8.7     24.4
  SNOW DEPTH       1

DEGREE DAYS
 HEATING
  YESTERDAY       31                        50    -19       31
  MONTH TO DATE 1089                       991     98     1008
  SINCE JUL 1   4119                      4069     50     3579

 COOLING
  YESTERDAY        0                         0      0        0
  MONTH TO DATE    0                         0      0        0
  SINCE JAN 1      0                         0      0        0
..................................................................


WIND (MPH)
  HIGHEST WIND SPEED    13   HIGHEST WIND DIRECTION    NW (300)
  HIGHEST GUST SPEED    15   HIGHEST GUST DIRECTION    NW (300)
  AVERAGE WIND SPEED     4.5


SKY COVER
  POSSIBLE SUNSHINE  MM
  AVERAGE SKY COVER 0.0


WEATHER CONDITIONS
 THE FOLLOWING WEATHER WAS RECORDED YESTERDAY.
  FOG


RELATIVE HUMIDITY (PERCENT)
 HIGHEST   100           500 AM
 LOWEST     76           500 PM
 AVERAGE    88

..........................................................


THE ROCHESTER MN CLIMATE NORMALS FOR TODAY
                         NORMAL    RECORD    YEAR
 MAXIMUM TEMPERATURE (F)   24        45      1968
 MINIMUM TEMPERATURE (F)    7       -39      1888


SUNRISE AND SUNSET
JANUARY 21 2018.......SUNRISE   737 AM CST   SUNSET   506 PM CST
JANUARY 22 2018.......SUNRISE   737 AM CST   SUNSET   507 PM CST


-  INDICATES NEGATIVE NUMBERS.
R  INDICATES RECORD WAS SET OR TIED.
MM INDICATES DATA IS MISSING.
T  INDICATES TRACE AMOUNT.




$$
