000
CDUS43 KARX 060655
CLIRST


CLIMATE REPORT
NATIONAL WEATHER SERVICE LA CROSSE WI
1254 AM CST TUE DEC 6 2016


...................................

...THE ROCHESTER MN CLIMATE SUMMARY FOR DECEMBER 5 2016...

CLIMATE NORMAL PERIOD 1981 TO 2010
CLIMATE RECORD PERIOD 1886 TO 2016


WEATHER ITEM   OBSERVED TIME   RECORD YEAR NORMAL DEPARTURE LAST
                VALUE   (LST)  VALUE       VALUE  FROM      YEAR
                                                  NORMAL
..................................................................
TEMPERATURE (F)
 YESTERDAY
  MAXIMUM         34    857 PM  62    1916  31      3       44
  MINIMUM         25    251 AM -10    1934  16      9       35
  AVERAGE         30                        23      7       40

PRECIPITATION (IN)
  YESTERDAY        0.05          0.94 1948   0.05   0.00     0.00
  MONTH TO DATE    0.33                      0.25   0.08     0.03
  SINCE DEC 1      0.33                      0.25   0.08     0.03
  SINCE JAN 1     41.81                     32.04   9.77    32.42

SNOWFALL (IN)
  YESTERDAY        T             6.1  1972   0.4   -0.4      0.0
  MONTH TO DATE    2.6                       2.0    0.6       T
  SINCE JUL 1      3.6                       8.9   -5.3      2.5
  SNOW DEPTH       1

DEGREE DAYS
 HEATING
  YESTERDAY       35                        42     -7       25
  MONTH TO DATE  167                       204    -37      167
  SINCE JUL 1   1302                      1876   -574     1517

 COOLING
  YESTERDAY        0                         0      0        0
  MONTH TO DATE    0                         0      0        0
  SINCE JAN 1    629                       585     44      507
..................................................................


WIND (MPH)
  HIGHEST WIND SPEED    29   HIGHEST WIND DIRECTION    SE (150)
  HIGHEST GUST SPEED    35   HIGHEST GUST DIRECTION    SE (150)
  AVERAGE WIND SPEED    16.6


SKY COVER
  POSSIBLE SUNSHINE  MM
  AVERAGE SKY COVER 0.8


WEATHER CONDITIONS
 THE FOLLOWING WEATHER WAS RECORDED YESTERDAY.
  LIGHT RAIN
  LT FREEZING RAIN
  LIGHT SNOW
  FOG
  FOG W/VISIBILITY <= 1/4 MILE


RELATIVE HUMIDITY (PERCENT)
 HIGHEST   100          1200 AM
 LOWEST     89           400 PM
 AVERAGE    95

..........................................................


THE ROCHESTER MN CLIMATE NORMALS FOR TODAY
                         NORMAL    RECORD    YEAR
 MAXIMUM TEMPERATURE (F)   30        48      1911
 MINIMUM TEMPERATURE (F)   15       -28      1972


SUNRISE AND SUNSET
DECEMBER  6 2016......SUNRISE   730 AM CST   SUNSET   432 PM CST
DECEMBER  7 2016......SUNRISE   731 AM CST   SUNSET   432 PM CST


-  INDICATES NEGATIVE NUMBERS.
R  INDICATES RECORD WAS SET OR TIED.
MM INDICATES DATA IS MISSING.
T  INDICATES TRACE AMOUNT.




$$
