000
CDUS43 KARX 050639
CLIRST


CLIMATE REPORT
NATIONAL WEATHER SERVICE LA CROSSE WI
139 AM CDT SUN JUL 5 2015


...................................

...THE ROCHESTER MN CLIMATE SUMMARY FOR JULY 4 2015...

CLIMATE NORMAL PERIOD 1981 TO 2010
CLIMATE RECORD PERIOD 1886 TO 2015


WEATHER ITEM   OBSERVED TIME   RECORD YEAR NORMAL DEPARTURE LAST
                VALUE   (LST)  VALUE       VALUE  FROM      YEAR
                                                  NORMAL
..................................................................
TEMPERATURE (F)
 YESTERDAY
  MAXIMUM         82    303 PM  98    1949  82      0       76
  MINIMUM         58    345 AM  43    1972  61     -3       51
                                      1967
  AVERAGE         70                        72     -2       64

PRECIPITATION (IN)
  YESTERDAY        0.00          1.40 1913   0.14  -0.14     0.00
  MONTH TO DATE    T                         0.57  -0.57     0.05
  SINCE JUN 1      4.46                      5.25  -0.79     7.32
  SINCE JAN 1     17.07                     15.69   1.38    18.65

SNOWFALL (IN)
  YESTERDAY        0.0           0.0  2012   0.0    0.0      0.0
  MONTH TO DATE    0.0                       0.0    0.0      0.0
  SINCE JUL 1      0.0                       0.0    0.0      0.0
  SNOW DEPTH       0

DEGREE DAYS
 HEATING
  YESTERDAY        0                         0      0        1
  MONTH TO DATE    9                         0      9        7
  SINCE JUL 1      9                         0      9        7

 COOLING
  YESTERDAY        5                         7     -2        0
  MONTH TO DATE    5                        28    -23        0
  SINCE JAN 1    118                       192    -74      170
..................................................................


WIND (MPH)
  HIGHEST WIND SPEED    14   HIGHEST WIND DIRECTION    SW (220)
  HIGHEST GUST SPEED    17   HIGHEST GUST DIRECTION    SW (220)
  AVERAGE WIND SPEED     7.0


SKY COVER
  POSSIBLE SUNSHINE  MM
  AVERAGE SKY COVER 0.1


WEATHER CONDITIONS
 THE FOLLOWING WEATHER WAS RECORDED YESTERDAY.
  HAZE


RELATIVE HUMIDITY (PERCENT)
 HIGHEST    93           200 AM
 LOWEST     58          1200 PM
 AVERAGE    76

..........................................................


THE ROCHESTER MN CLIMATE NORMALS FOR TODAY
                         NORMAL    RECORD    YEAR
 MAXIMUM TEMPERATURE (F)   82       104      1911
 MINIMUM TEMPERATURE (F)   61        42      1967


SUNRISE AND SUNSET
JULY  5 2015..........SUNRISE   534 AM CDT   SUNSET   855 PM CDT
JULY  6 2015..........SUNRISE   534 AM CDT   SUNSET   855 PM CDT


-  INDICATES NEGATIVE NUMBERS.
R  INDICATES RECORD WAS SET OR TIED.
MM INDICATES DATA IS MISSING.
T  INDICATES TRACE AMOUNT.




$$
