000
CDUS43 KARX 270701
CLIRST


CLIMATE REPORT
NATIONAL WEATHER SERVICE LA CROSSE WI
1256 AM CST FRI FEB 27 2015


...................................

...THE ROCHESTER MN CLIMATE SUMMARY FOR FEBRUARY 26 2015...

CLIMATE NORMAL PERIOD 1981 TO 2010
CLIMATE RECORD PERIOD 1886 TO 2015


WEATHER ITEM   OBSERVED TIME   RECORD YEAR NORMAL DEPARTURE LAST
                VALUE   (LST)  VALUE       VALUE  FROM      YEAR
                                                  NORMAL
..................................................................
TEMPERATURE (F)
 YESTERDAY
  MAXIMUM          5    433 PM  58    1958  32    -27       16
  MINIMUM        -10   1159 PM -28    1940  17    -27      -15
  AVERAGE         -2                        24    -26        1

PRECIPITATION (IN)
  YESTERDAY        0.00          0.35 1998   0.04  -0.04      T
                                      1936
  MONTH TO DATE    0.65                      0.75  -0.10     1.65
  SINCE DEC 1      2.38                      2.84  -0.46     3.75
  SINCE JAN 1      1.36                      1.61  -0.25     2.65

SNOWFALL (IN)
  YESTERDAY        0.0           4.0  1936   0.3   -0.3       T
  MONTH TO DATE   10.6                       7.9    2.7     17.2
  SINCE JUL 1     38.0                      39.3   -1.3     46.4
  SNOW DEPTH       9

DEGREE DAYS
 HEATING
  YESTERDAY       67                        41     26       64
  MONTH TO DATE 1458                      1172    286     1489
  SINCE JUL 1   6159                      5780    379     6586

 COOLING
  YESTERDAY        0                         0      0        0
  MONTH TO DATE    0                         0      0        0
  SINCE JAN 1      0                         0      0        0
..................................................................


WIND (MPH)
  HIGHEST WIND SPEED    20   HIGHEST WIND DIRECTION    NW (320)
  HIGHEST GUST SPEED    23   HIGHEST GUST DIRECTION    NW (320)
  AVERAGE WIND SPEED    12.3


SKY COVER
  POSSIBLE SUNSHINE  MM
  AVERAGE SKY COVER 0.0


WEATHER CONDITIONS
 THE FOLLOWING WEATHER WAS RECORDED YESTERDAY.
  HAZE


RELATIVE HUMIDITY (PERCENT)
 HIGHEST    83          1000 PM
 LOWEST     59           200 AM
 AVERAGE    71

..........................................................


THE ROCHESTER MN CLIMATE NORMALS FOR TODAY
                         NORMAL    RECORD    YEAR
 MAXIMUM TEMPERATURE (F)   32        57      1976
 MINIMUM TEMPERATURE (F)   17       -22      1935


SUNRISE AND SUNSET
FEBRUARY 27 2015......SUNRISE   650 AM CST   SUNSET   556 PM CST
FEBRUARY 28 2015......SUNRISE   649 AM CST   SUNSET   557 PM CST


-  INDICATES NEGATIVE NUMBERS.
R  INDICATES RECORD WAS SET OR TIED.
MM INDICATES DATA IS MISSING.
T  INDICATES TRACE AMOUNT.




$$
