101
CDUS43 KARX 310659
CLIRST


CLIMATE REPORT
NATIONAL WEATHER SERVICE LA CROSSE WI
159 AM CDT SUN JUL 31 2016


...................................

...THE ROCHESTER MN CLIMATE SUMMARY FOR JULY 30 2016...

CLIMATE NORMAL PERIOD 1981 TO 2010
CLIMATE RECORD PERIOD 1886 TO 2016


WEATHER ITEM   OBSERVED TIME   RECORD YEAR NORMAL DEPARTURE LAST
                VALUE   (LST)  VALUE       VALUE  FROM      YEAR
                                                  NORMAL
..................................................................
TEMPERATURE (F)
 YESTERDAY
  MAXIMUM         79    317 PM  99    1917  81     -2       81
  MINIMUM         63    239 AM  43    1936  61      2       59
  AVERAGE         71                        71      0       70

PRECIPITATION (IN)
  YESTERDAY        0.11          2.60 1938   0.14  -0.03     0.00
  MONTH TO DATE    5.60                      4.41   1.19     4.94
  SINCE JUN 1     10.84                      9.09   1.75     9.40
  SINCE JAN 1     22.53                     19.53   3.00    22.01

SNOWFALL (IN)
  YESTERDAY        0.0           0.0  2012   0.0    0.0      0.0
  MONTH TO DATE    0.0                       0.0    0.0      0.0
  SINCE JUL 1      0.0                       0.0    0.0      0.0
  SNOW DEPTH       0

DEGREE DAYS
 HEATING
  YESTERDAY        0                         0      0        0
  MONTH TO DATE    4                         0      4       17
  SINCE JUL 1      4                         0      4       17

 COOLING
  YESTERDAY        6                         6      0        5
  MONTH TO DATE  204                       203      1      160
  SINCE JAN 1    393                       367     26      273
..................................................................


WIND (MPH)
  HIGHEST WIND SPEED    12   HIGHEST WIND DIRECTION    SW (230)
  HIGHEST GUST SPEED    14   HIGHEST GUST DIRECTION    SE (120)
  AVERAGE WIND SPEED     4.3


SKY COVER
  POSSIBLE SUNSHINE  MM
  AVERAGE SKY COVER 0.7


WEATHER CONDITIONS
 THE FOLLOWING WEATHER WAS RECORDED YESTERDAY.
  THUNDERSTORM
  HEAVY RAIN
  LIGHT RAIN
  FOG
  TORNADO


RELATIVE HUMIDITY (PERCENT)
 HIGHEST   100           600 AM
 LOWEST     64           100 PM
 AVERAGE    82

..........................................................


THE ROCHESTER MN CLIMATE NORMALS FOR TODAY
                         NORMAL    RECORD    YEAR
 MAXIMUM TEMPERATURE (F)   80       102      1988
 MINIMUM TEMPERATURE (F)   61        45      1960


SUNRISE AND SUNSET
JULY 31 2016..........SUNRISE   558 AM CDT   SUNSET   834 PM CDT
AUGUST  1 2016........SUNRISE   559 AM CDT   SUNSET   833 PM CDT


-  INDICATES NEGATIVE NUMBERS.
R  INDICATES RECORD WAS SET OR TIED.
MM INDICATES DATA IS MISSING.
T  INDICATES TRACE AMOUNT.




$$
