000
CDUS43 KARX 220637
CLIRST


CLIMATE REPORT
NATIONAL WEATHER SERVICE LA CROSSE WI
135 AM CDT FRI MAY 22 2015


...................................

...THE ROCHESTER MN CLIMATE SUMMARY FOR MAY 21 2015...

CLIMATE NORMAL PERIOD 1981 TO 2010
CLIMATE RECORD PERIOD 1886 TO 2015


WEATHER ITEM   OBSERVED TIME   RECORD YEAR NORMAL DEPARTURE LAST
                VALUE   (LST)  VALUE       VALUE  FROM      YEAR
                                                  NORMAL
..................................................................
TEMPERATURE (F)
 YESTERDAY
  MAXIMUM         73    241 PM  88    1970  70      3       67
                                      1964
  MINIMUM         42    523 AM  31    1929  49     -7       50
  AVERAGE         58                        60     -2       59

PRECIPITATION (IN)
  YESTERDAY        0.00          1.62 1945   0.11  -0.11     0.00
  MONTH TO DATE    3.36                      2.41   0.95     1.77
  SINCE MAR 1      9.36                      7.53   1.83     8.56
  SINCE JAN 1     10.72                      9.22   1.50    11.32

SNOWFALL (IN)
  YESTERDAY        0.0           0.0  2012   0.0    0.0      0.0
  MONTH TO DATE    0.0                       0.2   -0.2      0.0
  SINCE JUL 1     50.4                      52.1   -1.7     60.5
  SNOW DEPTH       0

DEGREE DAYS
 HEATING
  YESTERDAY        7                         7      0        6
  MONTH TO DATE  193                       193      0      241
  SINCE JUL 1   8005                      7618    387     8896

 COOLING
  YESTERDAY        0                         1     -1        0
  MONTH TO DATE    7                        14     -7        0
  SINCE JAN 1      7                        18    -11        0
..................................................................


WIND (MPH)
  HIGHEST WIND SPEED    24   HIGHEST WIND DIRECTION    NW (310)
  HIGHEST GUST SPEED    39   HIGHEST GUST DIRECTION    NW (330)
  AVERAGE WIND SPEED    14.0


SKY COVER
  POSSIBLE SUNSHINE  MM
  AVERAGE SKY COVER 0.0


WEATHER CONDITIONS
 THE FOLLOWING WEATHER WAS RECORDED YESTERDAY.
  HAZE


RELATIVE HUMIDITY (PERCENT)
 HIGHEST    83           300 AM
 LOWEST     25           300 PM
 AVERAGE    54

..........................................................


THE ROCHESTER MN CLIMATE NORMALS FOR TODAY
                         NORMAL    RECORD    YEAR
 MAXIMUM TEMPERATURE (F)   71        92      1964
 MINIMUM TEMPERATURE (F)   49        30      1963


SUNRISE AND SUNSET
MAY 22 2015...........SUNRISE   538 AM CDT   SUNSET   836 PM CDT
MAY 23 2015...........SUNRISE   537 AM CDT   SUNSET   837 PM CDT


-  INDICATES NEGATIVE NUMBERS.
R  INDICATES RECORD WAS SET OR TIED.
MM INDICATES DATA IS MISSING.
T  INDICATES TRACE AMOUNT.




$$
