000
CDUS45 KCYS 050729
CLIRWL


CLIMATE REPORT
NATIONAL WEATHER SERVICE CHEYENNE WY
128 AM MDT WED AUG 5 2015


...................................

...THE RAWLINS WY AIRPORT CLIMATE SUMMARY FOR AUGUST 4 2015...

CLIMATE NORMAL PERIOD 1981 TO 2010
CLIMATE RECORD PERIOD 1951 TO 2015


WEATHER ITEM   OBSERVED TIME   RECORD YEAR NORMAL DEPARTURE LAST
                VALUE   (LST)  VALUE       VALUE  FROM      YEAR
                                                  NORMAL
..................................................................
TEMPERATURE (F)
 YESTERDAY
  MAXIMUM         81    319 PM  93    1979  84     -3       79
  MINIMUM         54    547 AM  39    1980  51      3       52
  AVERAGE         68                        67      1       66

PRECIPITATION (IN)
  YESTERDAY        0.01          0.57 1970   0.03  -0.02     0.01
  MONTH TO DATE    0.23                      0.12   0.11     0.01
  SINCE JAN 1      8.05                      5.91   2.14     3.32

DEGREE DAYS
 HEATING
  YESTERDAY        0                         1     -1        0
  MONTH TO DATE    0                         4     -4        1
  SINCE JUN 1    103                       229   -126      199
  SINCE JUL 1     37                        39     -2       27

 COOLING
  YESTERDAY        3                         3      0        1
  MONTH TO DATE   13                        12      1        7
  SINCE JUN 1    135                       129      6      182
  SINCE JAN 1    135                       129      6      184
..................................................................


WIND (MPH)
  HIGHEST WIND SPEED    30   HIGHEST WIND DIRECTION     W (250)
  HIGHEST GUST SPEED    38   HIGHEST GUST DIRECTION    SW (240)
  AVERAGE WIND SPEED    16.3


SKY COVER
  AVERAGE SKY COVER 0.5


WEATHER CONDITIONS
 THE FOLLOWING WEATHER WAS RECORDED YESTERDAY.
  LIGHT RAIN
  FOG


RELATIVE HUMIDITY (PERCENT)
 HIGHEST    86          1200 AM
 LOWEST     20           500 PM
 AVERAGE    53

..........................................................


THE RAWLINS WY AIRPORT CLIMATE NORMALS FOR TODAY
                         NORMAL    RECORD    YEAR
 MAXIMUM TEMPERATURE (F)   84        95      1979
 MINIMUM TEMPERATURE (F)   51        40      1993


SUNRISE AND SUNSET
AUGUST  5 2015........SUNRISE   607 AM MDT   SUNSET   822 PM MDT
AUGUST  6 2015........SUNRISE   608 AM MDT   SUNSET   821 PM MDT


-  INDICATES NEGATIVE NUMBERS.
R  INDICATES RECORD WAS SET OR TIED.
MM INDICATES DATA IS MISSING.
T  INDICATES TRACE AMOUNT.




$$
