000
CDUS45 KCYS 012124
CLIRWL


CLIMATE REPORT
NATIONAL WEATHER SERVICE CHEYENNE WY
323 PM MDT MON SEP 1 2014


...................................

...THE RAWLINS WY AIRPORT CLIMATE SUMMARY FOR SEPTEMBER 1 2014...
VALID AS OF 0300 PM LOCAL TIME.

CLIMATE NORMAL PERIOD 1981 TO 2010
CLIMATE RECORD PERIOD 1951 TO 2014


WEATHER ITEM   OBSERVED TIME   RECORD YEAR NORMAL DEPARTURE LAST
                VALUE   (LST)  VALUE       VALUE  FROM      YEAR
                                                  NORMAL
..................................................................
TEMPERATURE (F)
 TODAY
  MAXIMUM         71    141 PM  91    1995  77     -6       88
  MINIMUM         43   1239 AM  30    2005  45     -2       51
  AVERAGE         57                        61     -4       70

PRECIPITATION (IN)
  TODAY            0.00          0.53 2008   0.03  -0.03     0.00
  MONTH TO DATE    0.00                      0.03  -0.03     0.00
  SINCE JAN 1      4.52                      6.58  -2.06     3.77

DEGREE DAYS
 HEATING
  TODAY            8                         4      4        0
  MONTH TO DATE    8                         4      4        0
  SINCE SEP 1      8                         4      4        0
  SINCE JUL 1    108                        97     11        8

 COOLING
  TODAY            0                         1     -1        5
  MONTH TO DATE    0                         1     -1        5
  SINCE SEP 1      0                         1     -1        5
  SINCE JAN 1    209                       182     27      327
..................................................................


WIND (MPH)
  HIGHEST WIND SPEED    33   HIGHEST WIND DIRECTION     W (260)
  HIGHEST GUST SPEED    43   HIGHEST GUST DIRECTION    SW (240)
  AVERAGE WIND SPEED    15.2


SKY COVER
  AVERAGE SKY COVER 0.1


WEATHER CONDITIONS
 THE FOLLOWING WEATHER WAS RECORDED TODAY.
  NO SIGNIFICANT WEATHER WAS OBSERVED.


RELATIVE HUMIDITY (PERCENT)
 HIGHEST    70          1200 AM
 LOWEST     20           200 PM
 AVERAGE    45

..........................................................


THE RAWLINS WY AIRPORT CLIMATE NORMALS FOR TOMORROW
                         NORMAL    RECORD    YEAR
 MAXIMUM TEMPERATURE (F)   77        89      1995
 MINIMUM TEMPERATURE (F)   45        33      1961


SUNRISE AND SUNSET
SEPTEMBER  1 2014.....SUNRISE   635 AM MDT   SUNSET   742 PM MDT
SEPTEMBER  2 2014.....SUNRISE   636 AM MDT   SUNSET   740 PM MDT


-  INDICATES NEGATIVE NUMBERS.
R  INDICATES RECORD WAS SET OR TIED.
MM INDICATES DATA IS MISSING.
T  INDICATES TRACE AMOUNT.




$$
