000
CDUS45 KCYS 310329
CLIRWL


CLIMATE REPORT
NATIONAL WEATHER SERVICE CHEYENNE WY
929 PM MDT MON MAY 30 2016


...................................

...THE RAWLINS WY AIRPORT CLIMATE SUMMARY FOR MAY 30 2016...
VALID TODAY AS OF 0900 PM LOCAL TIME.

CLIMATE NORMAL PERIOD 1981 TO 2010
CLIMATE RECORD PERIOD 1951 TO 2016


WEATHER ITEM   OBSERVED TIME   RECORD YEAR NORMAL DEPARTURE LAST
                VALUE   (LST)  VALUE       VALUE  FROM      YEAR
                                                  NORMAL
..................................................................
TEMPERATURE (F)
 TODAY
  MAXIMUM         70    344 PM  87    2002  69      1       72
  MINIMUM         41   1252 AM  26    2006  39      2       35
  AVERAGE         56                        54      2       54

PRECIPITATION (IN)
  TODAY            0.00          0.51 1971   0.04  -0.04     0.07
  MONTH TO DATE    0.31                      1.36  -1.05     3.96
  SINCE JAN 1      5.81                      3.87   1.94     5.86

DEGREE DAYS
 HEATING
  TODAY            9                        11     -2       11
  MONTH TO DATE  494                       472     22      514
  SINCE MAR 1   2123                      2234   -111     2031
  SINCE JUL 1   7595                      8191   -596     7262

 COOLING
  TODAY            0                         0      0        0
  MONTH TO DATE    0                         0      0        0
  SINCE MAR 1      0                         0      0        0
  SINCE JAN 1      0                         0      0        0
..................................................................


WIND (MPH)
  HIGHEST WIND SPEED    28   HIGHEST WIND DIRECTION     W (270)
  HIGHEST GUST SPEED    35   HIGHEST GUST DIRECTION     W (260)
  AVERAGE WIND SPEED    13.9


SKY COVER
  AVERAGE SKY COVER 0.3


WEATHER CONDITIONS
 THE FOLLOWING WEATHER WAS RECORDED TODAY.
  NO SIGNIFICANT WEATHER WAS OBSERVED.


RELATIVE HUMIDITY (PERCENT)
 HIGHEST    71           600 AM
 LOWEST     19           500 PM
 AVERAGE    45

..........................................................


THE RAWLINS WY AIRPORT CLIMATE NORMALS FOR TOMORROW
                         NORMAL    RECORD    YEAR
 MAXIMUM TEMPERATURE (F)   69        88      2002
 MINIMUM TEMPERATURE (F)   39        27      1985


SUNRISE AND SUNSET
MAY 30 2016...........SUNRISE   537 AM MDT   SUNSET   836 PM MDT
MAY 31 2016...........SUNRISE   537 AM MDT   SUNSET   837 PM MDT


-  INDICATES NEGATIVE NUMBERS.
R  INDICATES RECORD WAS SET OR TIED.
MM INDICATES DATA IS MISSING.
T  INDICATES TRACE AMOUNT.




$$
