000
CDUS45 KCYS 260427
CLIRWL


CLIMATE REPORT
NATIONAL WEATHER SERVICE CHEYENNE WY
926 PM MST TUE NOV 25 2014


...................................

...THE RAWLINS WY AIRPORT CLIMATE SUMMARY FOR NOVEMBER 25 2014...
VALID TODAY AS OF 0900 PM LOCAL TIME.

CLIMATE NORMAL PERIOD 1981 TO 2010
CLIMATE RECORD PERIOD 1951 TO 2014


WEATHER ITEM   OBSERVED TIME   RECORD YEAR NORMAL DEPARTURE LAST
                VALUE   (LST)  VALUE       VALUE  FROM      YEAR
                                                  NORMAL
..................................................................
TEMPERATURE (F)
 TODAY
  MAXIMUM         36    413 PM  58    1995  35      1       34
  MINIMUM         18   1209 AM -12    1993  16      2       14
  AVERAGE         27                        26      1       24

PRECIPITATION (IN)
  TODAY            0.00          0.57 1965   0.02  -0.02     0.00
  MONTH TO DATE    0.58                      0.48   0.10     0.17
  SINCE JAN 1      6.54                      8.75  -2.21     7.82

DEGREE DAYS
 HEATING
  TODAY           38                        39     -1       41
  MONTH TO DATE  928                       843     85      826
  SINCE SEP 1   1666                      1809   -143     1807
  SINCE JUL 1   1766                      1902   -136     1815

 COOLING
  TODAY            0                         0      0        0
  MONTH TO DATE    0                         0      0        0
  SINCE SEP 1      2                         5     -3       49
  SINCE JAN 1    211                       186     25      371
..................................................................


WIND (MPH)
  HIGHEST WIND SPEED    45   HIGHEST WIND DIRECTION     W (250)
  HIGHEST GUST SPEED    60   HIGHEST GUST DIRECTION    SW (240)
  AVERAGE WIND SPEED    29.1


SKY COVER
  AVERAGE SKY COVER 0.3


WEATHER CONDITIONS
 THE FOLLOWING WEATHER WAS RECORDED TODAY.
  NO SIGNIFICANT WEATHER WAS OBSERVED.


RELATIVE HUMIDITY (PERCENT)
 HIGHEST    82           800 PM
 LOWEST     53          1100 AM
 AVERAGE    68

..........................................................


THE RAWLINS WY AIRPORT CLIMATE NORMALS FOR TOMORROW
                         NORMAL    RECORD    YEAR
 MAXIMUM TEMPERATURE (F)   35        61      1998
 MINIMUM TEMPERATURE (F)   15       -18      1952


SUNRISE AND SUNSET
NOVEMBER 25 2014......SUNRISE   710 AM MST   SUNSET   441 PM MST
NOVEMBER 26 2014......SUNRISE   711 AM MST   SUNSET   441 PM MST


-  INDICATES NEGATIVE NUMBERS.
R  INDICATES RECORD WAS SET OR TIED.
MM INDICATES DATA IS MISSING.
T  INDICATES TRACE AMOUNT.




$$
