000
CDUS45 KCYS 290735
CLIRWL


CLIMATE REPORT
NATIONAL WEATHER SERVICE CHEYENNE WY
134 AM MDT FRI APR 29 2016


...................................

...THE RAWLINS WY AIRPORT CLIMATE SUMMARY FOR APRIL 28 2016...

CLIMATE NORMAL PERIOD 1981 TO 2010
CLIMATE RECORD PERIOD 1951 TO 2016


WEATHER ITEM   OBSERVED TIME   RECORD YEAR NORMAL DEPARTURE LAST
                VALUE   (LST)  VALUE       VALUE  FROM      YEAR
                                                  NORMAL
..................................................................
TEMPERATURE (F)
 YESTERDAY
  MAXIMUM         34    111 PM  77    2000  58    -24       61
  MINIMUM         25    433 AM   1    1984  30     -5       35
  AVERAGE         30                        44    -14       48

PRECIPITATION (IN)
  YESTERDAY        0.00          0.42 1960   0.04  -0.04     0.00
  MONTH TO DATE    0.70                      0.97  -0.27     0.87
  SINCE JAN 1      3.67                      2.43   1.24     1.88

DEGREE DAYS
 HEATING
  YESTERDAY       35                        21     14       17
  MONTH TO DATE  643                       705    -62      672
  SINCE MAR 1   1567                      1720   -153     1500
  SINCE JUL 1   7039                      7677   -638     6731

 COOLING
  YESTERDAY        0                         0      0        0
  MONTH TO DATE    0                         0      0        0
  SINCE MAR 1      0                         0      0        0
  SINCE JAN 1      0                         0      0        0
..................................................................


WIND (MPH)
  HIGHEST WIND SPEED    24   HIGHEST WIND DIRECTION    NE (50)
  HIGHEST GUST SPEED    31   HIGHEST GUST DIRECTION     E (80)
  AVERAGE WIND SPEED    15.5


SKY COVER
  AVERAGE SKY COVER 0.8


WEATHER CONDITIONS
 THE FOLLOWING WEATHER WAS RECORDED YESTERDAY.
  FOG
  FOG W/VISIBILITY <= 1/4 MILE
  HAZE


RELATIVE HUMIDITY (PERCENT)
 HIGHEST    88           400 AM
 LOWEST     66          1000 AM
 AVERAGE    77

..........................................................


THE RAWLINS WY AIRPORT CLIMATE NORMALS FOR TODAY
                         NORMAL    RECORD    YEAR
 MAXIMUM TEMPERATURE (F)   58        77      2007
 MINIMUM TEMPERATURE (F)   30         9      2005


SUNRISE AND SUNSET
APRIL 29 2016.........SUNRISE   607 AM MDT   SUNSET   806 PM MDT
APRIL 30 2016.........SUNRISE   606 AM MDT   SUNSET   807 PM MDT


-  INDICATES NEGATIVE NUMBERS.
R  INDICATES RECORD WAS SET OR TIED.
MM INDICATES DATA IS MISSING.
T  INDICATES TRACE AMOUNT.




$$
