000
CDUS45 KCYS 300731
CLIRWL


CLIMATE REPORT
NATIONAL WEATHER SERVICE CHEYENNE WY
130 AM MDT SAT MAY 30 2015


...................................

...THE RAWLINS WY AIRPORT CLIMATE SUMMARY FOR MAY 29 2015...

CLIMATE NORMAL PERIOD 1981 TO 2010
CLIMATE RECORD PERIOD 1951 TO 2015


WEATHER ITEM   OBSERVED TIME   RECORD YEAR NORMAL DEPARTURE LAST
                VALUE   (LST)  VALUE       VALUE  FROM      YEAR
                                                  NORMAL
..................................................................
TEMPERATURE (F)
 YESTERDAY
  MAXIMUM         59    226 PM  85    2003  68     -9       82
  MINIMUM         40    357 AM  25    1954  39      1       52
  AVERAGE         50                        53     -3       67

PRECIPITATION (IN)
  YESTERDAY        0.03          0.38 1990   0.05  -0.02     0.00
  MONTH TO DATE    4.29                      1.32   2.97     0.84
  SINCE JAN 1      6.19                      3.83   2.36     2.48

DEGREE DAYS
 HEATING
  YESTERDAY       15                        12      3        0
  MONTH TO DATE  503                       461     42      405
  SINCE MAR 1   2020                      2223   -203     2056
  SINCE JUL 1   7251                      8180   -929     7820

 COOLING
  YESTERDAY        0                         0      0        2
  MONTH TO DATE    0                         0      0        2
  SINCE MAR 1      0                         0      0        2
  SINCE JAN 1      0                         0      0        2
..................................................................


WIND (MPH)
  HIGHEST WIND SPEED    18   HIGHEST WIND DIRECTION     N (350)
  HIGHEST GUST SPEED    23   HIGHEST GUST DIRECTION     N (360)
  AVERAGE WIND SPEED     6.5


SKY COVER
  AVERAGE SKY COVER 0.7


WEATHER CONDITIONS
 THE FOLLOWING WEATHER WAS RECORDED YESTERDAY.
  LIGHT RAIN
  FOG


RELATIVE HUMIDITY (PERCENT)
 HIGHEST    89           200 AM
 LOWEST     51           300 PM
 AVERAGE    70

..........................................................


THE RAWLINS WY AIRPORT CLIMATE NORMALS FOR TODAY
                         NORMAL    RECORD    YEAR
 MAXIMUM TEMPERATURE (F)   69        87      2002
 MINIMUM TEMPERATURE (F)   39        26      2006


SUNRISE AND SUNSET
MAY 30 2015...........SUNRISE   537 AM MDT   SUNSET   836 PM MDT
MAY 31 2015...........SUNRISE   537 AM MDT   SUNSET   836 PM MDT


-  INDICATES NEGATIVE NUMBERS.
R  INDICATES RECORD WAS SET OR TIED.
MM INDICATES DATA IS MISSING.
T  INDICATES TRACE AMOUNT.




$$
