000
CDUS45 KCYS 270729
CLIRWL


CLIMATE REPORT
NATIONAL WEATHER SERVICE CHEYENNE WY
129 AM MDT WED AUG 27 2014


...................................

...THE RAWLINS WY AIRPORT CLIMATE SUMMARY FOR AUGUST 26 2014...

CLIMATE NORMAL PERIOD 1981 TO 2010
CLIMATE RECORD PERIOD 1951 TO 2014


WEATHER ITEM   OBSERVED TIME   RECORD YEAR NORMAL DEPARTURE LAST
                VALUE   (LST)  VALUE       VALUE  FROM      YEAR
                                                  NORMAL
..................................................................
TEMPERATURE (F)
 YESTERDAY
  MAXIMUM         72    258 PM  90    2011  79     -7       78
                                      1994
                                      1985
  MINIMUM         48    418 AM  35    1992  47      1       56
  AVERAGE         60                        63     -3       67

PRECIPITATION (IN)
  YESTERDAY        0.02          0.47 2004   0.03  -0.01     0.00
  MONTH TO DATE    0.69                      0.64   0.05     0.56
  SINCE JAN 1      4.00                      6.43  -2.43     3.77

DEGREE DAYS
 HEATING
  YESTERDAY        5                         3      2        0
  MONTH TO DATE   54                        41     13        8
  SINCE JUN 1    252                       266    -14      109
  SINCE JUL 1     80                        76      4        8

 COOLING
  YESTERDAY        0                         1     -1        2
  MONTH TO DATE   32                        59    -27       94
  SINCE JUN 1    207                       176     31      293
  SINCE JAN 1    209                       176     33      294
..................................................................


WIND (MPH)
  HIGHEST WIND SPEED    18   HIGHEST WIND DIRECTION     W (260)
  HIGHEST GUST SPEED    22   HIGHEST GUST DIRECTION    SW (230)
  AVERAGE WIND SPEED     8.1


SKY COVER
  AVERAGE SKY COVER 0.2


WEATHER CONDITIONS
 THE FOLLOWING WEATHER WAS RECORDED YESTERDAY.
  RAIN


RELATIVE HUMIDITY (PERCENT)
 HIGHEST    93           400 AM
 LOWEST     35           400 PM
 AVERAGE    64

..........................................................


THE RAWLINS WY AIRPORT CLIMATE NORMALS FOR TODAY
                         NORMAL    RECORD    YEAR
 MAXIMUM TEMPERATURE (F)   79        90      2011
                                             2001
 MINIMUM TEMPERATURE (F)   47        34      1976


SUNRISE AND SUNSET
AUGUST 27 2014........SUNRISE   630 AM MDT   SUNSET   750 PM MDT
AUGUST 28 2014........SUNRISE   631 AM MDT   SUNSET   749 PM MDT


-  INDICATES NEGATIVE NUMBERS.
R  INDICATES RECORD WAS SET OR TIED.
MM INDICATES DATA IS MISSING.
T  INDICATES TRACE AMOUNT.




$$
