000
CDUS45 KPIH 260735
CLIRXE


CLIMATE REPORT
NATIONAL WEATHER SERVICE POCATELLO ID
133 AM MDT MON SEP 26 2016


...................................

...THE REXBURG ID CLIMATE SUMMARY FOR SEPTEMBER 25 2016...

CLIMATE NORMAL PERIOD 1981 TO 2010
CLIMATE RECORD PERIOD 1998 TO 2016


WEATHER ITEM   OBSERVED TIME   RECORD YEAR NORMAL DEPARTURE LAST
                VALUE   (LST)  VALUE       VALUE  FROM      YEAR
                                                  NORMAL
..................................................................
TEMPERATURE (F)
 YESTERDAY
  MAXIMUM         63    503 PM  89    2015  67     -4       89
                                      2001
  MINIMUM         34    704 AM  24    2000  37     -3       46
  AVERAGE         49                        52     -3       68

PRECIPITATION (IN)
  YESTERDAY        0.00         MM      MM   0.03  -0.03     0.00
  MONTH TO DATE    1.78                      0.78   1.00     0.43
  SINCE OCT 1     10.89                     12.91  -2.02    10.34
  SINCE JAN 1      7.73                      9.70  -1.97     7.57

SNOWFALL (IN)
  YESTERDAY       MM
  MONTH TO DATE   MM
  SINCE SEP 1     MM
  SINCE JUL 1     MM
  SNOW DEPTH      MM

DEGREE DAYS
 HEATING
  YESTERDAY       16                        13      3        0
  MONTH TO DATE  223                       215      8      144
  SINCE SEP 1    223                       215      8      144
  SINCE JUL 1    287                       288     -1      219

 COOLING
  YESTERDAY        0                         0      0        3
  MONTH TO DATE   14                         5      9       15
  SINCE SEP 1     14                         5      9       15
  SINCE JAN 1    261                       207     54      304
..................................................................


WIND (MPH)
  HIGHEST WIND SPEED    12   HIGHEST WIND DIRECTION     W (260)
  HIGHEST GUST SPEED    16   HIGHEST GUST DIRECTION     W (250)
  AVERAGE WIND SPEED     5.0


SKY COVER
  POSSIBLE SUNSHINE  MM
  AVERAGE SKY COVER 0.0


WEATHER CONDITIONS
 THE FOLLOWING WEATHER WAS RECORDED YESTERDAY.
  NO SIGNIFICANT WEATHER WAS OBSERVED.


RELATIVE HUMIDITY (PERCENT)
 HIGHEST   100           400 AM
 LOWEST     32           400 PM
 AVERAGE    66

..........................................................


THE REXBURG ID CLIMATE NORMALS FOR TODAY
                         NORMAL    RECORD    YEAR
 MAXIMUM TEMPERATURE (F)   67        85      2010
 MINIMUM TEMPERATURE (F)   36        28      2000


SUNRISE AND SUNSET
SEPTEMBER 26 2016.....SUNRISE   720 AM MDT   SUNSET   716 PM MDT
SEPTEMBER 27 2016.....SUNRISE   721 AM MDT   SUNSET   714 PM MDT


-  INDICATES NEGATIVE NUMBERS.
R  INDICATES RECORD WAS SET OR TIED.
MM INDICATES DATA IS MISSING.
T  INDICATES TRACE AMOUNT.




$$
