832
CDUS45 KPIH 190732
CLIRXE


CLIMATE REPORT
NATIONAL WEATHER SERVICE POCATELLO ID
1230 AM MST MON FEB 19 2018


...................................

...THE REXBURG ID CLIMATE SUMMARY FOR FEBRUARY 18 2018...

CLIMATE NORMAL PERIOD 1981 TO 2010
CLIMATE RECORD PERIOD 1998 TO 2018


WEATHER ITEM   OBSERVED TIME   RECORD YEAR NORMAL DEPARTURE LAST
                VALUE   (LST)  VALUE       VALUE  FROM      YEAR
                                                  NORMAL
..................................................................
TEMPERATURE (F)
 YESTERDAY
  MAXIMUM         41   1201 AM  47    2015  33      8       46
  MINIMUM         25   1159 PM  -8    2006  13     12       34
  AVERAGE         33                        23     10       40

PRECIPITATION (IN)
  YESTERDAY        0.00         MM      MM   0.03  -0.03     0.08
  MONTH TO DATE    0.05                      0.53  -0.48     0.59
  SINCE OCT 1      3.47                      4.48  -1.01     7.49
  SINCE JAN 1      1.37                      1.27   0.10     1.73

SNOWFALL (IN)
  YESTERDAY       MM
  MONTH TO DATE   MM
  SINCE DEC 1     MM
  SINCE JUL 1     MM
  SNOW DEPTH      MM

DEGREE DAYS
 HEATING
  YESTERDAY       32                        42    -10       25
  MONTH TO DATE  584                       794   -210      629
  SINCE DEC 1   3115                      3559   -444     3766
  SINCE JUL 1   4994                      5571   -577     5413

 COOLING
  YESTERDAY        0                         0      0        0
  MONTH TO DATE    0                         0      0        0
  SINCE DEC 1      0                         0      0        0
  SINCE JAN 1      0                         0      0        0
..................................................................


WIND (MPH)
  HIGHEST WIND SPEED    35   HIGHEST WIND DIRECTION    SW (220)
  HIGHEST GUST SPEED    47   HIGHEST GUST DIRECTION    SW (230)
  AVERAGE WIND SPEED    19.5


SKY COVER
  POSSIBLE SUNSHINE  MM
  AVERAGE SKY COVER 0.7


WEATHER CONDITIONS
 THE FOLLOWING WEATHER WAS RECORDED YESTERDAY.
  NO SIGNIFICANT WEATHER WAS OBSERVED.


RELATIVE HUMIDITY (PERCENT)
 HIGHEST    96           600 AM
 LOWEST     60          1200 AM
 AVERAGE    78

..........................................................


THE REXBURG ID CLIMATE NORMALS FOR TODAY
                         NORMAL    RECORD    YEAR
 MAXIMUM TEMPERATURE (F)   33        51      2015
 MINIMUM TEMPERATURE (F)   13        -2      2010
                                             2006


SUNRISE AND SUNSET
FEBRUARY 19 2018......SUNRISE   720 AM MST   SUNSET   603 PM MST
FEBRUARY 20 2018......SUNRISE   718 AM MST   SUNSET   604 PM MST


-  INDICATES NEGATIVE NUMBERS.
R  INDICATES RECORD WAS SET OR TIED.
MM INDICATES DATA IS MISSING.
T  INDICATES TRACE AMOUNT.




$$
