204
CDUS45 KPIH 310731
CLIRXE


CLIMATE REPORT
NATIONAL WEATHER SERVICE POCATELLO ID
130 AM MDT WED AUG 31 2016


...................................

...THE REXBURG ID CLIMATE SUMMARY FOR AUGUST 30 2016...

CLIMATE NORMAL PERIOD 1981 TO 2010
CLIMATE RECORD PERIOD 1998 TO 2016


WEATHER ITEM   OBSERVED TIME   RECORD YEAR NORMAL DEPARTURE LAST
                VALUE   (LST)  VALUE       VALUE  FROM      YEAR
                                                  NORMAL
..................................................................
TEMPERATURE (F)
 YESTERDAY
  MAXIMUM         91R   352 PM  91    2008  79     12       80
                                      2007
  MINIMUM         47    539 AM  41    2005  45      2       55
  AVERAGE         69                        62      7       68

PRECIPITATION (IN)
  YESTERDAY        0.00         MM      MM   0.04  -0.04      T
  MONTH TO DATE    0.04                      0.92  -0.88     0.55
  SINCE OCT 1      9.11                     12.09  -2.98     9.91
  SINCE JAN 1      5.95                      8.88  -2.93     7.14

SNOWFALL (IN)
  YESTERDAY       MM
  MONTH TO DATE   MM
  SINCE JUN 1     MM
  SINCE JUL 1     MM
  SNOW DEPTH      MM

DEGREE DAYS
 HEATING
  YESTERDAY        0                         4     -4        0
  MONTH TO DATE   30                        38     -8       26
  SINCE JUN 1    134                       240   -106      110
  SINCE JUL 1     64                        68     -4       70

 COOLING
  YESTERDAY        4                         1      3        3
  MONTH TO DATE   68                        84    -16      104
  SINCE JUN 1    240                       194     46      289
  SINCE JAN 1    240                       198     42      289
..................................................................


WIND (MPH)
  HIGHEST WIND SPEED    10   HIGHEST WIND DIRECTION     W (260)
  HIGHEST GUST SPEED    14   HIGHEST GUST DIRECTION     W (260)
  AVERAGE WIND SPEED     3.1


SKY COVER
  POSSIBLE SUNSHINE  MM
  AVERAGE SKY COVER 0.0


WEATHER CONDITIONS
 THE FOLLOWING WEATHER WAS RECORDED YESTERDAY.
  HAZE


RELATIVE HUMIDITY (PERCENT)
 HIGHEST    66           400 AM
 LOWEST     11           400 PM
 AVERAGE    39

..........................................................


THE REXBURG ID CLIMATE NORMALS FOR TODAY
                         NORMAL    RECORD    YEAR
 MAXIMUM TEMPERATURE (F)   79        89      1998
 MINIMUM TEMPERATURE (F)   45        33      2006


SUNRISE AND SUNSET
AUGUST 31 2016........SUNRISE   650 AM MDT   SUNSET   804 PM MDT
SEPTEMBER  1 2016.....SUNRISE   651 AM MDT   SUNSET   802 PM MDT


-  INDICATES NEGATIVE NUMBERS.
R  INDICATES RECORD WAS SET OR TIED.
MM INDICATES DATA IS MISSING.
T  INDICATES TRACE AMOUNT.




$$
