000
CDUS45 KPIH 230731
CLIRXE


CLIMATE REPORT
NATIONAL WEATHER SERVICE POCATELLO ID
130 AM MDT WED JUL 23 2014


...................................

...THE REXBURG ID CLIMATE SUMMARY FOR JULY 22 2014...

CLIMATE NORMAL PERIOD 1981 TO 2010
CLIMATE RECORD PERIOD 1998 TO 2014


WEATHER ITEM   OBSERVED TIME   RECORD YEAR NORMAL DEPARTURE LAST
                VALUE   (LST)  VALUE       VALUE  FROM      YEAR
                                                  NORMAL
..................................................................
TEMPERATURE (F)
 YESTERDAY
  MAXIMUM         88    519 PM  96    2007  86      2       93
                                      2006
                                      2003
  MINIMUM         53    603 AM  45    1999  51      2       49
  AVERAGE         71                        68      3       71

PRECIPITATION (IN)
  YESTERDAY        0.00         MM      MM   0.02  -0.02     0.00
  MONTH TO DATE    1.30                      0.54   0.76     0.14
  SINCE OCT 1      8.95                     10.99  -2.04     8.01
  SINCE JAN 1      7.09                      7.78  -0.69     4.62

SNOWFALL (IN)
  YESTERDAY       MM
  MONTH TO DATE   MM
  SINCE JUN 1     MM
  SINCE JUL 1     MM
  SNOW DEPTH      MM

DEGREE DAYS
 HEATING
  YESTERDAY        0                         0      0        0
  MONTH TO DATE    3                        27    -24        0
  SINCE JUN 1    158                       199    -41      117
  SINCE JUL 1      3                        27    -24        0

 COOLING
  YESTERDAY        6                         4      2        6
  MONTH TO DATE  130                        53     77      155
  SINCE JUN 1    133                        71     62      214
  SINCE JAN 1    133                        75     58      216
..................................................................


WIND (MPH)
  HIGHEST WIND SPEED    14   HIGHEST WIND DIRECTION     S (200)
  HIGHEST GUST SPEED    18   HIGHEST GUST DIRECTION     S (200)
  AVERAGE WIND SPEED     4.9


SKY COVER
  POSSIBLE SUNSHINE  MM
  AVERAGE SKY COVER 0.0


WEATHER CONDITIONS
 THE FOLLOWING WEATHER WAS RECORDED YESTERDAY.
  NO SIGNIFICANT WEATHER WAS OBSERVED.


RELATIVE HUMIDITY (PERCENT)
 HIGHEST    89           500 AM
 LOWEST     18           600 PM
 AVERAGE    54

..........................................................


THE REXBURG ID CLIMATE NORMALS FOR TODAY
                         NORMAL    RECORD    YEAR
 MAXIMUM TEMPERATURE (F)   86        99      2007
 MINIMUM TEMPERATURE (F)   51        46      2011
                                             1999


SUNRISE AND SUNSET
JULY 23 2014..........SUNRISE   607 AM MDT   SUNSET   900 PM MDT
JULY 24 2014..........SUNRISE   608 AM MDT   SUNSET   859 PM MDT


-  INDICATES NEGATIVE NUMBERS.
R  INDICATES RECORD WAS SET OR TIED.
MM INDICATES DATA IS MISSING.
T  INDICATES TRACE AMOUNT.




$$
