000
CDUS45 KPIH 280736
CLIRXE


CLIMATE REPORT
NATIONAL WEATHER SERVICE POCATELLO ID
132 AM MDT SAT MAR 28 2015


...................................

...THE REXBURG ID CLIMATE SUMMARY FOR MARCH 27 2015...

CLIMATE NORMAL PERIOD 1981 TO 2010
CLIMATE RECORD PERIOD 1998 TO 2015


WEATHER ITEM   OBSERVED TIME   RECORD YEAR NORMAL DEPARTURE LAST
                VALUE   (LST)  VALUE       VALUE  FROM      YEAR
                                                  NORMAL
..................................................................
TEMPERATURE (F)
 YESTERDAY
  MAXIMUM         68R   454 PM  62    2000  49     19       44
  MINIMUM         30    645 AM  14    2009  28      2       31
  AVERAGE         49                        39     10       38

PRECIPITATION (IN)
  YESTERDAY        0.00         MM      MM   0.05  -0.05     0.03
  MONTH TO DATE    0.25                      0.87  -0.62     0.53
  SINCE OCT 1      4.03                      5.65  -1.62     3.79
  SINCE JAN 1      1.26                      2.44  -1.18     1.93

SNOWFALL (IN)
  YESTERDAY       MM
  MONTH TO DATE   MM
  SINCE MAR 1     MM
  SINCE JUL 1     MM
  SNOW DEPTH      MM

DEGREE DAYS
 HEATING
  YESTERDAY       16                        26    -10       27
  MONTH TO DATE  666                       854   -188      754
  SINCE MAR 1    666                       854   -188      754
  SINCE JUL 1   5750                      6827  -1077     6569

 COOLING
  YESTERDAY        0                         0      0        0
  MONTH TO DATE    0                         0      0        0
  SINCE MAR 1      0                         0      0        0
  SINCE JAN 1      0                         0      0        0
..................................................................


WIND (MPH)
  HIGHEST WIND SPEED    15   HIGHEST WIND DIRECTION    SW (210)
  HIGHEST GUST SPEED    20   HIGHEST GUST DIRECTION    SW (230)
  AVERAGE WIND SPEED     6.6


SKY COVER
  POSSIBLE SUNSHINE  MM
  AVERAGE SKY COVER 0.0


WEATHER CONDITIONS
 THE FOLLOWING WEATHER WAS RECORDED YESTERDAY.
  NO SIGNIFICANT WEATHER WAS OBSERVED.


RELATIVE HUMIDITY (PERCENT)
 HIGHEST    92           500 AM
 LOWEST     24           500 PM
 AVERAGE    58

..........................................................


THE REXBURG ID CLIMATE NORMALS FOR TODAY
                         NORMAL    RECORD    YEAR
 MAXIMUM TEMPERATURE (F)   50        58      2013
 MINIMUM TEMPERATURE (F)   28         7      2008


SUNRISE AND SUNSET
MARCH 28 2015.........SUNRISE   716 AM MDT   SUNSET   749 PM MDT
MARCH 29 2015.........SUNRISE   714 AM MDT   SUNSET   750 PM MDT


-  INDICATES NEGATIVE NUMBERS.
R  INDICATES RECORD WAS SET OR TIED.
MM INDICATES DATA IS MISSING.
T  INDICATES TRACE AMOUNT.




$$
