000
CDUS45 KPIH 280736
CLIRXE


CLIMATE REPORT
NATIONAL WEATHER SERVICE POCATELLO ID
134 AM MDT FRI JUL 28 2017


...................................

...THE REXBURG ID CLIMATE SUMMARY FOR JULY 27 2017...

CLIMATE NORMAL PERIOD 1981 TO 2010
CLIMATE RECORD PERIOD 1998 TO 2017


WEATHER ITEM   OBSERVED TIME   RECORD YEAR NORMAL DEPARTURE LAST
                VALUE   (LST)  VALUE       VALUE  FROM      YEAR
                                                  NORMAL
..................................................................
TEMPERATURE (F)
 YESTERDAY
  MAXIMUM         80    416 PM  94    2012  86     -6       91
  MINIMUM         52    606 AM  42    2005  52      0       50
  AVERAGE         66                        69     -3       71

PRECIPITATION (IN)
  YESTERDAY        0.03         MM      MM   0.02   0.01     0.00
  MONTH TO DATE    0.18                      0.64  -0.46     0.15
  SINCE OCT 1     14.10                     11.09   3.01     9.07
  SINCE JAN 1      8.34                      7.88   0.46     5.91

SNOWFALL (IN)
  YESTERDAY       MM
  MONTH TO DATE   MM
  SINCE JUN 1     MM
  SINCE JUL 1     MM
  SNOW DEPTH      MM

DEGREE DAYS
 HEATING
  YESTERDAY        0                         0      0        0
  MONTH TO DATE    1                        27    -26       34
  SINCE JUN 1    120                       199    -79      104
  SINCE JUL 1      1                        27    -26       34

 COOLING
  YESTERDAY        1                         4     -3        6
  MONTH TO DATE  176                        73    103       86
  SINCE JUN 1    207                        91    116      138
  SINCE JAN 1    208                        95    113      138
..................................................................


WIND (MPH)
  HIGHEST WIND SPEED    26   HIGHEST WIND DIRECTION     W (290)
  HIGHEST GUST SPEED    36   HIGHEST GUST DIRECTION     W (290)
  AVERAGE WIND SPEED     6.1


SKY COVER
  POSSIBLE SUNSHINE  MM
  AVERAGE SKY COVER 0.1


WEATHER CONDITIONS
 THE FOLLOWING WEATHER WAS RECORDED YESTERDAY.
  THUNDERSTORM
  LIGHT RAIN


RELATIVE HUMIDITY (PERCENT)
 HIGHEST   100           500 AM
 LOWEST     33           400 PM
 AVERAGE    67

..........................................................


THE REXBURG ID CLIMATE NORMALS FOR TODAY
                         NORMAL    RECORD    YEAR
 MAXIMUM TEMPERATURE (F)   87        97      2006
 MINIMUM TEMPERATURE (F)   52        37      2015


SUNRISE AND SUNSET
JULY 28 2017..........SUNRISE   612 AM MDT   SUNSET   855 PM MDT
JULY 29 2017..........SUNRISE   613 AM MDT   SUNSET   854 PM MDT


-  INDICATES NEGATIVE NUMBERS.
R  INDICATES RECORD WAS SET OR TIED.
MM INDICATES DATA IS MISSING.
T  INDICATES TRACE AMOUNT.




$$
