000
CDUS45 KPIH 072325
CLIRXE


CLIMATE REPORT
NATIONAL WEATHER SERVICE POCATELLO ID
523 PM MDT TUE JUL 7 2015


...................................

...THE REXBURG ID CLIMATE SUMMARY FOR JULY 7 2015...
VALID TODAY AS OF 0500 PM LOCAL TIME.

CLIMATE NORMAL PERIOD 1981 TO 2010
CLIMATE RECORD PERIOD 1998 TO 2015


WEATHER ITEM   OBSERVED TIME   RECORD YEAR NORMAL DEPARTURE LAST
                VALUE   (LST)  VALUE       VALUE  FROM      YEAR
                                                  NORMAL
..................................................................
TEMPERATURE (F)
 TODAY
  MAXIMUM         83    333 PM  92    2007  81      2       88
                                      2002
  MINIMUM         54    620 AM  45    2009  49      5       53
  AVERAGE         69                        65      4       71

PRECIPITATION (IN)
  TODAY            0.00         MM      MM   0.02  -0.02     0.00
  MONTH TO DATE    0.07                      0.22  -0.15      T
  SINCE OCT 1      8.51                     10.67  -2.16     7.65
  SINCE JAN 1      5.74                      7.46  -1.72     5.79

SNOWFALL (IN)
  TODAY           MM
  MONTH TO DATE   MM
  SINCE JUN 1     MM
  SINCE JUL 1     MM
  SNOW DEPTH      MM

DEGREE DAYS
 HEATING
  TODAY            0                         2     -2        0
  MONTH TO DATE    0                        15    -15        3
  SINCE JUN 1     40                       187   -147      158
  SINCE JUL 1      0                        15    -15        3

 COOLING
  TODAY            4                         2      2        6
  MONTH TO DATE   53                         9     44       33
  SINCE JUN 1    142                        27    115       36
  SINCE JAN 1    142                        31    111       36
..................................................................


WIND (MPH)
  HIGHEST WIND SPEED     9   HIGHEST WIND DIRECTION     W (270)
  HIGHEST GUST SPEED    14   HIGHEST GUST DIRECTION    SW (210)
  AVERAGE WIND SPEED     3.2


SKY COVER
  POSSIBLE SUNSHINE  MM
  AVERAGE SKY COVER 0.0


WEATHER CONDITIONS
 THE FOLLOWING WEATHER WAS RECORDED TODAY.
  NO SIGNIFICANT WEATHER WAS OBSERVED.


RELATIVE HUMIDITY (PERCENT)
 HIGHEST    83           400 AM
 LOWEST     22           100 PM
 AVERAGE    53

..........................................................


THE REXBURG ID CLIMATE NORMALS FOR TOMORROW
                         NORMAL    RECORD    YEAR
 MAXIMUM TEMPERATURE (F)   82        91      2014
                                             2005
 MINIMUM TEMPERATURE (F)   49        42      2004


SUNRISE AND SUNSET
JULY  7 2015..........SUNRISE   552 AM MDT   SUNSET   911 PM MDT
JULY  8 2015..........SUNRISE   553 AM MDT   SUNSET   911 PM MDT


-  INDICATES NEGATIVE NUMBERS.
R  INDICATES RECORD WAS SET OR TIED.
MM INDICATES DATA IS MISSING.
T  INDICATES TRACE AMOUNT.




$$
