000
CDUS45 KPIH 040738
CLIRXE


CLIMATE REPORT
NATIONAL WEATHER SERVICE POCATELLO ID
136 AM MDT FRI SEP 4 2015


...................................

...THE REXBURG ID CLIMATE SUMMARY FOR SEPTEMBER 3 2015...

CLIMATE NORMAL PERIOD 1981 TO 2010
CLIMATE RECORD PERIOD 1998 TO 2015


WEATHER ITEM   OBSERVED TIME   RECORD YEAR NORMAL DEPARTURE LAST
                VALUE   (LST)  VALUE       VALUE  FROM      YEAR
                                                  NORMAL
..................................................................
TEMPERATURE (F)
 YESTERDAY
  MAXIMUM         81    344 PM  90    2007  77      4       71
                                      2002
  MINIMUM         56    212 AM  36    2010  44     12       41
  AVERAGE         69                        61      8       56

PRECIPITATION (IN)
  YESTERDAY        T            MM      MM   0.03  -0.03     0.00
  MONTH TO DATE    T                         0.09  -0.09     0.00
  SINCE OCT 1      9.91                     12.22  -2.31    13.13
  SINCE JAN 1      7.14                      9.01  -1.87    11.27

SNOWFALL (IN)
  YESTERDAY       MM
  MONTH TO DATE   MM
  SINCE SEP 1     MM
  SINCE JUL 1     MM
  SNOW DEPTH      MM

DEGREE DAYS
 HEATING
  YESTERDAY        0                         5     -5        9
  MONTH TO DATE    2                        14    -12       23
  SINCE SEP 1      2                        14    -12       23
  SINCE JUL 1     77                        87    -10       97

 COOLING
  YESTERDAY        4                         1      3        0
  MONTH TO DATE   12                         3      9        0
  SINCE SEP 1     12                         3      9        0
  SINCE JAN 1    301                       205     96      222
..................................................................


WIND (MPH)
  HIGHEST WIND SPEED    26   HIGHEST WIND DIRECTION    SW (210)
  HIGHEST GUST SPEED    38   HIGHEST GUST DIRECTION     S (190)
  AVERAGE WIND SPEED     9.5


SKY COVER
  POSSIBLE SUNSHINE  MM
  AVERAGE SKY COVER 0.1


WEATHER CONDITIONS
 THE FOLLOWING WEATHER WAS RECORDED YESTERDAY.
  THUNDERSTORM
  HAZE


RELATIVE HUMIDITY (PERCENT)
 HIGHEST    59           100 AM
 LOWEST     17           500 PM
 AVERAGE    38

..........................................................


THE REXBURG ID CLIMATE NORMALS FOR TODAY
                         NORMAL    RECORD    YEAR
 MAXIMUM TEMPERATURE (F)   77        91      2001
 MINIMUM TEMPERATURE (F)   44        33      2014
                                             2004


SUNRISE AND SUNSET
SEPTEMBER  4 2015.....SUNRISE   654 AM MDT   SUNSET   758 PM MDT
SEPTEMBER  5 2015.....SUNRISE   655 AM MDT   SUNSET   756 PM MDT


-  INDICATES NEGATIVE NUMBERS.
R  INDICATES RECORD WAS SET OR TIED.
MM INDICATES DATA IS MISSING.
T  INDICATES TRACE AMOUNT.




$$
