000
CDUS46 KSTO 010038
CLISAC

CLIMATE REPORT
NATIONAL WEATHER SERVICE SACRAMENTO, CA
538 PM PDT FRI OCT 31 2014


...................................

...THE SACRAMENTO EXEC. AIRPORT CA CLIMATE SUMMARY FOR OCTOBER 31 2014...
VALID TODAY AS OF 0500 PM LOCAL TIME.

CLIMATE NORMAL PERIOD 1981 TO 2010
CLIMATE RECORD PERIOD 1930 TO 2014


WEATHER ITEM   OBSERVED TIME   RECORD YEAR NORMAL DEPARTURE LAST
                VALUE   (LST)  VALUE       VALUE  FROM      YEAR
                                                  NORMAL
..................................................................
TEMPERATURE (F)
 TODAY
  MAXIMUM         66   1226 PM  85    1960  71     -5       71
  MINIMUM         58    359 PM  36    2002  47     11       41
                                      1989
  AVERAGE         62

PRECIPITATION (IN)
  TODAY            0.13          0.40 2008   0.05   0.08     0.00
  MONTH TO DATE    0.42                      0.95  -0.53     0.00
  SINCE JUL 1      0.89                      1.29  -0.40     0.59
  SINCE JAN 1      8.78                     13.19  -4.41     4.50

SNOWFALL (IN)
  TODAY            0.0           0.0  2002   0.0             0.0
                                      2001
  MONTH TO DATE    0.0                       0.0             0.0
  SINCE SEP 1      0.0                       0.0             0.0
  SINCE JUL 1      0.0                       0.0             0.0

DEGREE DAYS
 HEATING
  TODAY            3

 COOLING
  TODAY            0
..................................................................


WIND (MPH)
  RESULTANT WIND SPEED   2   RESULTANT WIND DIRECTION   S (180)
  HIGHEST WIND SPEED    13   HIGHEST WIND DIRECTION     W (270)
  HIGHEST GUST SPEED    18   HIGHEST GUST DIRECTION    SW (230)


SKY COVER
  POSSIBLE SUNSHINE  MM
  AVERAGE SKY COVER 0.4


WEATHER CONDITIONS
 THE FOLLOWING WEATHER WAS RECORDED TODAY.
  HEAVY RAIN
  RAIN
  LIGHT RAIN
  FOG


RELATIVE HUMIDITY (PERCENT)
 HIGHEST    93
 LOWEST     73
 AVERAGE    83

..........................................................


THE SACRAMENTO EXEC. AIRPORT CA CLIMATE NORMALS FOR TOMORROW
                         NORMAL    RECORD    YEAR
 MAXIMUM TEMPERATURE (F)   70        87      1960
 MINIMUM TEMPERATURE (F)   46        34      1971


SUNRISE AND SUNSET
OCTOBER 31 2014.......SUNRISE   732 AM PDT   SUNSET   607 PM PDT
NOVEMBER  1 2014......SUNRISE   733 AM PDT   SUNSET   606 PM PDT


-  INDICATES NEGATIVE NUMBERS.
R  INDICATES RECORD WAS SET OR TIED.
MM INDICATES DATA IS MISSING.
T  INDICATES TRACE AMOUNT.






&&
....................................................................

SACRAMENTO CITY CLIMATE DATA FOR FRIDAY OCTOBER 31 2014

HIGH...   67  RECORD HIGH    86 IN 1966    NORMAL    HIGH   71
LOW....   58  RECORD LOW     38 IN 1971    NORMAL    LOW    49

RAIN SINCE MIDNIGHT....  0.06   RECORD THIS DATE....... 0.63 IN 1944
TOTAL THIS MONTH.......  0.24   NORMAL SEASON TO DATE.........  1.43
TOTAL SINCE JULY 1ST...  0.80   PERCENT OF NORMAL.............   55%


$$
NNNN
