000
CDUS46 KSTO 270044
CLISAC

CLIMATE REPORT
NATIONAL WEATHER SERVICE SACRAMENTO, CA
539 PM PDT THU MAR 26 2015


...................................

...THE SACRAMENTO EXEC. AIRPORT CA CLIMATE SUMMARY FOR MARCH 26 2015...
VALID TODAY AS OF 0500 PM LOCAL TIME.

CLIMATE NORMAL PERIOD 1981 TO 2010
CLIMATE RECORD PERIOD 1930 TO 2015


WEATHER ITEM   OBSERVED TIME   RECORD YEAR NORMAL DEPARTURE LAST
                VALUE   (LST)  VALUE       VALUE  FROM      YEAR
                                                  NORMAL
..................................................................
TEMPERATURE (F)
 TODAY
  MAXIMUM         84    259 PM  88    1988  66     18       62
  MINIMUM         49    601 AM  35    1972  45      4       49
                                      1948
                                      1942
  AVERAGE         67

PRECIPITATION (IN)
  TODAY            0.00          0.61 1991   0.07  -0.07     0.35
  MONTH TO DATE    0.22                      2.43  -2.21     0.96
  SINCE OCT 1     13.42                     15.82  -2.40     6.56
  SINCE JAN 1      3.04                      9.54  -6.50     5.25

SNOWFALL (IN)
  TODAY            0.0          MM      MM   0.0            MM
  MONTH TO DATE    0.0                       0.0             0.0
  SINCE MAR 1      0.0                       0.0             0.0
  SINCE JUL 1      0.0                       0.0             0.0

DEGREE DAYS
 HEATING
  TODAY            0

 COOLING
  TODAY            2
..................................................................


WIND (MPH)
  RESULTANT WIND SPEED   1   RESULTANT WIND DIRECTION   S (160)
  HIGHEST WIND SPEED     7   HIGHEST WIND DIRECTION     W (270)
  HIGHEST GUST SPEED    10   HIGHEST GUST DIRECTION     W (280)


SKY COVER
  POSSIBLE SUNSHINE  MM
  AVERAGE SKY COVER 0.0


WEATHER CONDITIONS
 THE FOLLOWING WEATHER WAS RECORDED TODAY.
  NO SIGNIFICANT WEATHER WAS OBSERVED.


RELATIVE HUMIDITY (PERCENT)
 HIGHEST    86
 LOWEST     33
 AVERAGE    60

..........................................................


THE SACRAMENTO EXEC. AIRPORT CA CLIMATE NORMALS FOR TOMORROW
                         NORMAL    RECORD    YEAR
 MAXIMUM TEMPERATURE (F)   67        79      1986
                                             1951
 MINIMUM TEMPERATURE (F)   45        34      1991


SUNRISE AND SUNSET
MARCH 26 2015.........SUNRISE   700 AM PDT   SUNSET   724 PM PDT
MARCH 27 2015.........SUNRISE   659 AM PDT   SUNSET   725 PM PDT


-  INDICATES NEGATIVE NUMBERS.
R  INDICATES RECORD WAS SET OR TIED.
MM INDICATES DATA IS MISSING.
T  INDICATES TRACE AMOUNT.

&&
....................................................................

SACRAMENTO CITY CLIMATE DATA FOR THURSDAY MARCH 26 2015

HIGH...   84  RECORD HIGH    90 IN 1988    NORMAL    HIGH   68
LOW....   53  RECORD LOW     32 IN 1898    NORMAL    LOW    47

RAIN SINCE MIDNIGHT....  0.00   RECORD THIS DATE....... 1.61 IN 1883
TOTAL THIS MONTH.......  0.16   NORMAL SINCE OCT 1ST.........  17.29
TOTAL SINCE OCT 1ST...  11.73   PERCENT OF NORMAL.............  68%


$$
