000
CDUS46 KSTO 080034
CLISAC

CLIMATE REPORT
NATIONAL WEATHER SERVICE SACRAMENTO, CA
433 PM PST WED DEC 7 2016


...................................

...THE SACRAMENTO EXEC. AIRPORT CA CLIMATE SUMMARY FOR DECEMBER 7 2016...
VALID TODAY AS OF 0400 PM LOCAL TIME.

CLIMATE NORMAL PERIOD 1981 TO 2010
CLIMATE RECORD PERIOD 1930 TO 2016


WEATHER ITEM   OBSERVED TIME   RECORD YEAR NORMAL DEPARTURE LAST
                VALUE   (LST)  VALUE       VALUE  FROM      YEAR
                                                  NORMAL
..................................................................
TEMPERATURE (F)
 TODAY
  MAXIMUM         46    211 PM  67    1988  56    -10       62
  MINIMUM         34    632 AM  27    1998  39     -5       46
  AVERAGE         40

PRECIPITATION (IN)
  TODAY            0.02          1.46 1997   0.10  -0.08     0.00
  MONTH TO DATE    0.02                      0.65  -0.63     0.41
  SINCE OCT 1      5.86                      3.68   2.18     2.10
  SINCE JAN 1     18.61                     15.92   2.69     7.17

SNOWFALL (IN)
  TODAY           MM             0.0  2001   0.0             0.0
  MONTH TO DATE    0.0                       0.0             0.0
  SINCE DEC 1      0.0                       0.0             0.0
  SINCE JUL 1      0.0                       0.0             0.0

DEGREE DAYS
 HEATING
  TODAY           25

 COOLING
  TODAY            0
..................................................................


WIND (MPH)
  RESULTANT WIND SPEED   2   RESULTANT WIND DIRECTION   N (350)
  HIGHEST WIND SPEED     9   HIGHEST WIND DIRECTION    NW (330)
  HIGHEST GUST SPEED    12   HIGHEST GUST DIRECTION    NW (330)


SKY COVER
  POSSIBLE SUNSHINE  MM
  AVERAGE SKY COVER 0.3


WEATHER CONDITIONS
 THE FOLLOWING WEATHER WAS RECORDED TODAY.
  LIGHT RAIN
  FOG


RELATIVE HUMIDITY (PERCENT)
 HIGHEST   100
 LOWEST     60
 AVERAGE    80

..........................................................


THE SACRAMENTO EXEC. AIRPORT CA CLIMATE NORMALS FOR TOMORROW
                         NORMAL    RECORD    YEAR
 MAXIMUM TEMPERATURE (F)   55        71      1988
                                             1943
 MINIMUM TEMPERATURE (F)   39        23      2009


SUNRISE AND SUNSET
DECEMBER  7 2016......SUNRISE   711 AM PST   SUNSET   445 PM PST
DECEMBER  8 2016......SUNRISE   711 AM PST   SUNSET   445 PM PST


-  INDICATES NEGATIVE NUMBERS.
R  INDICATES RECORD WAS SET OR TIED.
MM INDICATES DATA IS MISSING.
T  INDICATES TRACE AMOUNT.

&&
....................................................................

SACRAMENTO CITY CLIMATE DATA FOR WEDNESDAY DECEMBER 7 2016

HIGH...   48  RECORD HIGH    68 IN 1979    NORMAL    HIGH   56
LOW....   34  RECORD LOW     28 IN 1891    NORMAL    LOW    41

RAIN SINCE MIDNIGHT....  0.01   RECORD THIS DATE....... 1.32 IN 1997
TOTAL THIS MONTH.......  0.01   NORMAL SINCE OCT 1ST.........  4.19
TOTAL SINCE OCT 1ST...   5.75   PERCENT OF NORMAL.............  137%


$$
NNNN
