000
CDUS46 KSTO 190843
CLISAC

CLIMATE REPORT
NATIONAL WEATHER SERVICE SACRAMENTO, CA
1240 AM PST FRI DEC 19 2014


................................................................

...THE SACRAMENTO EXEC. AIRPORT CA CLIMATE SUMMARY FOR DECEMBER 18 2014...

CLIMATE NORMAL PERIOD 1981 TO 2010
CLIMATE RECORD PERIOD 1930 TO 2014


WEATHER ITEM   OBSERVED TIME   RECORD YEAR NORMAL DEPARTURE LAST
                VALUE   (LST)  VALUE       VALUE  FROM      YEAR
                                                  NORMAL
..................................................................
TEMPERATURE (F)
 YESTERDAY
  MAXIMUM         61    247 PM  64    1976  53      8       59
                                      1958
  MINIMUM         49   1010 PM  26    2006  38     11       37
  AVERAGE         55

PRECIPITATION (IN)
  YESTERDAY        T             1.76 2005   0.11  -0.11     0.00
  MONTH TO DATE    7.63                      1.77   5.86     0.43
  SINCE JUL 1      9.88                      5.14   4.74     1.90
  SINCE JAN 1     17.77                     17.04   0.73     5.81

SNOWFALL (IN)
  YESTERDAY       MM             0.0  2001   0.0             0.0
  MONTH TO DATE    0.0                       0.0             0.0
  SINCE DEC 1      0.0                       0.0             0.0
  SINCE JUL 1      0.0                       0.0             0.0

DEGREE DAYS
 HEATING
  YESTERDAY       10

 COOLING
  YESTERDAY        0
..................................................................


WIND (MPH)
  RESULTANT WIND SPEED   3   RESULTANT WIND DIRECTION  SE (140)
  HIGHEST WIND SPEED    10   HIGHEST WIND DIRECTION    SE (150)
  HIGHEST GUST SPEED    14   HIGHEST GUST DIRECTION     S (160)


SKY COVER
  POSSIBLE SUNSHINE  MM
  AVERAGE SKY COVER 0.5


WEATHER CONDITIONS
 THE FOLLOWING WEATHER WAS RECORDED YESTERDAY.
  LIGHT RAIN
  FOG
  HAZE


RELATIVE HUMIDITY (PERCENT)
 HIGHEST    93
 LOWEST     60
 AVERAGE    77

..........................................................


THE SACRAMENTO EXEC. AIRPORT CA CLIMATE NORMALS FOR TODAY
                         NORMAL    RECORD    YEAR
 MAXIMUM TEMPERATURE (F)   53        72      1999
 MINIMUM TEMPERATURE (F)   38        25      1965


SUNRISE AND SUNSET
DECEMBER 19 2014......SUNRISE   719 AM PST   SUNSET   448 PM PST
DECEMBER 20 2014......SUNRISE   719 AM PST   SUNSET   448 PM PST


-  INDICATES NEGATIVE NUMBERS.
R  INDICATES RECORD WAS SET OR TIED.
MM INDICATES DATA IS MISSING.
T  INDICATES TRACE AMOUNT.






&&
....................................................................

SACRAMENTO CITY CLIMATE DATA FOR THURSDAY DECEMBER 18 2014

HIGH...   62  RECORD HIGH    68 IN 1958    NORMAL    HIGH   54
LOW....   50  RECORD LOW     28 IN 1924    NORMAL    LOW    40

RAIN SINCE MIDNIGHT....  0.00   RECORD THIS DATE....... 1.66 IN 2005
TOTAL THIS MONTH.......  6.70   NORMAL SEASON TO DATE.........  5.75
TOTAL SINCE JULY 1ST...  8.91   PERCENT OF NORMAL.............  154%


$$
