000
CDUS46 KSTO 030036 RRA
CLISAC

CLIMATE REPORT
NATIONAL WEATHER SERVICE SACRAMENTO, CA
534 PM PDT WED SEP 2 2015


...................................

...THE SACRAMENTO EXEC. AIRPORT CA CLIMATE SUMMARY FOR SEPTEMBER 2 2015...
VALID TODAY AS OF 0500 PM LOCAL TIME.

CLIMATE NORMAL PERIOD 1981 TO 2010
CLIMATE RECORD PERIOD 1930 TO 2015


WEATHER ITEM   OBSERVED TIME   RECORD YEAR NORMAL DEPARTURE LAST
                VALUE   (LST)  VALUE       VALUE  FROM      YEAR
                                                  NORMAL
..................................................................
TEMPERATURE (F)
 TODAY
  MAXIMUM         84    255 PM 108    1955  90     -6       89
                                      1950
  MINIMUM         62    632 AM  50    2012  57      5       62
  AVERAGE         73

PRECIPITATION (IN)
  TODAY            0.00          0.10 2013   0.01  -0.01     0.00
  MONTH TO DATE    0.00                      0.01  -0.01     0.00
  SINCE OCT 1     15.41                     18.24  -2.83     9.21
  SINCE JAN 1      5.03                     11.96  -6.93     7.90

SNOWFALL (IN)
  TODAY            0.0          MM      MM   0.0             0.0
  MONTH TO DATE    0.0                       0.0             0.0
  SINCE SEP 1      0.0                       0.0             0.0
  SINCE JUL 1      0.0                       0.0             0.0

DEGREE DAYS
 HEATING
  TODAY            0

 COOLING
  TODAY            8
..................................................................


WIND (MPH)
  RESULTANT WIND SPEED  10   RESULTANT WIND DIRECTION  SW (210)
  HIGHEST WIND SPEED    21   HIGHEST WIND DIRECTION    SW (230)
  HIGHEST GUST SPEED    26   HIGHEST GUST DIRECTION    SW (220)


SKY COVER
  POSSIBLE SUNSHINE  MM
  AVERAGE SKY COVER 0.0


WEATHER CONDITIONS
 THE FOLLOWING WEATHER WAS RECORDED TODAY.
  NO SIGNIFICANT WEATHER WAS OBSERVED.


RELATIVE HUMIDITY (PERCENT)
 HIGHEST    78
 LOWEST     32
 AVERAGE    55

..........................................................


THE SACRAMENTO EXEC. AIRPORT CA CLIMATE NORMALS FOR TOMORROW
                         NORMAL    RECORD    YEAR
 MAXIMUM TEMPERATURE (F)   89       108      1955
 MINIMUM TEMPERATURE (F)   57        51      1994


SUNRISE AND SUNSET
SEPTEMBER  2 2015.....SUNRISE   636 AM PDT   SUNSET   735 PM PDT
SEPTEMBER  3 2015.....SUNRISE   637 AM PDT   SUNSET   733 PM PDT


-  INDICATES NEGATIVE NUMBERS.
R  INDICATES RECORD WAS SET OR TIED.
MM INDICATES DATA IS MISSING.
T  INDICATES TRACE AMOUNT.




&&
....................................................................

SACRAMENTO CITY CLIMATE DATA FOR WEDNESDAY SEPTEMBER 2 2015

HIGH...   86  RECORD HIGH   109 IN 1955    NORMAL    HIGH   90
LOW....   62  RECORD LOW     49 IN 1898    NORMAL    LOW    60

RAIN SINCE MIDNIGHT....  0.00   RECORD THIS DATE....... 0.15 IN 1912
TOTAL THIS MONTH.......  0.00   NORMAL SINCE OCT 1ST.........  19.93
TOTAL SINCE OCT 1ST... 13.80   PERCENT OF NORMAL.............  69%


$$
NNNN
