000
CDUS46 KSTO 250842
CLISAC

CLIMATE REPORT
NATIONAL WEATHER SERVICE SACRAMENTO, CA
142 AM PDT SAT MAR 25 2017


...................................

...THE SACRAMENTO EXEC. AIRPORT CA CLIMATE SUMMARY FOR MARCH 24 2017...

CLIMATE NORMAL PERIOD 1981 TO 2010
CLIMATE RECORD PERIOD 1930 TO 2017


WEATHER ITEM   OBSERVED TIME   RECORD YEAR NORMAL DEPARTURE LAST
                VALUE   (LST)  VALUE       VALUE  FROM      YEAR
                                                  NORMAL
..................................................................
TEMPERATURE (F)
 YESTERDAY
  MAXIMUM         55    447 PM  81    1997  66    -11       72
  MINIMUM         51    701 AM  33    1995  45      6       44
                                      1945
  AVERAGE         53

PRECIPITATION (IN)
  YESTERDAY        0.24          1.11 2011   0.07   0.17     0.00
  MONTH TO DATE    2.35                      2.29   0.06     5.07
  SINCE OCT 1     29.97                     15.68  14.29    14.77
  SINCE JAN 1     20.52                      9.40  11.12    11.33

SNOWFALL (IN)
  YESTERDAY        0.0          MM      MM   0.0             0.0
  MONTH TO DATE    0.0                       0.0             0.0
  SINCE MAR 1      0.0                       0.0             0.0
  SINCE JUL 1      0.0                       0.0             0.0

DEGREE DAYS
 HEATING
  YESTERDAY       12

 COOLING
  YESTERDAY        0
..................................................................


WIND (MPH)
  RESULTANT WIND SPEED   5   RESULTANT WIND DIRECTION  SE (150)
  HIGHEST WIND SPEED    16   HIGHEST WIND DIRECTION    SE (150)
  HIGHEST GUST SPEED    25   HIGHEST GUST DIRECTION    SE (150)


SKY COVER
  POSSIBLE SUNSHINE  MM
  AVERAGE SKY COVER 1.0


WEATHER CONDITIONS
 THE FOLLOWING WEATHER WAS RECORDED YESTERDAY.
  RAIN
  LIGHT RAIN
  FOG


RELATIVE HUMIDITY (PERCENT)
 HIGHEST    96
 LOWEST     77
 AVERAGE    87

..........................................................


THE SACRAMENTO EXEC. AIRPORT CA CLIMATE NORMALS FOR TODAY
                         NORMAL    RECORD    YEAR
 MAXIMUM TEMPERATURE (F)   66        84      1988
 MINIMUM TEMPERATURE (F)   45        33      1950


SUNRISE AND SUNSET
MARCH 25 2017.........SUNRISE   701 AM PDT   SUNSET   723 PM PDT
MARCH 26 2017.........SUNRISE   700 AM PDT   SUNSET   724 PM PDT


-  INDICATES NEGATIVE NUMBERS.
R  INDICATES RECORD WAS SET OR TIED.
MM INDICATES DATA IS MISSING.
T  INDICATES TRACE AMOUNT.

&&
....................................................................

SACRAMENTO CITY CLIMATE DATA FOR FRIDAY MARCH 24 2017

HIGH...   56  RECORD HIGH    83 IN 1997    NORMAL    HIGH   68
LOW....   52  RECORD LOW     34 IN 1945    NORMAL    LOW    47

RAIN SINCE MIDNIGHT....  0.27   RECORD THIS DATE....... 1.11 IN 2011
TOTAL THIS MONTH.......  2.66   NORMAL SINCE OCT 1ST.........  17.14
TOTAL SINCE OCT 1ST.... 30.20   PERCENT OF NORMAL.............  176%

$$
