000
CDUS46 KSTO 280845
CLISAC

CLIMATE REPORT
NATIONAL WEATHER SERVICE SACRAMENTO, CA
140 AM PDT TUE JUL 28 2015


...................................

...THE SACRAMENTO EXEC. AIRPORT CA CLIMATE SUMMARY FOR JULY 27 2015...

CLIMATE NORMAL PERIOD 1981 TO 2010
CLIMATE RECORD PERIOD 1930 TO 2015


WEATHER ITEM   OBSERVED TIME   RECORD YEAR NORMAL DEPARTURE LAST
                VALUE   (LST)  VALUE       VALUE  FROM      YEAR
                                                  NORMAL
..................................................................
TEMPERATURE (F)
 YESTERDAY
  MAXIMUM         98    436 PM 105    1980  93      5      100
  MINIMUM         59    448 AM  53    2010  59      0       68
                                      1999
                                      1965
  AVERAGE         79

PRECIPITATION (IN)
  YESTERDAY        0.00          T    1964   0.00   0.00     0.00
  MONTH TO DATE    T                         0.00   0.00     0.01
  SINCE OCT 1     15.41                     18.18  -2.77     9.21
  SINCE JAN 1      5.03                     11.90  -6.87     7.90

SNOWFALL (IN)
  YESTERDAY        0.0          MM      MM   0.0             0.0
  MONTH TO DATE    0.0                       0.0             0.0
  SINCE JUN 1      0.0                       0.0             0.0
  SINCE JUL 1      0.0                       0.0             0.0

DEGREE DAYS
 HEATING
  YESTERDAY        0

 COOLING
  YESTERDAY       14
..................................................................


WIND (MPH)
  RESULTANT WIND SPEED   3   RESULTANT WIND DIRECTION  NW (310)
  HIGHEST WIND SPEED    14   HIGHEST WIND DIRECTION     N (360)
  HIGHEST GUST SPEED    22   HIGHEST GUST DIRECTION    SW (230)


SKY COVER
  POSSIBLE SUNSHINE  MM
  AVERAGE SKY COVER 0.0


WEATHER CONDITIONS
 THE FOLLOWING WEATHER WAS RECORDED YESTERDAY.
  NO SIGNIFICANT WEATHER WAS OBSERVED.


RELATIVE HUMIDITY (PERCENT)
 HIGHEST    72
 LOWEST      8
 AVERAGE    40

..........................................................


THE SACRAMENTO EXEC. AIRPORT CA CLIMATE NORMALS FOR TODAY
                         NORMAL    RECORD    YEAR
 MAXIMUM TEMPERATURE (F)   93       108      1954
 MINIMUM TEMPERATURE (F)   59        53      1986
                                             1966


SUNRISE AND SUNSET
JULY 28 2015..........SUNRISE   604 AM PDT   SUNSET   820 PM PDT
JULY 29 2015..........SUNRISE   605 AM PDT   SUNSET   819 PM PDT


-  INDICATES NEGATIVE NUMBERS.
R  INDICATES RECORD WAS SET OR TIED.
MM INDICATES DATA IS MISSING.
T  INDICATES TRACE AMOUNT.




&&
....................................................................

SACRAMENTO CITY CLIMATE DATA FOR MONDAY JULY 27 2015

HIGH...   98  RECORD HIGH   108 IN 1980    NORMAL    HIGH   94
LOW....   61  RECORD LOW     50 IN 1899    NORMAL    LOW    61

RAIN SINCE MIDNIGHT....  0.00   RECORD THIS DATE.......    T IN 1896
TOTAL THIS MONTH.......  0.00   NORMAL SINCE OCT 1ST.........  19.89
TOTAL SINCE OCT 1ST... 13.80   PERCENT OF NORMAL.............  69%


$$
NNNN
