000
CDUS46 KSTO 240843 RRA
CLISAC

CLIMATE REPORT
NATIONAL WEATHER SERVICE SACRAMENTO, CA
143 AM PDT MON APR 24 2017


...................................

...THE SACRAMENTO EXEC. AIRPORT CA CLIMATE SUMMARY FOR APRIL 23 2017...

CLIMATE NORMAL PERIOD 1981 TO 2010
CLIMATE RECORD PERIOD 1930 TO 2017


WEATHER ITEM   OBSERVED TIME   RECORD YEAR NORMAL DEPARTURE LAST
                VALUE   (LST)  VALUE       VALUE  FROM      YEAR
                                                  NORMAL
..................................................................
TEMPERATURE (F)
 YESTERDAY
  MAXIMUM         71    237 PM  89    1962  73     -2       72
  MINIMUM         49    600 AM  37    1964  47      2       44
  AVERAGE         60

PRECIPITATION (IN)
  YESTERDAY        T             0.65 1983   0.03  -0.03     0.00
  MONTH TO DATE    2.93                      0.94   1.99     0.58
  SINCE OCT 1     32.93                     17.08  15.85    15.35
  SINCE JAN 1     23.48                     10.80  12.68    11.91

SNOWFALL (IN)
  YESTERDAY        0.0          MM      MM   0.0             0.0
  MONTH TO DATE    0.0                       0.0             0.0
  SINCE MAR 1      0.0                       0.0             0.0
  SINCE JUL 1      0.0                       0.0             0.0

DEGREE DAYS
 HEATING
  YESTERDAY        5

 COOLING
  YESTERDAY        0
..................................................................


WIND (MPH)
  RESULTANT WIND SPEED   5   RESULTANT WIND DIRECTION   S (190)
  HIGHEST WIND SPEED    17   HIGHEST WIND DIRECTION    SW (230)
  HIGHEST GUST SPEED    24   HIGHEST GUST DIRECTION    SW (220)


SKY COVER
  POSSIBLE SUNSHINE  MM
  AVERAGE SKY COVER 0.0


WEATHER CONDITIONS
 THE FOLLOWING WEATHER WAS RECORDED YESTERDAY.
  NO SIGNIFICANT WEATHER WAS OBSERVED.


RELATIVE HUMIDITY (PERCENT)
 HIGHEST    93
 LOWEST     47
 AVERAGE    70

..........................................................


THE SACRAMENTO EXEC. AIRPORT CA CLIMATE NORMALS FOR TODAY
                         NORMAL    RECORD    YEAR
 MAXIMUM TEMPERATURE (F)   74        90      2013
 MINIMUM TEMPERATURE (F)   47        36      2008
                                             1964


SUNRISE AND SUNSET
APRIL 24 2017.........SUNRISE   617 AM PDT   SUNSET   752 PM PDT
APRIL 25 2017.........SUNRISE   616 AM PDT   SUNSET   752 PM PDT


-  INDICATES NEGATIVE NUMBERS.
R  INDICATES RECORD WAS SET OR TIED.
MM INDICATES DATA IS MISSING.
T  INDICATES TRACE AMOUNT.




&&
....................................................................

SACRAMENTO CITY CLIMATE DATA FOR SUNDAY APRIL 23 2017

HIGH...   74  RECORD HIGH    92 IN 1946    NORMAL    HIGH   75
LOW....   50  RECORD LOW     39 IN 1920    NORMAL    LOW    50

RAIN SINCE MIDNIGHT....  0.00   RECORD THIS DATE.......  0.6 IN 1896
TOTAL THIS MONTH.......  3.36   NORMAL SINCE OCT 1ST.........  18.7
TOTAL SINCE OCT 1ST... 33.66   PERCENT OF NORMAL.............  180%


$$
NNNN
