000
CDUS46 KSTO 240846
CLISAC

CLIMATE REPORT
NATIONAL WEATHER SERVICE SACRAMENTO, CA
141 AM PDT WED MAY 24 2017


................................................................

...THE SACRAMENTO EXEC. AIRPORT CA CLIMATE SUMMARY FOR MAY 23 2017...

CLIMATE NORMAL PERIOD 1981 TO 2010
CLIMATE RECORD PERIOD 1930 TO 2017


WEATHER ITEM   OBSERVED TIME   RECORD YEAR NORMAL DEPARTURE LAST
                VALUE   (LST)  VALUE       VALUE  FROM      YEAR
                                                  NORMAL
..................................................................
TEMPERATURE (F)
 YESTERDAY
  MAXIMUM         99R   240 PM  97    1982  82     17       77
                                      1967
  MINIMUM         60    546 AM  42    1980  52      8       51
  AVERAGE         80

PRECIPITATION (IN)
  YESTERDAY        0.00          0.48 1960   0.02  -0.02     0.00
  MONTH TO DATE    0.00                      0.54  -0.54     0.39
  SINCE OCT 1     32.93                     17.83  15.10    16.19
  SINCE JAN 1     23.48                     11.55  11.93    12.75

SNOWFALL (IN)
  YESTERDAY        0.0          MM      MM   0.0             0.0
  MONTH TO DATE    0.0                       0.0             0.0
  SINCE MAR 1      0.0                       0.0             0.0
  SINCE JUL 1      0.0                       0.0             0.0

DEGREE DAYS
 HEATING
  YESTERDAY        0

 COOLING
  YESTERDAY       15
..................................................................


WIND (MPH)
  RESULTANT WIND SPEED   4   RESULTANT WIND DIRECTION  SW (210)
  HIGHEST WIND SPEED    13   HIGHEST WIND DIRECTION    SW (210)
  HIGHEST GUST SPEED    19   HIGHEST GUST DIRECTION    SW (230)


SKY COVER
  POSSIBLE SUNSHINE  MM
  AVERAGE SKY COVER 0.0


WEATHER CONDITIONS
 THE FOLLOWING WEATHER WAS RECORDED YESTERDAY.
  NO SIGNIFICANT WEATHER WAS OBSERVED.


RELATIVE HUMIDITY (PERCENT)
 HIGHEST    78
 LOWEST     21
 AVERAGE    50

..........................................................


THE SACRAMENTO EXEC. AIRPORT CA CLIMATE NORMALS FOR TODAY
                         NORMAL    RECORD    YEAR
 MAXIMUM TEMPERATURE (F)   82       100      1982
 MINIMUM TEMPERATURE (F)   53        40      1953


SUNRISE AND SUNSET
MAY 24 2017...........SUNRISE   547 AM PDT   SUNSET   819 PM PDT
MAY 25 2017...........SUNRISE   547 AM PDT   SUNSET   820 PM PDT


-  INDICATES NEGATIVE NUMBERS.
R  INDICATES RECORD WAS SET OR TIED.
MM INDICATES DATA IS MISSING.
T  INDICATES TRACE AMOUNT.

&&
....................................................................

SACRAMENTO CITY CLIMATE DATA FOR TUESDAY MAY 23 2017

HIGH...  100R RECORD HIGH    99 IN 2001    NORMAL    HIGH   83
LOW....   63  RECORD LOW     45 IN 2010    NORMAL    LOW    55

RAIN SINCE MIDNIGHT....  0.00   RECORD THIS DATE....... 0.37 IN 1960
TOTAL THIS MONTH.......  0.00   NORMAL SINCE OCT 1ST.........  19.55
TOTAL SINCE OCT 1ST...  33.66   PERCENT OF NORMAL.............  172%


$$
NNNN
