000
CDUS46 KSTO 230048
CLISAC

CLIMATE REPORT
NATIONAL WEATHER SERVICE SACRAMENTO, CA
547 PM PDT FRI AUG 22 2014


...................................

...THE SACRAMENTO EXEC. AIRPORT CA CLIMATE SUMMARY FOR AUGUST 22 2014...
VALID TODAY AS OF 0500 PM LOCAL TIME.

CLIMATE NORMAL PERIOD 1981 TO 2010
CLIMATE RECORD PERIOD 1930 TO 2014


WEATHER ITEM   OBSERVED TIME   RECORD YEAR NORMAL DEPARTURE LAST
                VALUE   (LST)  VALUE       VALUE  FROM      YEAR
                                                  NORMAL
..................................................................
TEMPERATURE (F)
 TODAY
  MAXIMUM         86    355 PM 102    1969  91     -5       85
  MINIMUM         62    618 AM  49    1978  58      4       58
  AVERAGE         74

PRECIPITATION (IN)
  TODAY            0.00          0.29 2003   0.00   0.00     0.00
  MONTH TO DATE    T                         0.03  -0.03      T
  SINCE JUL 1      0.01                      0.03  -0.02      T
  SINCE JAN 1      7.90                     11.93  -4.03     3.91

SNOWFALL (IN)
  TODAY            0.0          MM      MM   0.0             0.0
  MONTH TO DATE    0.0                       0.0             0.0
  SINCE JUN 1      0.0                       0.0             0.0
  SINCE JUL 1      0.0                       0.0             0.0

DEGREE DAYS
 HEATING
  TODAY            0

 COOLING
  TODAY            9
..................................................................


WIND (MPH)
  RESULTANT WIND SPEED   8   RESULTANT WIND DIRECTION   S (190)
  HIGHEST WIND SPEED    15   HIGHEST WIND DIRECTION    SW (210)
  HIGHEST GUST SPEED    20   HIGHEST GUST DIRECTION    SW (210)


SKY COVER
  POSSIBLE SUNSHINE  MM
  AVERAGE SKY COVER 0.0


WEATHER CONDITIONS
 THE FOLLOWING WEATHER WAS RECORDED TODAY.
  NO SIGNIFICANT WEATHER WAS OBSERVED.


RELATIVE HUMIDITY (PERCENT)
 HIGHEST    84
 LOWEST     37
 AVERAGE    61

..........................................................


THE SACRAMENTO EXEC. AIRPORT CA CLIMATE NORMALS FOR TOMORROW
                         NORMAL    RECORD    YEAR
 MAXIMUM TEMPERATURE (F)   91       101      1996
                                             1967
 MINIMUM TEMPERATURE (F)   58        51      1973


SUNRISE AND SUNSET
AUGUST 22 2014........SUNRISE   627 AM PDT   SUNSET   750 PM PDT
AUGUST 23 2014........SUNRISE   627 AM PDT   SUNSET   749 PM PDT


-  INDICATES NEGATIVE NUMBERS.
R  INDICATES RECORD WAS SET OR TIED.
MM INDICATES DATA IS MISSING.
T  INDICATES TRACE AMOUNT.






&&
....................................................................

SACRAMENTO CITY CLIMATE DATA FOR FRIDAY AUGUST 22 2014

HIGH...   88  RECORD HIGH   106 IN 1891    NORMAL    HIGH   92
LOW....   63  RECORD LOW     50 IN 1901    NORMAL    LOW    60

RAIN SINCE MIDNIGHT....  0.00   RECORD THIS DATE....... 0.06 IN 2003
TOTAL THIS MONTH.......  0.00   NORMAL SEASON TO DATE.........  0.02
TOTAL SINCE JULY 1ST...  0.02   PERCENT OF NORMAL.............  100%


$$
NNNN
