000
CDUS46 KSGX 300016
CLISAN


CLIMATE REPORT
NATIONAL WEATHER SERVICE SAN DIEGO, CA
515 PM PDT THU SEP 29 2016


...................................

...THE SAN DIEGO/LINDBERGH FIELD CA CLIMATE SUMMARY FOR SEPTEMBER 29 2016...
VALID TODAY AS OF 0500 PM LOCAL TIME.

CLIMATE NORMAL PERIOD 1981 TO 2010
CLIMATE RECORD PERIOD 1874 TO 2016


WEATHER ITEM   OBSERVED TIME   RECORD YEAR NORMAL DEPARTURE LAST
                VALUE   (LST)  VALUE       VALUE  FROM      YEAR
                                                  NORMAL
..................................................................
TEMPERATURE (F)
 TODAY
  MAXIMUM         86   1134 AM  91    1918  74     12       80
  MINIMUM         71    557 AM  50    1880  64      7       69
  AVERAGE         79                        69     10       75

PRECIPITATION (IN)
  TODAY            0.00          0.37 1890   0.01  -0.01     0.00
  MONTH TO DATE    0.32                      0.14   0.18     1.24
  SINCE OCT 1      8.18                     10.33  -2.15    11.91
  SINCE JAN 1      5.33                      7.22  -1.89     7.04

DEGREE DAYS
 HEATING
  TODAY            0                         0      0        0
  MONTH TO DATE    0                         0      0        0
  SINCE SEP 1      0                         0      0        0
  SINCE JUL 1      0                         1     -1        0

 COOLING
  TODAY           14                         4     10       10
  MONTH TO DATE  207                       164     43      364
  SINCE SEP 1    207                       164     43      364
  SINCE JAN 1    889                       632    257     1230
..................................................................


WIND (MPH)
  RESULTANT WIND SPEED   4   RESULTANT WIND DIRECTION  NW (320)
  HIGHEST WIND SPEED    12   HIGHEST WIND DIRECTION     W (280)
  HIGHEST GUST SPEED    14   HIGHEST GUST DIRECTION     W (290)
  AVERAGE WIND SPEED     4.1


SKY COVER
  POSSIBLE SUNSHINE  MM
  AVERAGE SKY COVER 0.4


WEATHER CONDITIONS
 THE FOLLOWING WEATHER WAS RECORDED TODAY.
  NO SIGNIFICANT WEATHER WAS OBSERVED.


RELATIVE HUMIDITY (PERCENT)
 HIGHEST    53           100 AM
 LOWEST     37           900 AM
 AVERAGE    45

..........................................................


THE SAN DIEGO/LINDBERGH FIELD CA CLIMATE NORMALS FOR TOMORROW
                         NORMAL    RECORD    YEAR
 MAXIMUM TEMPERATURE (F)   74        91      1906
 MINIMUM TEMPERATURE (F)   63        51      1880


SUNRISE AND SUNSET
SEPTEMBER 29 2016.....SUNRISE   642 AM PDT   SUNSET   635 PM PDT
SEPTEMBER 30 2016.....SUNRISE   642 AM PDT   SUNSET   634 PM PDT


-  INDICATES NEGATIVE NUMBERS.
R  INDICATES RECORD WAS SET OR TIED.
MM INDICATES DATA IS MISSING.
T  INDICATES TRACE AMOUNT.




$$
