000
CDUS46 KSGX 290016
CLISAN


CLIMATE REPORT
NATIONAL WEATHER SERVICE SAN DIEGO, CA
516 PM PDT WED JUN 28 2017


...................................

...THE SAN DIEGO INTL AIRPORT CA CLIMATE SUMMARY FOR JUNE 28 2017...
VALID TODAY AS OF 0500 PM LOCAL TIME.

CLIMATE NORMAL PERIOD 1981 TO 2010
CLIMATE RECORD PERIOD 1874 TO 2017


WEATHER ITEM   OBSERVED TIME   RECORD YEAR NORMAL DEPARTURE LAST
                VALUE   (LST)  VALUE       VALUE  FROM      YEAR
                                                  NORMAL
..................................................................
TEMPERATURE (F)
 TODAY
  MAXIMUM         71   1153 AM  95    1980  73     -2       76
  MINIMUM         62    527 AM  56    1950  63     -1       67
                                      1917
                                      1908
  AVERAGE         67                        68     -1       72

PRECIPITATION (IN)
  TODAY            0.00          0.06 1925   0.00   0.00     0.00
  MONTH TO DATE    0.02                      0.07  -0.05      T
  SINCE OCT 1     12.65                     10.14   2.51     7.86
  SINCE JAN 1      7.75                      7.03   0.72     5.01

DEGREE DAYS
 HEATING
  TODAY            0                         0      0        0
  MONTH TO DATE    9                        15     -6        0
  SINCE JUN 1      9                        15     -6        0
  SINCE JUL 1    736                      1222   -486      648

 COOLING
  TODAY            2                         3     -1        7
  MONTH TO DATE   93                        51     42      117
  SINCE JUN 1     93                        51     42      117
  SINCE JAN 1    185                       100     85      235
..................................................................


WIND (MPH)
  RESULTANT WIND SPEED   4   RESULTANT WIND DIRECTION  SW (230)
  HIGHEST WIND SPEED    13   HIGHEST WIND DIRECTION     S (190)
  HIGHEST GUST SPEED    16   HIGHEST GUST DIRECTION     S (190)
  AVERAGE WIND SPEED     6.3


SKY COVER
  POSSIBLE SUNSHINE  MM
  AVERAGE SKY COVER 0.6


WEATHER CONDITIONS
 THE FOLLOWING WEATHER WAS RECORDED TODAY.
  NO SIGNIFICANT WEATHER WAS OBSERVED.


RELATIVE HUMIDITY (PERCENT)
 HIGHEST    90           300 AM
 LOWEST     61          1200 PM
 AVERAGE    76

..........................................................


THE SAN DIEGO INTL AIRPORT CA CLIMATE NORMALS FOR TOMORROW
                         NORMAL    RECORD    YEAR
 MAXIMUM TEMPERATURE (F)   73        84      1980
 MINIMUM TEMPERATURE (F)   64        56      1910
                                             1906
                                             1894


SUNRISE AND SUNSET
JUNE 28 2017..........SUNRISE   543 AM PDT   SUNSET   801 PM PDT
JUNE 29 2017..........SUNRISE   544 AM PDT   SUNSET   801 PM PDT


-  INDICATES NEGATIVE NUMBERS.
R  INDICATES RECORD WAS SET OR TIED.
MM INDICATES DATA IS MISSING.
T  INDICATES TRACE AMOUNT.




$$
