000
CDUS46 KSGX 211525
CLISAN


CLIMATE REPORT
NATIONAL WEATHER SERVICE SAN DIEGO, CA
725 AM PST TUE FEB 21 2017


...................................

...THE SAN DIEGO INTL AIRPORT CA CLIMATE SUMMARY FOR FEBRUARY 20 2017...

CLIMATE NORMAL PERIOD 1981 TO 2010
CLIMATE RECORD PERIOD 1874 TO 2017


WEATHER ITEM   OBSERVED TIME   RECORD YEAR NORMAL DEPARTURE LAST
                VALUE   (LST)  VALUE       VALUE  FROM      YEAR
                                                  NORMAL
..................................................................
TEMPERATURE (F)
 YESTERDAY
  MAXIMUM         69    230 PM  81    1982  65      4       70
  MINIMUM         56    717 AM  37    1882  51      5       52
  AVERAGE         63                        58      5       61

PRECIPITATION (IN)
  YESTERDAY        0.00          1.41 1980   0.09  -0.09     0.00
  MONTH TO DATE    1.31                      1.60  -0.29     0.05
  SINCE OCT 1      9.22                      6.69   2.53     6.11
  SINCE JAN 1      4.32                      3.58   0.74     3.26

DEGREE DAYS
 HEATING
  YESTERDAY        2                         7     -5        4
  MONTH TO DATE   85                       146    -61       60
  SINCE DEC 1    483                       656   -173      461
  SINCE JUL 1    533                       801   -268      530

 COOLING
  YESTERDAY        0                         0      0        0
  MONTH TO DATE    0                         0      0       40
  SINCE DEC 1      4                         2      2       40
  SINCE JAN 1      0                         2     -2       40
..................................................................


WIND (MPH)
  RESULTANT WIND SPEED   2   RESULTANT WIND DIRECTION  NW (320)
  HIGHEST WIND SPEED    13   HIGHEST WIND DIRECTION    NW (330)
  HIGHEST GUST SPEED    16   HIGHEST GUST DIRECTION    NW (320)
  AVERAGE WIND SPEED     4.7


SKY COVER
  POSSIBLE SUNSHINE  MM
  AVERAGE SKY COVER 0.6


WEATHER CONDITIONS
 THE FOLLOWING WEATHER WAS RECORDED YESTERDAY.
  NO SIGNIFICANT WEATHER WAS OBSERVED.


RELATIVE HUMIDITY (PERCENT)
 HIGHEST    80          1100 PM
 LOWEST     52          1000 AM
 AVERAGE    66

..........................................................


THE SAN DIEGO INTL AIRPORT CA CLIMATE NORMALS FOR TODAY
                         NORMAL    RECORD    YEAR
 MAXIMUM TEMPERATURE (F)   65        83      1981
 MINIMUM TEMPERATURE (F)   51        39      1953
                                             1882


SUNRISE AND SUNSET
FEBRUARY 21 2017......SUNRISE   625 AM PST   SUNSET   540 PM PST
FEBRUARY 22 2017......SUNRISE   624 AM PST   SUNSET   541 PM PST


-  INDICATES NEGATIVE NUMBERS.
R  INDICATES RECORD WAS SET OR TIED.
MM INDICATES DATA IS MISSING.
T  INDICATES TRACE AMOUNT.




$$
