000
CDUS44 KEWX 300803
CLISAT


CLIMATE REPORT
NATIONAL WEATHER SERVICE AUSTIN/SAN ANTONIO, TX
203 AM CST FRI JAN 30 2015


...................................

...THE SAN ANTONIO CLIMATE SUMMARY FOR JANUARY 29 2015...

CLIMATE NORMAL PERIOD 1981 TO 2010
CLIMATE RECORD PERIOD 1886 TO 2015


WEATHER ITEM   OBSERVED TIME   RECORD YEAR NORMAL DEPARTURE LAST
                VALUE   (LST)  VALUE       VALUE  FROM      YEAR
                                                  NORMAL
..................................................................
TEMPERATURE (F)
 YESTERDAY
  MAXIMUM         75    351 PM  86    2013  64     11       50
  MINIMUM         51    409 AM  18    1951  41     10       28
  AVERAGE         63                        53     10       39

PRECIPITATION (IN)
  YESTERDAY        0.00          1.01 1989   0.06  -0.06     0.00
  MONTH TO DATE    3.38                      1.64   1.74     0.23
  SINCE DEC 1      4.62                      3.55   1.07     0.78
  SINCE JAN 1      3.38                      1.64   1.74     0.23

SNOWFALL (IN)
  YESTERDAY        0.0
  MONTH TO DATE    0.0
  SINCE DEC 1      0.0
  SINCE JUL 1      0.0
  SNOW DEPTH       0

DEGREE DAYS
 HEATING
  YESTERDAY        2                        13    -11       26
  MONTH TO DATE  458                       394     64      414
  SINCE DEC 1    714                       785    -71      826
  SINCE JUL 1    961                       996    -35     1054

 COOLING
  YESTERDAY        0                         0      0        0
  MONTH TO DATE    0                         0      0        1
  SINCE DEC 1      7                        14     -7       19
  SINCE JAN 1      0                         0      0        1
..................................................................


WIND (MPH)
  HIGHEST WIND SPEED    15   HIGHEST WIND DIRECTION     N (20)
  HIGHEST GUST SPEED    21   HIGHEST GUST DIRECTION    NE (30)
  AVERAGE WIND SPEED     5.7


SKY COVER
  AVERAGE SKY COVER 0.6


WEATHER CONDITIONS
 THE FOLLOWING WEATHER WAS RECORDED YESTERDAY.
  FOG
  FOG W/VISIBILITY <= 1/4 MILE


RELATIVE HUMIDITY (PERCENT)
 HIGHEST   100           600 AM
 LOWEST     40          1000 PM
 AVERAGE    70

..........................................................


THE SAN ANTONIO CLIMATE NORMALS FOR TODAY
                         NORMAL    RECORD    YEAR
 MAXIMUM TEMPERATURE (F)   64        89      1971
 MINIMUM TEMPERATURE (F)   42         5      1949


SUNRISE AND SUNSET
JANUARY 30 2015.......SUNRISE   725 AM CST   SUNSET   610 PM CST
JANUARY 31 2015.......SUNRISE   724 AM CST   SUNSET   611 PM CST


-  INDICATES NEGATIVE NUMBERS.
R  INDICATES RECORD WAS SET OR TIED.
MM INDICATES DATA IS MISSING.
T  INDICATES TRACE AMOUNT.




$$
