000
CDUS44 KEWX 010800
CLISAT


CLIMATE REPORT
NATIONAL WEATHER SERVICE AUSTIN/SAN ANTONIO, TX
300 AM CDT WED JUL 1 2015


...................................

...THE SAN ANTONIO CLIMATE SUMMARY FOR JUNE 30 2015...

CLIMATE NORMAL PERIOD 1981 TO 2010
CLIMATE RECORD PERIOD 1886 TO 2015


WEATHER ITEM   OBSERVED TIME   RECORD YEAR NORMAL DEPARTURE LAST
                VALUE   (LST)  VALUE       VALUE  FROM      YEAR
                                                  NORMAL
..................................................................
TEMPERATURE (F)
 YESTERDAY
  MAXIMUM         91    121 PM 105    1907  94     -3       94
  MINIMUM         73   1014 PM  60    1985  74     -1       77
  AVERAGE         82                        84     -2       86

PRECIPITATION (IN)
  YESTERDAY        0.15          1.55 1936   0.11   0.04     0.00
  MONTH TO DATE    6.42                      4.14   2.28     5.38
  SINCE JUN 1      6.42                      4.14   2.28     5.38
  SINCE JAN 1     29.70                     16.11  13.59    12.74

SNOWFALL (IN)
  YESTERDAY        0.0
  MONTH TO DATE    0.0
  SINCE JUN 1      0.0
  SINCE JUL 1      T
  SNOW DEPTH       0

DEGREE DAYS
 HEATING
  YESTERDAY        0                         0      0        0
  MONTH TO DATE    0                         0      0        0
  SINCE JUN 1      0                         0      0        0
  SINCE JUL 1   1494                      1496     -2     1566

 COOLING
  YESTERDAY       17                        19     -2       21
  MONTH TO DATE  506                       523    -17      551
  SINCE JUN 1    506                       523    -17      551
  SINCE JAN 1   1151                      1152     -1     1255
..................................................................


WIND (MPH)
  HIGHEST WIND SPEED    37   HIGHEST WIND DIRECTION     S (160)
  HIGHEST GUST SPEED    45   HIGHEST GUST DIRECTION     S (170)
  AVERAGE WIND SPEED     7.9


SKY COVER
  AVERAGE SKY COVER 0.8


WEATHER CONDITIONS
 THE FOLLOWING WEATHER WAS RECORDED YESTERDAY.
  HEAVY RAIN
  RAIN
  LIGHT RAIN
  FOG
  HAZE


RELATIVE HUMIDITY (PERCENT)
 HIGHEST    85           100 AM
 LOWEST     56           200 PM
 AVERAGE    71

..........................................................


THE SAN ANTONIO CLIMATE NORMALS FOR TODAY
                         NORMAL    RECORD    YEAR
 MAXIMUM TEMPERATURE (F)   94       104      1980
 MINIMUM TEMPERATURE (F)   74        64      1985


SUNRISE AND SUNSET
JULY  1 2015..........SUNRISE   637 AM CDT   SUNSET   838 PM CDT
JULY  2 2015..........SUNRISE   638 AM CDT   SUNSET   838 PM CDT


-  INDICATES NEGATIVE NUMBERS.
R  INDICATES RECORD WAS SET OR TIED.
MM INDICATES DATA IS MISSING.
T  INDICATES TRACE AMOUNT.




$$
