000
CDUS44 KEWX 070700
CLISAT


CLIMATE REPORT
NATIONAL WEATHER SERVICE AUSTIN/SAN ANTONIO, TX
1255 AM CST SUN FEB 7 2016


...................................

...THE SAN ANTONIO CLIMATE SUMMARY FOR FEBRUARY 6 2016...

CLIMATE NORMAL PERIOD 1981 TO 2010
CLIMATE RECORD PERIOD 1886 TO 2016


WEATHER ITEM   OBSERVED TIME   RECORD YEAR NORMAL DEPARTURE LAST
                VALUE   (LST)  VALUE       VALUE  FROM      YEAR
                                                  NORMAL
..................................................................
TEMPERATURE (F)
 YESTERDAY
  MAXIMUM         64    254 PM  83    1925  65     -1       56
  MINIMUM         39   1058 PM  21    1989  43     -4       43
                                      1982
  AVERAGE         52                        54     -2       50

PRECIPITATION (IN)
  YESTERDAY        0.00          0.82 1935   0.06  -0.06     0.00
  MONTH TO DATE    0.00                      0.37  -0.37     0.30
  SINCE DEC 1      2.86                      4.04  -1.18     5.21
  SINCE JAN 1      1.38                      2.13  -0.75     3.97

SNOWFALL (IN)
  YESTERDAY        0.0
  MONTH TO DATE    0.0
  SINCE DEC 1      0.0
  SINCE JUL 1      0.0
  SNOW DEPTH       0

DEGREE DAYS
 HEATING
  YESTERDAY       13                        12      1       15
  MONTH TO DATE   69                        72     -3       92
  SINCE DEC 1    702                       879   -177      823
  SINCE JUL 1    831                      1090   -259     1070

 COOLING
  YESTERDAY        0                         1     -1        0
  MONTH TO DATE    0                         2     -2        0
  SINCE DEC 1     28                        23      5        7
  SINCE JAN 1      3                         9     -6        0
..................................................................


WIND (MPH)
  HIGHEST WIND SPEED    25   HIGHEST WIND DIRECTION     N (340)
  HIGHEST GUST SPEED    32   HIGHEST GUST DIRECTION    NW (330)
  AVERAGE WIND SPEED     9.8


SKY COVER
  AVERAGE SKY COVER 0.2


WEATHER CONDITIONS
 THE FOLLOWING WEATHER WAS RECORDED YESTERDAY.
  NO SIGNIFICANT WEATHER WAS OBSERVED.


RELATIVE HUMIDITY (PERCENT)
 HIGHEST    86           500 AM
 LOWEST     19           300 PM
 AVERAGE    53

..........................................................


THE SAN ANTONIO CLIMATE NORMALS FOR TODAY
                         NORMAL    RECORD    YEAR
 MAXIMUM TEMPERATURE (F)   65        84      1999
 MINIMUM TEMPERATURE (F)   43        13      1895


SUNRISE AND SUNSET
FEBRUARY  7 2016......SUNRISE   720 AM CST   SUNSET   616 PM CST
FEBRUARY  8 2016......SUNRISE   719 AM CST   SUNSET   617 PM CST


-  INDICATES NEGATIVE NUMBERS.
R  INDICATES RECORD WAS SET OR TIED.
MM INDICATES DATA IS MISSING.
T  INDICATES TRACE AMOUNT.




$$
