000
CDUS44 KEWX 012223
CLISAT


CLIMATE REPORT
NATIONAL WEATHER SERVICE AUSTIN/SAN ANTONIO, TX
523 PM CDT SAT OCT 1 2016


...................................

...THE SAN ANTONIO CLIMATE SUMMARY FOR OCTOBER 1 2016...
VALID TODAY AS OF 520 PM LOCAL TIME.

CLIMATE NORMAL PERIOD 1981 TO 2010
CLIMATE RECORD PERIOD 1886 TO 2016


WEATHER ITEM   OBSERVED TIME   RECORD YEAR NORMAL DEPARTURE LAST
                VALUE   (LST)  VALUE       VALUE  FROM      YEAR
                                                  NORMAL
..................................................................
TEMPERATURE (F)
 TODAY
  MAXIMUM         79    359 PM  97    1989  86     -7       96
                                      1893
  MINIMUM         61    601 AM  47    1984  64     -3       69
                                      1974
  AVERAGE         70                        75     -5       83

PRECIPITATION (IN)
  TODAY            0.00          5.96 1913   0.11  -0.11     0.00
  MONTH TO DATE    0.00                      0.11  -0.11     0.00
  SINCE SEP 1      6.30                      3.14   3.16     2.32
  SINCE JAN 1     35.75                     24.08  11.67    32.38

SNOWFALL (IN)
  TODAY            0.0
  MONTH TO DATE    0.0
  SINCE SEP 1      0.0
  SINCE JUL 1      0.0
  SNOW DEPTH       0

DEGREE DAYS
 HEATING
  TODAY            0                         0      0        0
  MONTH TO DATE    0                         0      0        0
  SINCE SEP 1      0                         2     -2        0
  SINCE JUL 1      0                         2     -2        0

 COOLING
  TODAY            5                        10     -5       18
  MONTH TO DATE    5                        10     -5       18
  SINCE SEP 1    518                       453     65      577
  SINCE JAN 1   2944                      2844    100     3075
..................................................................


WIND (MPH)
  HIGHEST WIND SPEED     9   HIGHEST WIND DIRECTION     S (200)
  HIGHEST GUST SPEED    11   HIGHEST GUST DIRECTION     S (180)
  AVERAGE WIND SPEED     3.5


SKY COVER
  AVERAGE SKY COVER 0.8


WEATHER CONDITIONS
 THE FOLLOWING WEATHER WAS RECORDED TODAY.
  NO SIGNIFICANT WEATHER WAS OBSERVED.


RELATIVE HUMIDITY (PERCENT)
 HIGHEST    84           400 AM
 LOWEST     39           400 PM
 AVERAGE    62

..........................................................


THE SAN ANTONIO CLIMATE NORMALS FOR TOMORROW
                         NORMAL    RECORD    YEAR
 MAXIMUM TEMPERATURE (F)   86        97      1989
 MINIMUM TEMPERATURE (F)   64        48      1966


SUNRISE AND SUNSET
OCTOBER  1 2016.......SUNRISE   727 AM CDT   SUNSET   719 PM CDT
OCTOBER  2 2016.......SUNRISE   728 AM CDT   SUNSET   718 PM CDT


-  INDICATES NEGATIVE NUMBERS.
R  INDICATES RECORD WAS SET OR TIED.
MM INDICATES DATA IS MISSING.
T  INDICATES TRACE AMOUNT.




$$
