000
CDUS44 KEWX 262225
CLISAT


CLIMATE REPORT
NATIONAL WEATHER SERVICE AUSTIN/SAN ANTONIO, TX
525 PM CDT FRI AUG 26 2016


...................................

...THE SAN ANTONIO CLIMATE SUMMARY FOR AUGUST 26 2016...
VALID TODAY AS OF 525 PM LOCAL TIME.

CLIMATE NORMAL PERIOD 1981 TO 2010
CLIMATE RECORD PERIOD 1886 TO 2016


WEATHER ITEM   OBSERVED TIME   RECORD YEAR NORMAL DEPARTURE LAST
                VALUE   (LST)  VALUE       VALUE  FROM      YEAR
                                                  NORMAL
..................................................................
TEMPERATURE (F)
 TODAY
  MAXIMUM         91    345 PM 102    2006  95     -4       97
  MINIMUM         76    241 AM  61    1891  74      2       75
  AVERAGE         84                        85     -1       86

PRECIPITATION (IN)
  TODAY            0.00          4.42 1948   0.09  -0.09     0.00
  MONTH TO DATE    4.83                      1.57   3.26     0.29
  SINCE JUN 1      7.55                      8.45  -0.90     6.78
  SINCE JAN 1     29.37                     20.42   8.95    30.06

SNOWFALL (IN)
  TODAY            0.0
  MONTH TO DATE    0.0
  SINCE JUN 1      0.0
  SINCE JUL 1      0.0
  SNOW DEPTH       0

DEGREE DAYS
 HEATING
  TODAY            0                         0      0        0
  MONTH TO DATE    0                         0      0        0
  SINCE JUN 1      0                         0      0        0
  SINCE JUL 1      0                         0      0        0

 COOLING
  TODAY           19                        20     -1       21
  MONTH TO DATE  508                       539    -31      600
  SINCE JUN 1   1716                      1670     46     1753
  SINCE JAN 1   2341                      2299     42     2398
..................................................................


WIND (MPH)
  HIGHEST WIND SPEED    10   HIGHEST WIND DIRECTION    SE (150)
  HIGHEST GUST SPEED    15   HIGHEST GUST DIRECTION    SE (150)
  AVERAGE WIND SPEED     5.2


SKY COVER
  AVERAGE SKY COVER 0.7


WEATHER CONDITIONS
 THE FOLLOWING WEATHER WAS RECORDED TODAY.
  NO SIGNIFICANT WEATHER WAS OBSERVED.


RELATIVE HUMIDITY (PERCENT)
 HIGHEST    88           100 AM
 LOWEST     52           400 PM
 AVERAGE    70

..........................................................


THE SAN ANTONIO CLIMATE NORMALS FOR TOMORROW
                         NORMAL    RECORD    YEAR
 MAXIMUM TEMPERATURE (F)   95       106      2011
 MINIMUM TEMPERATURE (F)   74        62      1891


SUNRISE AND SUNSET
AUGUST 26 2016........SUNRISE   708 AM CDT   SUNSET   802 PM CDT
AUGUST 27 2016........SUNRISE   709 AM CDT   SUNSET   801 PM CDT


-  INDICATES NEGATIVE NUMBERS.
R  INDICATES RECORD WAS SET OR TIED.
MM INDICATES DATA IS MISSING.
T  INDICATES TRACE AMOUNT.




$$
