243
CDUS44 KEWX 252222
CLISAT


CLIMATE REPORT
NATIONAL WEATHER SERVICE AUSTIN/SAN ANTONIO, TX
522 PM CDT THU MAY 25 2017


...................................

...THE SAN ANTONIO CLIMATE SUMMARY FOR MAY 25 2017...
VALID TODAY AS OF 520 PM LOCAL TIME.

CLIMATE NORMAL PERIOD 1981 TO 2010
CLIMATE RECORD PERIOD 1886 TO 2017


WEATHER ITEM   OBSERVED TIME   RECORD YEAR NORMAL DEPARTURE LAST
                VALUE   (LST)  VALUE       VALUE  FROM      YEAR
                                                  NORMAL
..................................................................
TEMPERATURE (F)
 TODAY
  MAXIMUM         94    350 PM 103    1989  89      5       88
  MINIMUM         64    602 AM  58    1967  69     -5       76
                                      1947
  AVERAGE         79                        79      0       82

PRECIPITATION (IN)
  TODAY            0.00          9.87 2013   0.14  -0.14      T
  MONTH TO DATE    0.77                      3.11  -2.34     4.89
  SINCE MAR 1      5.75                      7.52  -1.77    14.64
  SINCE JAN 1     12.08                     11.07   1.01    17.57

SNOWFALL (IN)
  TODAY            0.0
  MONTH TO DATE    0.0
  SINCE MAR 1      0.0
  SINCE JUL 1      0.0
  SNOW DEPTH       0

DEGREE DAYS
 HEATING
  TODAY            0                         0      0        0
  MONTH TO DATE    0                         0      0        1
  SINCE MAR 1     60                       193   -133       89
  SINCE JUL 1    778                      1494   -716     1038

 COOLING
  TODAY           14                        14      0       17
  MONTH TO DATE  242                       282    -40      235
  SINCE MAR 1    575                       515     60      509
  SINCE JAN 1    675                       541    134      538
..................................................................


WIND (MPH)
  HIGHEST WIND SPEED    22   HIGHEST WIND DIRECTION     S (170)
  HIGHEST GUST SPEED    27   HIGHEST GUST DIRECTION     S (170)
  AVERAGE WIND SPEED    11.0


SKY COVER
  AVERAGE SKY COVER 0.1


WEATHER CONDITIONS
 THE FOLLOWING WEATHER WAS RECORDED TODAY.
  NO SIGNIFICANT WEATHER WAS OBSERVED.


RELATIVE HUMIDITY (PERCENT)
 HIGHEST    67           500 AM
 LOWEST     36           400 PM
 AVERAGE    52

..........................................................


THE SAN ANTONIO CLIMATE NORMALS FOR TOMORROW
                         NORMAL    RECORD    YEAR
 MAXIMUM TEMPERATURE (F)   89       100      1989
 MINIMUM TEMPERATURE (F)   69        54      1947


SUNRISE AND SUNSET
MAY 25 2017...........SUNRISE   636 AM CDT   SUNSET   826 PM CDT
MAY 26 2017...........SUNRISE   636 AM CDT   SUNSET   826 PM CDT


-  INDICATES NEGATIVE NUMBERS.
R  INDICATES RECORD WAS SET OR TIED.
MM INDICATES DATA IS MISSING.
T  INDICATES TRACE AMOUNT.




$$
