000
CDUS44 KEWX 020918
CLISAT


CLIMATE REPORT
NATIONAL WEATHER SERVICE AUSTIN/SAN ANTONIO, TX
316 AM CST MON MAR 2 2015


...................................

...THE SAN ANTONIO CLIMATE SUMMARY FOR MARCH 1 2015...

CLIMATE NORMAL PERIOD 1981 TO 2010
CLIMATE RECORD PERIOD 1886 TO 2015


WEATHER ITEM   OBSERVED TIME   RECORD YEAR NORMAL DEPARTURE LAST
                VALUE   (LST)  VALUE       VALUE  FROM      YEAR
                                                  NORMAL
..................................................................
TEMPERATURE (F)
 YESTERDAY
  MAXIMUM         48    414 PM  89    1899  70    -22       86
  MINIMUM         39    128 AM  21    1890  47     -8       48
  AVERAGE         44                        59    -15       67

PRECIPITATION (IN)
  YESTERDAY        0.05          2.22 1889   0.07  -0.02      T
  MONTH TO DATE    0.05                      0.07  -0.02      T
  SINCE MAR 1      0.05                      0.07  -0.02      T
  SINCE JAN 1      4.25                      3.62   0.63     0.65

SNOWFALL (IN)
  YESTERDAY        0.0
  MONTH TO DATE    0.0
  SINCE MAR 1      0.0
  SINCE JUL 1      T
  SNOW DEPTH       0

DEGREE DAYS
 HEATING
  YESTERDAY       21                         8     13        0
  MONTH TO DATE   21                         8     13        0
  SINCE MAR 1     21                         8     13        0
  SINCE JUL 1   1336                      1309     27     1334

 COOLING
  YESTERDAY        0                         1     -1        2
  MONTH TO DATE    0                         1     -1        2
  SINCE MAR 1      0                         1     -1        2
  SINCE JAN 1     13                        27    -14       67
..................................................................


WIND (MPH)
  HIGHEST WIND SPEED    15   HIGHEST WIND DIRECTION     N (360)
  HIGHEST GUST SPEED    19   HIGHEST GUST DIRECTION     N (20)
  AVERAGE WIND SPEED     9.3


SKY COVER
  AVERAGE SKY COVER 1.0


WEATHER CONDITIONS
 THE FOLLOWING WEATHER WAS RECORDED YESTERDAY.
  LIGHT RAIN
  FOG


RELATIVE HUMIDITY (PERCENT)
 HIGHEST   100           800 AM
 LOWEST     89           900 AM
 AVERAGE    95

..........................................................


THE SAN ANTONIO CLIMATE NORMALS FOR TODAY
                         NORMAL    RECORD    YEAR
 MAXIMUM TEMPERATURE (F)   70        93      1909
 MINIMUM TEMPERATURE (F)   48        19      1980


SUNRISE AND SUNSET
MARCH  2 2015.........SUNRISE   659 AM CST   SUNSET   634 PM CST
MARCH  3 2015.........SUNRISE   658 AM CST   SUNSET   634 PM CST


-  INDICATES NEGATIVE NUMBERS.
R  INDICATES RECORD WAS SET OR TIED.
MM INDICATES DATA IS MISSING.
T  INDICATES TRACE AMOUNT.




$$
