000
CDUS44 KEWX 192342
CLISAT


CLIMATE REPORT
NATIONAL WEATHER SERVICE AUSTIN/SAN ANTONIO, TX
540 PM CST SUN FEB 19 2017


...................................

...THE SAN ANTONIO CLIMATE SUMMARY FOR FEBRUARY 19 2017...
VALID TODAY AS OF 0540 PM LOCAL TIME.

CLIMATE NORMAL PERIOD 1981 TO 2010
CLIMATE RECORD PERIOD 1886 TO 2017


WEATHER ITEM   OBSERVED TIME   RECORD YEAR NORMAL DEPARTURE LAST
                VALUE   (LST)  VALUE       VALUE  FROM      YEAR
                                                  NORMAL
..................................................................
TEMPERATURE (F)
 TODAY
  MAXIMUM         81    245 PM  96    1986  68     13       80
  MINIMUM         68    722 AM  23    1978  45     23       63
  AVERAGE         75                        56     19       72

PRECIPITATION (IN)
  TODAY            0.00          1.34 1932   0.07  -0.07     0.00
  MONTH TO DATE    1.47                      1.23   0.24      T
  SINCE DEC 1     10.41                      4.90   5.51     2.86
  SINCE JAN 1      4.19                      2.99   1.20     1.38

SNOWFALL (IN)
  TODAY            0.0
  MONTH TO DATE    0.0
  SINCE DEC 1      0.0
  SINCE JUL 1      0.0
  SNOW DEPTH       0

DEGREE DAYS
 HEATING
  TODAY            0                         9     -9        0
  MONTH TO DATE   81                       207   -126      133
  SINCE DEC 1    646                      1014   -368      766
  SINCE JUL 1    704                      1225   -521      895

 COOLING
  TODAY           10                         1      9        7
  MONTH TO DATE   56                        15     41       10
  SINCE DEC 1    119                        36     83       38
  SINCE JAN 1     77                        22     55       13
..................................................................


WIND (MPH)
  HIGHEST WIND SPEED    24   HIGHEST WIND DIRECTION    SE (140)
  HIGHEST GUST SPEED    29   HIGHEST GUST DIRECTION    SE (140)
  AVERAGE WIND SPEED    12.9


SKY COVER
  AVERAGE SKY COVER 0.9


WEATHER CONDITIONS
 THE FOLLOWING WEATHER WAS RECORDED TODAY.
  FOG
  HAZE


RELATIVE HUMIDITY (PERCENT)
 HIGHEST    93           700 AM
 LOWEST     62           200 PM
 AVERAGE    78

..........................................................


THE SAN ANTONIO CLIMATE NORMALS FOR TOMORROW
                         NORMAL    RECORD    YEAR
 MAXIMUM TEMPERATURE (F)   68        97      1986
 MINIMUM TEMPERATURE (F)   45        27      1908


SUNRISE AND SUNSET
FEBRUARY 19 2017......SUNRISE   709 AM CST   SUNSET   626 PM CST
FEBRUARY 20 2017......SUNRISE   708 AM CST   SUNSET   627 PM CST


-  INDICATES NEGATIVE NUMBERS.
R  INDICATES RECORD WAS SET OR TIED.
MM INDICATES DATA IS MISSING.
T  INDICATES TRACE AMOUNT.




$$
