000
CDUS44 KEWX 292248
CLISAT


CLIMATE REPORT
NATIONAL WEATHER SERVICE AUSTIN/SAN ANTONIO, TX
547 PM CDT FRI APR 29 2016


...................................

...THE SAN ANTONIO CLIMATE SUMMARY FOR APRIL 29 2016...
VALID TODAY AS OF 0547 PM LOCAL TIME.

CLIMATE NORMAL PERIOD 1981 TO 2010
CLIMATE RECORD PERIOD 1886 TO 2016


WEATHER ITEM   OBSERVED TIME   RECORD YEAR NORMAL DEPARTURE LAST
                VALUE   (LST)  VALUE       VALUE  FROM      YEAR
                                                  NORMAL
..................................................................
TEMPERATURE (F)
 TODAY
  MAXIMUM         85    202 PM  98    1909  83      2       76
  MINIMUM         74    424 AM  46    2008  62     12       49
                                      1965
  AVERAGE         80                        73      7       63

PRECIPITATION (IN)
  TODAY            0.00          2.12 1919   0.09  -0.09     0.00
  MONTH TO DATE    5.73                      2.01   3.72     7.54
  SINCE MAR 1      9.29                      4.32   4.97    10.51
  SINCE JAN 1     12.22                      7.87   4.35    14.71

SNOWFALL (IN)
  TODAY            0.0
  MONTH TO DATE    0.0
  SINCE MAR 1      0.0
  SINCE JUL 1      0.0
  SNOW DEPTH       0

DEGREE DAYS
 HEATING
  TODAY            0                         0      0        2
  MONTH TO DATE   18                        38    -20        7
  SINCE MAR 1     88                       192   -104      179
  SINCE JUL 1   1037                      1493   -456     1494

 COOLING
  TODAY           15                         8      7        0
  MONTH TO DATE  164                       161      3      214
  SINCE MAR 1    269                       226     43      270
  SINCE JAN 1    298                       252     46      283
..................................................................


WIND (MPH)
  HIGHEST WIND SPEED    21   HIGHEST WIND DIRECTION    SE (140)
  HIGHEST GUST SPEED    26   HIGHEST GUST DIRECTION    SE (140)
  AVERAGE WIND SPEED    12.8


SKY COVER
  AVERAGE SKY COVER 0.9


WEATHER CONDITIONS
 THE FOLLOWING WEATHER WAS RECORDED TODAY.
  FOG
  HAZE


RELATIVE HUMIDITY (PERCENT)
 HIGHEST    93           200 AM
 LOWEST     69          1100 AM
 AVERAGE    81

..........................................................


THE SAN ANTONIO CLIMATE NORMALS FOR TOMORROW
                         NORMAL    RECORD    YEAR
 MAXIMUM TEMPERATURE (F)   84        96      1953
                                             1940
 MINIMUM TEMPERATURE (F)   62        40      1996
                                             1908


SUNRISE AND SUNSET
APRIL 29 2016.........SUNRISE   653 AM CDT   SUNSET   810 PM CDT
APRIL 30 2016.........SUNRISE   652 AM CDT   SUNSET   810 PM CDT


-  INDICATES NEGATIVE NUMBERS.
R  INDICATES RECORD WAS SET OR TIED.
MM INDICATES DATA IS MISSING.
T  INDICATES TRACE AMOUNT.




$$
