700
CDUS44 KEWX 232253
CLISAT


CLIMATE REPORT
NATIONAL WEATHER SERVICE AUSTIN/SAN ANTONIO, TX
553 PM CDT SUN APR 23 2017


...................................

...THE SAN ANTONIO CLIMATE SUMMARY FOR APRIL 23 2017...
VALID TODAY AS OF 0553 PM LOCAL TIME.

CLIMATE NORMAL PERIOD 1981 TO 2010
CLIMATE RECORD PERIOD 1886 TO 2017


WEATHER ITEM   OBSERVED TIME   RECORD YEAR NORMAL DEPARTURE LAST
                VALUE   (LST)  VALUE       VALUE  FROM      YEAR
                                                  NORMAL
..................................................................
TEMPERATURE (F)
 TODAY
  MAXIMUM         77    433 PM  98    2000  82     -5       81
  MINIMUM         51    618 AM  45    1982  60     -9       56
                                      1959
  AVERAGE         64                        71     -7       69

PRECIPITATION (IN)
  TODAY            0.00          2.24 2001   0.08  -0.08     0.00
  MONTH TO DATE    2.76                      1.49   1.27     5.04
  SINCE MAR 1      4.85                      3.80   1.05     8.60
  SINCE JAN 1     11.18                      7.35   3.83    11.53

SNOWFALL (IN)
  TODAY            0.0
  MONTH TO DATE    0.0
  SINCE MAR 1      0.0
  SINCE JUL 1      0.0
  SNOW DEPTH       0

DEGREE DAYS
 HEATING
  TODAY            1                         1      0        0
  MONTH TO DATE    8                        38    -30       18
  SINCE MAR 1     59                       192   -133       88
  SINCE JUL 1    777                      1493   -716     1037

 COOLING
  TODAY            0                         7     -7        4
  MONTH TO DATE  143                       116     27       98
  SINCE MAR 1    277                       181     96      203
  SINCE JAN 1    377                       207    170      232
..................................................................


WIND (MPH)
  HIGHEST WIND SPEED    20   HIGHEST WIND DIRECTION     N (20)
  HIGHEST GUST SPEED    25   HIGHEST GUST DIRECTION     N (20)
  AVERAGE WIND SPEED     9.5


SKY COVER
  AVERAGE SKY COVER 0.3


WEATHER CONDITIONS
 THE FOLLOWING WEATHER WAS RECORDED TODAY.
  NO SIGNIFICANT WEATHER WAS OBSERVED.


RELATIVE HUMIDITY (PERCENT)
 HIGHEST    71           600 AM
 LOWEST     25           400 PM
 AVERAGE    48

..........................................................


THE SAN ANTONIO CLIMATE NORMALS FOR TOMORROW
                         NORMAL    RECORD    YEAR
 MAXIMUM TEMPERATURE (F)   82        99      1894
 MINIMUM TEMPERATURE (F)   61        41      1995


SUNRISE AND SUNSET
APRIL 23 2017.........SUNRISE   659 AM CDT   SUNSET   806 PM CDT
APRIL 24 2017.........SUNRISE   658 AM CDT   SUNSET   806 PM CDT


-  INDICATES NEGATIVE NUMBERS.
R  INDICATES RECORD WAS SET OR TIED.
MM INDICATES DATA IS MISSING.
T  INDICATES TRACE AMOUNT.




$$
