000
CDUS42 KCHS 180613
CLISAV


CLIMATE REPORT
NATIONAL WEATHER SERVICE CHARLESTON SC
213 AM EDT FRI AUG 18 2017


...................................

...THE SAVANNAH GA CLIMATE SUMMARY FOR AUGUST 17 2017...

CLIMATE NORMAL PERIOD 1981 TO 2010
CLIMATE RECORD PERIOD 1871 TO 2017


WEATHER ITEM   OBSERVED TIME   RECORD YEAR NORMAL DEPARTURE LAST
                VALUE   (LST)  VALUE       VALUE  FROM      YEAR
                                                  NORMAL
..................................................................
TEMPERATURE (F)
 YESTERDAY
  MAXIMUM         96    356 PM 102    1954  91      5       95
  MINIMUM         78    554 AM  64    1967  73      5       73
  AVERAGE         87                        82      5       84

PRECIPITATION (IN)
  YESTERDAY        T             4.16 1898   0.21  -0.21     0.00
  MONTH TO DATE    3.45                      3.63  -0.18     2.76
  SINCE JUN 1     16.31                     15.18   1.13    10.93
  SINCE JAN 1     40.06                     31.44   8.62    33.60

DEGREE DAYS
 HEATING
  YESTERDAY        0                         0      0        0
  MONTH TO DATE    0                         0      0        0
  SINCE JUN 1      0                         0      0        0
  SINCE JUL 1      0                         0      0        0

 COOLING
  YESTERDAY       22                        17      5       19
  MONTH TO DATE  316                       290     26      340
  SINCE JUN 1   1343                      1282     61     1517
  SINCE JAN 1   2017                      1685    332     2045
..................................................................


WIND (MPH)
  HIGHEST WIND SPEED    16   HIGHEST WIND DIRECTION    SW (240)
  HIGHEST GUST SPEED    20   HIGHEST GUST DIRECTION    SW (230)
  AVERAGE WIND SPEED     6.2


SKY COVER
  POSSIBLE SUNSHINE  MM
  AVERAGE SKY COVER 0.3


WEATHER CONDITIONS
 THE FOLLOWING WEATHER WAS RECORDED YESTERDAY.
  LIGHT RAIN


RELATIVE HUMIDITY (PERCENT)
 HIGHEST    97           600 AM
 LOWEST     48           400 PM
 AVERAGE    73

..........................................................


THE SAVANNAH GA CLIMATE NORMALS FOR TODAY
                         NORMAL    RECORD    YEAR
 MAXIMUM TEMPERATURE (F)   91       100      1995
 MINIMUM TEMPERATURE (F)   72        66      1979
                                             1976
                                             1960


SUNRISE AND SUNSET
AUGUST 18 2017........SUNRISE   651 AM EDT   SUNSET   805 PM EDT
AUGUST 19 2017........SUNRISE   652 AM EDT   SUNSET   804 PM EDT


-  INDICATES NEGATIVE NUMBERS.
R  INDICATES RECORD WAS SET OR TIED.
MM INDICATES DATA IS MISSING.
T  INDICATES TRACE AMOUNT.




$$
