000
CDUS42 KCHS 240606
CLISAV


CLIMATE REPORT
NATIONAL WEATHER SERVICE CHARLESTON SC
206 AM EDT SAT JUN 24 2017


...................................

...THE SAVANNAH GA CLIMATE SUMMARY FOR JUNE 23 2017...

CLIMATE NORMAL PERIOD 1981 TO 2010
CLIMATE RECORD PERIOD 1871 TO 2017


WEATHER ITEM   OBSERVED TIME   RECORD YEAR NORMAL DEPARTURE LAST
                VALUE   (LST)  VALUE       VALUE  FROM      YEAR
                                                  NORMAL
..................................................................
TEMPERATURE (F)
 YESTERDAY
  MAXIMUM         93    331 PM 102    1981  91      2       94
  MINIMUM         77    530 AM  60    1966  71      6       71
                                      1965
                                      1947
  AVERAGE         85                        81      4       83

PRECIPITATION (IN)
  YESTERDAY        0.00          6.65 2014   0.20  -0.20     0.00
  MONTH TO DATE    2.30                      4.54  -2.24     6.28
  SINCE JUN 1      2.30                      4.54  -2.24     6.28
  SINCE JAN 1     26.05                     20.80   5.25    28.95

DEGREE DAYS
 HEATING
  YESTERDAY        0                         0      0        0
  MONTH TO DATE    0                         0      0        0
  SINCE JUN 1      0                         0      0        0
  SINCE JUL 1   1023                      1812   -789     1215

 COOLING
  YESTERDAY       20                        16      4       18
  MONTH TO DATE  335                       331      4      383
  SINCE JUN 1    335                       331      4      383
  SINCE JAN 1   1009                       734    275      911
..................................................................


WIND (MPH)
  HIGHEST WIND SPEED    21   HIGHEST WIND DIRECTION     S (160)
  HIGHEST GUST SPEED    25   HIGHEST GUST DIRECTION     S (160)
  AVERAGE WIND SPEED     9.4


SKY COVER
  POSSIBLE SUNSHINE  MM
  AVERAGE SKY COVER 0.6


WEATHER CONDITIONS
 THE FOLLOWING WEATHER WAS RECORDED YESTERDAY.
  THUNDERSTORM


RELATIVE HUMIDITY (PERCENT)
 HIGHEST    85          1200 AM
 LOWEST     52           300 PM
 AVERAGE    69

..........................................................


THE SAVANNAH GA CLIMATE NORMALS FOR TODAY
                         NORMAL    RECORD    YEAR
 MAXIMUM TEMPERATURE (F)   91       103      1944
 MINIMUM TEMPERATURE (F)   71        59      1947


SUNRISE AND SUNSET
JUNE 24 2017..........SUNRISE   620 AM EDT   SUNSET   835 PM EDT
JUNE 25 2017..........SUNRISE   620 AM EDT   SUNSET   835 PM EDT


-  INDICATES NEGATIVE NUMBERS.
R  INDICATES RECORD WAS SET OR TIED.
MM INDICATES DATA IS MISSING.
T  INDICATES TRACE AMOUNT.




$$
