000
CDUS42 KCHS 230545
CLISAV


CLIMATE REPORT
NATIONAL WEATHER SERVICE CHARLESTON SC
145 AM EDT THU OCT 23 2014


...................................

...THE SAVANNAH GA CLIMATE SUMMARY FOR OCTOBER 22 2014...

CLIMATE NORMAL PERIOD 1981 TO 2010
CLIMATE RECORD PERIOD 1871 TO 2014


WEATHER ITEM   OBSERVED TIME   RECORD YEAR NORMAL DEPARTURE LAST
                VALUE   (LST)  VALUE       VALUE  FROM      YEAR
                                                  NORMAL
..................................................................
TEMPERATURE (F)
 YESTERDAY
  MAXIMUM         73    335 PM  88    1943  77     -4       71
                                      1939
  MINIMUM         51   1139 PM  38    1976  55     -4       63
  AVERAGE         62                        66     -4       67

PRECIPITATION (IN)
  YESTERDAY        0.00          2.19 1890   0.10  -0.10     0.03
  MONTH TO DATE    1.72                      2.92  -1.20     0.23
  SINCE SEP 1      6.84                      7.50  -0.66     2.01
  SINCE JAN 1     41.90                     41.87   0.03    49.18

SNOWFALL (IN)
  YESTERDAY        0.0                       0.0    0.0
  SINCE SEP 1      0.0                       0.0    0.0
  SINCE JUL 1      0.0                       0.0    0.0

DEGREE DAYS
 HEATING
  YESTERDAY        3                         2      1        0
  MONTH TO DATE    9                        28    -19        0
  SINCE SEP 1     10                        30    -20        0
  SINCE JUL 1     10                        30    -20        0

 COOLING
  YESTERDAY        0                         3     -3        2
  MONTH TO DATE  147                       123     24      166
  SINCE SEP 1    556                       482     74      551
  SINCE JAN 1   2669                      2389    280     2400
..................................................................


WIND (MPH)
  HIGHEST WIND SPEED    15   HIGHEST WIND DIRECTION     N (340)
  HIGHEST GUST SPEED    17   HIGHEST GUST DIRECTION     N (360)
  AVERAGE WIND SPEED     4.9


SKY COVER
  POSSIBLE SUNSHINE  MM
  AVERAGE SKY COVER 0.0


WEATHER CONDITIONS
 THE FOLLOWING WEATHER WAS RECORDED YESTERDAY.
  NO SIGNIFICANT WEATHER WAS OBSERVED.


RELATIVE HUMIDITY (PERCENT)
 HIGHEST    89          1000 PM
 LOWEST     35           200 PM
 AVERAGE    62

..........................................................


THE SAVANNAH GA CLIMATE NORMALS FOR TODAY
                         NORMAL    RECORD    YEAR
 MAXIMUM TEMPERATURE (F)   77        89      1941
 MINIMUM TEMPERATURE (F)   55        37      1998


SUNRISE AND SUNSET
OCTOBER 23 2014.......SUNRISE   734 AM EDT   SUNSET   643 PM EDT
OCTOBER 24 2014.......SUNRISE   735 AM EDT   SUNSET   642 PM EDT


-  INDICATES NEGATIVE NUMBERS.
R  INDICATES RECORD WAS SET OR TIED.
MM INDICATES DATA IS MISSING.
T  INDICATES TRACE AMOUNT.




$$
