000
CDUS42 KCHS 232110
CLISAV

CLIMATE REPORT
NATIONAL WEATHER SERVICE CHARLESTON SC
507 PM EDT WED APR 23 2014


...................................

...THE SAVANNAH GA CLIMATE SUMMARY FOR APRIL 23 2014...
VALID TODAY AS OF 0500 PM LOCAL TIME.

CLIMATE NORMAL PERIOD 1981 TO 2010
CLIMATE RECORD PERIOD 1871 TO 2014


WEATHER ITEM   OBSERVED TIME   RECORD YEAR NORMAL DEPARTURE LAST
                VALUE   (LST)  VALUE       VALUE  FROM      YEAR
                                                  NORMAL
..................................................................
TEMPERATURE (F)
 TODAY
  MAXIMUM         85    350 PM  92    1980  79      6       72
  MINIMUM         61    341 AM  38    1993  55      6       49
  AVERAGE         73                        67      6       61

PRECIPITATION (IN)
  TODAY            0.00          3.17 1983   0.10  -0.10     0.00
  MONTH TO DATE    5.46                      2.45   3.01     3.33
  SINCE MAR 1      8.11                      6.18   1.93     5.35
  SINCE JAN 1     12.22                     12.66  -0.44    15.65

SNOWFALL (IN)
  TODAY            0.0                       0.0    0.0
  SINCE MAR 1      0.0                       T      0.0
  SINCE JUL 1      0.0                       0.3   -0.3

DEGREE DAYS
 HEATING
  TODAY            0                         2     -2        4
  MONTH TO DATE   37                        68    -31       54
  SINCE MAR 1    301                       278     23      400
  SINCE JUL 1   1682                      1795   -113     1622

 COOLING
  TODAY            8                         4      4        0
  MONTH TO DATE   70                        63      7       70
  SINCE MAR 1     82                        95    -13       76
  SINCE JAN 1    100                       105     -5      104
..................................................................


WIND (MPH)
  HIGHEST WIND SPEED    22   HIGHEST WIND DIRECTION     W (270)
  HIGHEST GUST SPEED    26   HIGHEST GUST DIRECTION     W (270)
  AVERAGE WIND SPEED     8.4


SKY COVER
  POSSIBLE SUNSHINE  MM
  AVERAGE SKY COVER 0.4


WEATHER CONDITIONS
 THE FOLLOWING WEATHER WAS RECORDED TODAY.
  FOG
  HAZE


RELATIVE HUMIDITY (PERCENT)
 HIGHEST    93           100 AM
 LOWEST     34           300 PM
 AVERAGE    64

..........................................................


THE SAVANNAH GA CLIMATE NORMALS FOR TOMORROW
                         NORMAL    RECORD    YEAR
 MAXIMUM TEMPERATURE (F)   80        94      1958
 MINIMUM TEMPERATURE (F)   56        38      1986


SUNRISE AND SUNSET
APRIL 23 2014.........SUNRISE   647 AM EDT   SUNSET   800 PM EDT
APRIL 24 2014.........SUNRISE   646 AM EDT   SUNSET   801 PM EDT


-  INDICATES NEGATIVE NUMBERS.
R  INDICATES RECORD WAS SET OR TIED.
MM INDICATES DATA IS MISSING.
T  INDICATES TRACE AMOUNT.


$$
