000
CDUS42 KCHS 260610
CLISAV


CLIMATE REPORT
NATIONAL WEATHER SERVICE CHARLESTON SC
209 AM EDT WED APR 26 2017


...................................

...THE SAVANNAH GA CLIMATE SUMMARY FOR APRIL 25 2017...

CLIMATE NORMAL PERIOD 1981 TO 2010
CLIMATE RECORD PERIOD 1871 TO 2017


WEATHER ITEM   OBSERVED TIME   RECORD YEAR NORMAL DEPARTURE LAST
                VALUE   (LST)  VALUE       VALUE  FROM      YEAR
                                                  NORMAL
..................................................................
TEMPERATURE (F)
 YESTERDAY
  MAXIMUM         82    437 PM  94    1958  80      2       82
  MINIMUM         59    419 AM  39    2005  56      3       59
  AVERAGE         71                        68      3       71

PRECIPITATION (IN)
  YESTERDAY        0.00          2.98 1982   0.09  -0.09     0.00
  MONTH TO DATE    2.88                      2.63   0.25     2.26
  SINCE MAR 1      3.38                      6.36  -2.98     7.27
  SINCE JAN 1     12.21                     12.84  -0.63    13.68

SNOWFALL (IN)
  YESTERDAY        0.0                       0.0    0.0
  SINCE MAR 1      0.0                       T      0.0
  SINCE JUL 1      0.0                       0.3   -0.3

DEGREE DAYS
 HEATING
  YESTERDAY        0                         1     -1        0
  MONTH TO DATE   19                        71    -52       42
  SINCE MAR 1    212                       281    -69      142
  SINCE JUL 1   1022                      1798   -776     1211

 COOLING
  YESTERDAY        6                         4      2        6
  MONTH TO DATE  139                        71     68       50
  SINCE MAR 1    214                       103    111      156
  SINCE JAN 1    272                       113    159      177
..................................................................


WIND (MPH)
  HIGHEST WIND SPEED    18   HIGHEST WIND DIRECTION    NW (300)
  HIGHEST GUST SPEED    23   HIGHEST GUST DIRECTION    NW (300)
  AVERAGE WIND SPEED     8.9


SKY COVER
  POSSIBLE SUNSHINE  MM
  AVERAGE SKY COVER 0.8


WEATHER CONDITIONS
 THE FOLLOWING WEATHER WAS RECORDED YESTERDAY.
  NO SIGNIFICANT WEATHER WAS OBSERVED.


RELATIVE HUMIDITY (PERCENT)
 HIGHEST    84           400 AM
 LOWEST     42           200 PM
 AVERAGE    63

..........................................................


THE SAVANNAH GA CLIMATE NORMALS FOR TODAY
                         NORMAL    RECORD    YEAR
 MAXIMUM TEMPERATURE (F)   80        92      1989
 MINIMUM TEMPERATURE (F)   56        38      1910


SUNRISE AND SUNSET
APRIL 26 2017.........SUNRISE   643 AM EDT   SUNSET   802 PM EDT
APRIL 27 2017.........SUNRISE   642 AM EDT   SUNSET   803 PM EDT


-  INDICATES NEGATIVE NUMBERS.
R  INDICATES RECORD WAS SET OR TIED.
MM INDICATES DATA IS MISSING.
T  INDICATES TRACE AMOUNT.




$$
