000
CDUS42 KCHS 010603
CLISAV


CLIMATE REPORT
NATIONAL WEATHER SERVICE CHARLESTON SC
201 AM EDT SUN MAY 1 2016


...................................

...THE SAVANNAH GA CLIMATE SUMMARY FOR APRIL 30 2016...

CLIMATE NORMAL PERIOD 1981 TO 2010
CLIMATE RECORD PERIOD 1871 TO 2016


WEATHER ITEM   OBSERVED TIME   RECORD YEAR NORMAL DEPARTURE LAST
                VALUE   (LST)  VALUE       VALUE  FROM      YEAR
                                                  NORMAL
..................................................................
TEMPERATURE (F)
 YESTERDAY
  MAXIMUM         87    210 PM  93    1990  81      6       79
                                      1987
  MINIMUM         67    304 AM  43    2008  57     10       52
                                      1993
  AVERAGE         77                        69      8       66

PRECIPITATION (IN)
  YESTERDAY        0.00          5.62 1976   0.09  -0.09     0.00
  MONTH TO DATE    2.26                      3.07  -0.81     6.52
  SINCE MAR 1      7.27                      6.80   0.47     8.54
  SINCE JAN 1     13.68                     13.28   0.40    16.10

SNOWFALL (IN)
  YESTERDAY        0.0                       0.0    0.0
  SINCE MAR 1      0.0                       T      0.0
  SINCE JUL 1      T                         0.3   -0.3

DEGREE DAYS
 HEATING
  YESTERDAY        0                         1     -1        0
  MONTH TO DATE   42                        76    -34       12
  SINCE MAR 1    142                       286   -144      156
  SINCE JUL 1   1211                      1803   -592     1691

 COOLING
  YESTERDAY       12                         5      7        1
  MONTH TO DATE  109                        94     15      179
  SINCE MAR 1    215                       126     89      237
  SINCE JAN 1    236                       136    100      242
..................................................................


WIND (MPH)
  HIGHEST WIND SPEED    18   HIGHEST WIND DIRECTION     S (180)
  HIGHEST GUST SPEED    23   HIGHEST GUST DIRECTION     S (170)
  AVERAGE WIND SPEED     9.4


SKY COVER
  POSSIBLE SUNSHINE  MM
  AVERAGE SKY COVER 0.6


WEATHER CONDITIONS
 THE FOLLOWING WEATHER WAS RECORDED YESTERDAY.
  FOG


RELATIVE HUMIDITY (PERCENT)
 HIGHEST    97           600 AM
 LOWEST     45           100 PM
 AVERAGE    71

..........................................................


THE SAVANNAH GA CLIMATE NORMALS FOR TODAY
                         NORMAL    RECORD    YEAR
 MAXIMUM TEMPERATURE (F)   81        94      1990
                                             1986
 MINIMUM TEMPERATURE (F)   57        45      1996


SUNRISE AND SUNSET
MAY  1 2016...........SUNRISE   638 AM EDT   SUNSET   806 PM EDT
MAY  2 2016...........SUNRISE   637 AM EDT   SUNSET   807 PM EDT


-  INDICATES NEGATIVE NUMBERS.
R  INDICATES RECORD WAS SET OR TIED.
MM INDICATES DATA IS MISSING.
T  INDICATES TRACE AMOUNT.




$$
