000
CDUS42 KCHS 300615
CLISAV


CLIMATE REPORT
NATIONAL WEATHER SERVICE CHARLESTON SC
215 AM EDT SAT MAY 30 2015


...................................

...THE SAVANNAH GA CLIMATE SUMMARY FOR MAY 29 2015...

CLIMATE NORMAL PERIOD 1981 TO 2010
CLIMATE RECORD PERIOD 1871 TO 2015


WEATHER ITEM   OBSERVED TIME   RECORD YEAR NORMAL DEPARTURE LAST
                VALUE   (LST)  VALUE       VALUE  FROM      YEAR
                                                  NORMAL
..................................................................
TEMPERATURE (F)
 YESTERDAY
  MAXIMUM         87   1259 PM  98    1945  87      0       90
                                      1898
  MINIMUM         64    239 AM  55    1968  66     -2       68
                                      1961
  AVERAGE         76                        77     -1       79

PRECIPITATION (IN)
  YESTERDAY        0.00          1.63 1923   0.13  -0.13     0.27
  MONTH TO DATE    1.17                      2.72  -1.55     3.48
  SINCE MAR 1      9.71                      9.52   0.19    11.68
  SINCE JAN 1     17.27                     16.00   1.27    15.79

DEGREE DAYS
 HEATING
  YESTERDAY        0                         0      0        0
  MONTH TO DATE    2                         6     -4        0
  SINCE MAR 1    158                       292   -134      301
  SINCE JUL 1   1693                      1809   -116     1682

 COOLING
  YESTERDAY       11                        12     -1       14
  MONTH TO DATE  272                       243     29      293
  SINCE MAR 1    509                       369    140      443
  SINCE JAN 1    514                       379    135      461
..................................................................


WIND (MPH)
  HIGHEST WIND SPEED    18   HIGHEST WIND DIRECTION    SE (130)
  HIGHEST GUST SPEED    24   HIGHEST GUST DIRECTION    SE (120)
  AVERAGE WIND SPEED     8.4


SKY COVER
  POSSIBLE SUNSHINE  MM
  AVERAGE SKY COVER 0.4


WEATHER CONDITIONS
 THE FOLLOWING WEATHER WAS RECORDED YESTERDAY.
  NO SIGNIFICANT WEATHER WAS OBSERVED.


RELATIVE HUMIDITY (PERCENT)
 HIGHEST    93           300 AM
 LOWEST     51          1000 AM
 AVERAGE    72

..........................................................


THE SAVANNAH GA CLIMATE NORMALS FOR TODAY
                         NORMAL    RECORD    YEAR
 MAXIMUM TEMPERATURE (F)   87       101      1898
 MINIMUM TEMPERATURE (F)   66        53      1971


SUNRISE AND SUNSET
MAY 30 2015...........SUNRISE   620 AM EDT   SUNSET   825 PM EDT
MAY 31 2015...........SUNRISE   620 AM EDT   SUNSET   826 PM EDT


-  INDICATES NEGATIVE NUMBERS.
R  INDICATES RECORD WAS SET OR TIED.
MM INDICATES DATA IS MISSING.
T  INDICATES TRACE AMOUNT.




$$
