000
CDUS42 KCHS 190554
CLISAV


CLIMATE REPORT
NATIONAL WEATHER SERVICE CHARLESTON SC
1254 AM EST FRI DEC 19 2014


...................................

...THE SAVANNAH GA CLIMATE SUMMARY FOR DECEMBER 18 2014...

CLIMATE NORMAL PERIOD 1981 TO 2010
CLIMATE RECORD PERIOD 1871 TO 2014


WEATHER ITEM   OBSERVED TIME   RECORD YEAR NORMAL DEPARTURE LAST
                VALUE   (LST)  VALUE       VALUE  FROM      YEAR
                                                  NORMAL
..................................................................
TEMPERATURE (F)
 YESTERDAY
  MAXIMUM         63        MM  82    1967  62      1       61
  MINIMUM         39    505 AM  19    1953  40     -1       37
  AVERAGE         51                        51      0       49

PRECIPITATION (IN)
  YESTERDAY        0.00          1.86 2009   0.09  -0.09     0.00
  MONTH TO DATE    0.02                      1.64  -1.62     1.26
  SINCE DEC 1      0.02                      1.64  -1.62     1.26
  SINCE JAN 1     46.56                     46.65  -0.09    52.95

SNOWFALL (IN)
  YESTERDAY        0.0                       0.0    0.0
  SINCE DEC 1      0.0                       0.1   -0.1
  SINCE JUL 1      0.0                       0.1   -0.1

DEGREE DAYS
 HEATING
  YESTERDAY       14                        14      0       16
  MONTH TO DATE  155                       225    -70      149
  SINCE DEC 1    155                       225    -70      149
  SINCE JUL 1    447                       492    -45      405

 COOLING
  YESTERDAY        0                         0      0        0
  MONTH TO DATE    5                         3      2       20
  SINCE DEC 1      5                         3      2       20
  SINCE JAN 1   2731                      2452    279     2473
..................................................................


WIND (MPH)
  HIGHEST WIND SPEED     7   HIGHEST WIND DIRECTION     W (290)
  HIGHEST GUST SPEED    10   HIGHEST GUST DIRECTION    NW (300)
  AVERAGE WIND SPEED     2.6


SKY COVER
  POSSIBLE SUNSHINE  MM
  AVERAGE SKY COVER 0.5


WEATHER CONDITIONS
 THE FOLLOWING WEATHER WAS RECORDED YESTERDAY.
  HAZE


RELATIVE HUMIDITY (PERCENT)
 HIGHEST    86           200 AM
 LOWEST     36           400 PM
 AVERAGE    61

..........................................................


THE SAVANNAH GA CLIMATE NORMALS FOR TODAY
                         NORMAL    RECORD    YEAR
 MAXIMUM TEMPERATURE (F)   62        78      2008
                                             2006
                                             1984
 MINIMUM TEMPERATURE (F)   40        17      1953


SUNRISE AND SUNSET
DECEMBER 19 2014......SUNRISE   720 AM EST   SUNSET   523 PM EST
DECEMBER 20 2014......SUNRISE   721 AM EST   SUNSET   524 PM EST


-  INDICATES NEGATIVE NUMBERS.
R  INDICATES RECORD WAS SET OR TIED.
MM INDICATES DATA IS MISSING.
T  INDICATES TRACE AMOUNT.




$$
