000
CDUS42 KCHS 210610
CLISAV


CLIMATE REPORT
NATIONAL WEATHER SERVICE CHARLESTON SC
210 AM EDT SAT OCT 21 2017


...................................

...THE SAVANNAH GA CLIMATE SUMMARY FOR OCTOBER 20 2017...

CLIMATE NORMAL PERIOD 1981 TO 2010
CLIMATE RECORD PERIOD 1871 TO 2017


WEATHER ITEM   OBSERVED TIME   RECORD YEAR NORMAL DEPARTURE LAST
                VALUE   (LST)  VALUE       VALUE  FROM      YEAR
                                                  NORMAL
..................................................................
TEMPERATURE (F)
 YESTERDAY
  MAXIMUM         82    222 PM  88    1969  77      5       87
                                      1946
  MINIMUM         54    653 AM  37    1996  56     -2       62
  AVERAGE         68                        67      1       75

PRECIPITATION (IN)
  YESTERDAY        0.00          1.10 1876   0.10  -0.10     0.00
  MONTH TO DATE    0.93                      2.71  -1.78    11.60
  SINCE SEP 1      6.52                      7.29  -0.77    16.59
  SINCE JAN 1     48.88                     41.66   7.22    50.96

SNOWFALL (IN)
  YESTERDAY        0.0                       0.0    0.0
  SINCE SEP 1      0.0                       0.0    0.0
  SINCE JUL 1      0.0                       0.0    0.0

DEGREE DAYS
 HEATING
  YESTERDAY        0                         2     -2        0
  MONTH TO DATE    1                        24    -23        0
  SINCE SEP 1      1                        26    -25        0
  SINCE JUL 1      1                        26    -25        0

 COOLING
  YESTERDAY        3                         4     -1       10
  MONTH TO DATE  218                       116    102      156
  SINCE SEP 1    640                       475    165      599
  SINCE JAN 1   2900                      2382    518     2909
..................................................................


WIND (MPH)
  HIGHEST WIND SPEED    14   HIGHEST WIND DIRECTION    NE (30)
  HIGHEST GUST SPEED    16   HIGHEST GUST DIRECTION    NE (30)
  AVERAGE WIND SPEED     4.4


SKY COVER
  POSSIBLE SUNSHINE  MM
  AVERAGE SKY COVER 0.1


WEATHER CONDITIONS
 THE FOLLOWING WEATHER WAS RECORDED YESTERDAY.
  FOG


RELATIVE HUMIDITY (PERCENT)
 HIGHEST   100          1200 AM
 LOWEST     49           300 PM
 AVERAGE    75

..........................................................


THE SAVANNAH GA CLIMATE NORMALS FOR TODAY
                         NORMAL    RECORD    YEAR
 MAXIMUM TEMPERATURE (F)   77        90      1943
 MINIMUM TEMPERATURE (F)   56        36      1913


SUNRISE AND SUNSET
OCTOBER 21 2017.......SUNRISE   733 AM EDT   SUNSET   645 PM EDT
OCTOBER 22 2017.......SUNRISE   734 AM EDT   SUNSET   644 PM EDT


-  INDICATES NEGATIVE NUMBERS.
R  INDICATES RECORD WAS SET OR TIED.
MM INDICATES DATA IS MISSING.
T  INDICATES TRACE AMOUNT.




$$
