000
CDUS46 KLOX 310119
CLISBA


CLIMATE REPORT
NATIONAL WEATHER SERVICE LOS ANGELES/OXNARD CA
619 PM PDT THU JUL 30 2015


...................................

...THE SANTA BARBARA AIRPORT CA CLIMATE SUMMARY FOR JULY 30 2015...
VALID TODAY AS OF 0600 PM LOCAL TIME.

CLIMATE NORMAL PERIOD 1981 TO 2010
CLIMATE RECORD PERIOD 1940 TO 2015


WEATHER ITEM   OBSERVED TIME   RECORD YEAR NORMAL DEPARTURE LAST
                VALUE   (LST)  VALUE       VALUE  FROM      YEAR
                                                  NORMAL
..................................................................
TEMPERATURE (F)
 TODAY
  MAXIMUM         79    214 PM  88    1947  74      5       84
  MINIMUM         63    525 AM  52    2004  58      5       65
                                      1970
  AVERAGE         71                        66      5       75

PRECIPITATION (IN)
  TODAY            0.00          0.01 1974   0.00   0.00     0.00
  MONTH TO DATE    0.01                      0.03  -0.02     0.01
  SINCE OCT 1      9.63                     17.38  -7.75     6.50
  SINCE JAN 1      3.34                     12.08  -8.74     5.21

SNOWFALL (IN)
  TODAY            0.0
  MONTH TO DATE    0.0
  SINCE JUN 1      0.0
  SINCE JUL 1      0.0

DEGREE DAYS
 HEATING
  TODAY            0                         1     -1        0
  MONTH TO DATE    0                        30    -30        0
  SINCE JUN 1     30                       120    -90       52
  SINCE JUL 1      0                        30    -30        0

 COOLING
  TODAY            6                         2      4       10
  MONTH TO DATE  114                        48     66      143
  SINCE JUN 1    138                        62     76      165
  SINCE JAN 1    176                        76    100      233
..................................................................


WIND (MPH)
  HIGHEST WIND SPEED    10   HIGHEST WIND DIRECTION     W (260)
  HIGHEST GUST SPEED    14   HIGHEST GUST DIRECTION    SW (220)
  AVERAGE WIND SPEED     4.5


SKY COVER
  POSSIBLE SUNSHINE  MM
  AVERAGE SKY COVER 0.4


WEATHER CONDITIONS
 THE FOLLOWING WEATHER WAS RECORDED TODAY.
  FOG


RELATIVE HUMIDITY (PERCENT)
 HIGHEST    87          1200 AM
 LOWEST     56           300 PM
 AVERAGE    72

..........................................................


THE SANTA BARBARA AIRPORT CA CLIMATE NORMALS FOR TOMORROW
                         NORMAL    RECORD    YEAR
 MAXIMUM TEMPERATURE (F)   74        93      1977
 MINIMUM TEMPERATURE (F)   58        50      1970


SUNRISE AND SUNSET
JULY 30 2015..........SUNRISE   608 AM PDT   SUNSET   803 PM PDT
JULY 31 2015..........SUNRISE   609 AM PDT   SUNSET   802 PM PDT


-  INDICATES NEGATIVE NUMBERS.
R  INDICATES RECORD WAS SET OR TIED.
MM INDICATES DATA IS MISSING.
T  INDICATES TRACE AMOUNT.




$$
