000
CDUS46 KLOX 260951
CLISBA


CLIMATE REPORT
NATIONAL WEATHER SERVICE LOS ANGELES/OXNARD CA
251 AM PDT SUN MAR 26 2017


...................................

...THE SANTA BARBARA AIRPORT CA CLIMATE SUMMARY FOR MARCH 25 2017...

CLIMATE NORMAL PERIOD 1981 TO 2010
CLIMATE RECORD PERIOD 1940 TO 2017


WEATHER ITEM   OBSERVED TIME   RECORD YEAR NORMAL DEPARTURE LAST
                VALUE   (LST)  VALUE       VALUE  FROM      YEAR
                                                  NORMAL
..................................................................
TEMPERATURE (F)
 YESTERDAY
  MAXIMUM         70    327 PM  87    1988  66      4       82
  MINIMUM         50    535 AM  38    1994  46      4       58
  AVERAGE         60                        56      4       70

PRECIPITATION (IN)
  YESTERDAY        T             3.61 1993   0.08  -0.08     0.00
  MONTH TO DATE    0.96                      2.74  -1.78     2.51
  SINCE OCT 1     23.70                     15.50   8.20     9.65
  SINCE JAN 1     18.89                     10.20   8.69     8.77

SNOWFALL (IN)
  YESTERDAY        0.0
  MONTH TO DATE    0.0
  SINCE MAR 1      0.0
  SINCE JUL 1      0.0

DEGREE DAYS
 HEATING
  YESTERDAY        5                         9     -4        0
  MONTH TO DATE  185                       241    -56      144
  SINCE MAR 1    185                       241    -56      144
  SINCE JUL 1   1553                      1842   -289     1207

 COOLING
  YESTERDAY        0                         0      0        5
  MONTH TO DATE    0                         0      0        6
  SINCE MAR 1      0                         0      0        6
  SINCE JAN 1      0                         0      0        8
..................................................................


WIND (MPH)
  HIGHEST WIND SPEED    22   HIGHEST WIND DIRECTION     W (260)
  HIGHEST GUST SPEED    26   HIGHEST GUST DIRECTION     W (260)
  AVERAGE WIND SPEED     5.4


SKY COVER
  POSSIBLE SUNSHINE  MM
  AVERAGE SKY COVER 0.4


WEATHER CONDITIONS
 THE FOLLOWING WEATHER WAS RECORDED YESTERDAY.
  NO SIGNIFICANT WEATHER WAS OBSERVED.


RELATIVE HUMIDITY (PERCENT)
 HIGHEST   100           400 AM
 LOWEST     58           500 PM
 AVERAGE    79

..........................................................


THE SANTA BARBARA AIRPORT CA CLIMATE NORMALS FOR TODAY
                         NORMAL    RECORD    YEAR
 MAXIMUM TEMPERATURE (F)   66        90      1988
 MINIMUM TEMPERATURE (F)   46        36      1961


SUNRISE AND SUNSET
MARCH 26 2017.........SUNRISE   654 AM PDT   SUNSET   716 PM PDT
MARCH 27 2017.........SUNRISE   653 AM PDT   SUNSET   717 PM PDT


-  INDICATES NEGATIVE NUMBERS.
R  INDICATES RECORD WAS SET OR TIED.
MM INDICATES DATA IS MISSING.
T  INDICATES TRACE AMOUNT.




$$
