152
CDUS46 KLOX 050902
CLISBA


CLIMATE REPORT
NATIONAL WEATHER SERVICE LOS ANGELES/OXNARD CA
102 AM PST FRI FEB 5 2016


...................................

...THE SANTA BARBARA AIRPORT CA CLIMATE SUMMARY FOR FEBRUARY 4 2016...

CLIMATE NORMAL PERIOD 1981 TO 2010
CLIMATE RECORD PERIOD 1940 TO 2016


WEATHER ITEM   OBSERVED TIME   RECORD YEAR NORMAL DEPARTURE LAST
                VALUE   (LST)  VALUE       VALUE  FROM      YEAR
                                                  NORMAL
..................................................................
TEMPERATURE (F)
 YESTERDAY
  MAXIMUM         64    229 PM  81    2001  64      0       64
  MINIMUM         37    528 AM  32    2002  42     -5       55
  AVERAGE         51                        53     -2       60

PRECIPITATION (IN)
  YESTERDAY        0.00          0.50 1990   0.14  -0.14     0.00
  MONTH TO DATE    0.00                      0.55  -0.55     0.00
  SINCE OCT 1      6.67                      9.35  -2.68     7.62
  SINCE JAN 1      5.79                      4.05   1.74     1.33

SNOWFALL (IN)
  YESTERDAY        0.0
  MONTH TO DATE    0.0
  SINCE DEC 1      0.0
  SINCE JUL 1      0.0

DEGREE DAYS
 HEATING
  YESTERDAY       14                        12      2        5
  MONTH TO DATE   57                        48      9       31
  SINCE DEC 1    697                       854   -157      543
  SINCE JUL 1    939                      1332   -393      676

 COOLING
  YESTERDAY        0                         0      0        0
  MONTH TO DATE    0                         0      0        0
  SINCE DEC 1      0                         0      0        1
  SINCE JAN 1      0                         0      0        0
..................................................................


WIND (MPH)
  HIGHEST WIND SPEED    12   HIGHEST WIND DIRECTION     W (270)
  HIGHEST GUST SPEED    14   HIGHEST GUST DIRECTION     W (260)
  AVERAGE WIND SPEED     2.8


SKY COVER
  POSSIBLE SUNSHINE  MM
  AVERAGE SKY COVER 0.0


WEATHER CONDITIONS
 THE FOLLOWING WEATHER WAS RECORDED YESTERDAY.
  NO SIGNIFICANT WEATHER WAS OBSERVED.


RELATIVE HUMIDITY (PERCENT)
 HIGHEST    92           300 AM
 LOWEST     39           100 PM
 AVERAGE    66

..........................................................


THE SANTA BARBARA AIRPORT CA CLIMATE NORMALS FOR TODAY
                         NORMAL    RECORD    YEAR
 MAXIMUM TEMPERATURE (F)   64        80      1953
 MINIMUM TEMPERATURE (F)   43        30      1988


SUNRISE AND SUNSET
FEBRUARY  5 2016......SUNRISE   654 AM PST   SUNSET   533 PM PST
FEBRUARY  6 2016......SUNRISE   653 AM PST   SUNSET   534 PM PST


-  INDICATES NEGATIVE NUMBERS.
R  INDICATES RECORD WAS SET OR TIED.
MM INDICATES DATA IS MISSING.
T  INDICATES TRACE AMOUNT.




$$
