000
CDUS46 KLOX 251006
CLISBA


CLIMATE REPORT
NATIONAL WEATHER SERVICE LOS ANGELES/OXNARD CA
206 AM PST SUN JAN 25 2015


...................................

...THE SANTA BARBARA AIRPORT CA CLIMATE SUMMARY FOR JANUARY 24 2015...

CLIMATE NORMAL PERIOD 1981 TO 2010
CLIMATE RECORD PERIOD 1940 TO 2015


WEATHER ITEM   OBSERVED TIME   RECORD YEAR NORMAL DEPARTURE LAST
                VALUE   (LST)  VALUE       VALUE  FROM      YEAR
                                                  NORMAL
..................................................................
TEMPERATURE (F)
 YESTERDAY
  MAXIMUM         77   1036 AM  79    1951  64     13       67
  MINIMUM         40    632 AM  30    2002  41     -1       49
  AVERAGE         59                        52      7       58

PRECIPITATION (IN)
  YESTERDAY        0.00          4.03 1967   0.10  -0.10     0.00
  MONTH TO DATE    1.24                      2.76  -1.52     0.00
  SINCE OCT 1      7.53                      8.06  -0.53     1.29
  SINCE JAN 1      1.24                      2.76  -1.52     0.00

SNOWFALL (IN)
  YESTERDAY        0.0
  MONTH TO DATE    0.0
  SINCE DEC 1      0.0
  SINCE JUL 1      0.0

DEGREE DAYS
 HEATING
  YESTERDAY        6                        13     -7        7
  MONTH TO DATE  232                       312    -80      188
  SINCE DEC 1    477                       718   -241      556
  SINCE JUL 1    610                      1196   -586      930

 COOLING
  YESTERDAY        0                         0      0        0
  MONTH TO DATE    0                         0      0        0
  SINCE DEC 1      1                         0      1        0
  SINCE JAN 1      0                         0      0        0
..................................................................


WIND (MPH)
  HIGHEST WIND SPEED    15   HIGHEST WIND DIRECTION    SW (210)
  HIGHEST GUST SPEED    19   HIGHEST GUST DIRECTION     S (180)
  AVERAGE WIND SPEED     3.4


SKY COVER
  POSSIBLE SUNSHINE  MM
  AVERAGE SKY COVER 0.0


WEATHER CONDITIONS
 THE FOLLOWING WEATHER WAS RECORDED YESTERDAY.
  NO SIGNIFICANT WEATHER WAS OBSERVED.


RELATIVE HUMIDITY (PERCENT)
 HIGHEST    82           300 AM
 LOWEST     21           300 PM
 AVERAGE    52

..........................................................


THE SANTA BARBARA AIRPORT CA CLIMATE NORMALS FOR TODAY
                         NORMAL    RECORD    YEAR
 MAXIMUM TEMPERATURE (F)   64        79      2012
                                             1951
 MINIMUM TEMPERATURE (F)   41        31      2002


SUNRISE AND SUNSET
JANUARY 25 2015.......SUNRISE   702 AM PST   SUNSET   522 PM PST
JANUARY 26 2015.......SUNRISE   701 AM PST   SUNSET   523 PM PST


-  INDICATES NEGATIVE NUMBERS.
R  INDICATES RECORD WAS SET OR TIED.
MM INDICATES DATA IS MISSING.
T  INDICATES TRACE AMOUNT.




$$
