000
CDUS46 KLOX 180902
CLISBA


CLIMATE REPORT
NATIONAL WEATHER SERVICE LOS ANGELES/OXNARD CA
202 AM PDT FRI APR 18 2014


...................................

...THE SANTA BARBARA AIRPORT CA CLIMATE SUMMARY FOR APRIL 17 2014...

CLIMATE NORMAL PERIOD 1981 TO 2010
CLIMATE RECORD PERIOD 1940 TO 2014


WEATHER ITEM   OBSERVED TIME   RECORD YEAR NORMAL DEPARTURE LAST
                VALUE   (LST)  VALUE       VALUE  FROM      YEAR
                                                  NORMAL
..................................................................
TEMPERATURE (F)
 YESTERDAY
  MAXIMUM         66    247 PM  81    1999  67     -1       76
  MINIMUM         53    107 AM  35    1944  48      5       47
  AVERAGE         60                        58      2       62

PRECIPITATION (IN)
  YESTERDAY        0.00          3.29 2000   0.03  -0.03     0.00
  MONTH TO DATE    0.26                      0.67  -0.41     0.01
  SINCE JUL 1      6.55                     17.02 -10.47     9.36
  SINCE JAN 1      5.19                     11.31  -6.12     3.29

SNOWFALL (IN)
  YESTERDAY        0.0
  MONTH TO DATE    0.0
  SINCE MAR 1      0.0
  SINCE JUL 1      0.0

DEGREE DAYS
 HEATING
  YESTERDAY        5                         7     -2        3
  MONTH TO DATE  119                       141    -22       87
  SINCE MAR 1    285                       437   -152      324
  SINCE JUL 1   1520                      2038   -518     1818

 COOLING
  YESTERDAY        0                         0      0        0
  MONTH TO DATE    0                         0      0        9
  SINCE MAR 1      5                         2      3       13
  SINCE JAN 1      5                         2      3       13
..................................................................


WIND (MPH)
  HIGHEST WIND SPEED    10   HIGHEST WIND DIRECTION     W (280)
  HIGHEST GUST SPEED    17   HIGHEST GUST DIRECTION    NE (60)
  AVERAGE WIND SPEED     4.4


SKY COVER
  POSSIBLE SUNSHINE  MM
  AVERAGE SKY COVER 0.9


WEATHER CONDITIONS
 THE FOLLOWING WEATHER WAS RECORDED YESTERDAY.
  FOG
  HAZE


RELATIVE HUMIDITY (PERCENT)
 HIGHEST    93           100 AM
 LOWEST     63           200 PM
 AVERAGE    78

..........................................................


THE SANTA BARBARA AIRPORT CA CLIMATE NORMALS FOR TODAY
                         NORMAL    RECORD    YEAR
 MAXIMUM TEMPERATURE (F)   68        79      1992
 MINIMUM TEMPERATURE (F)   48        37      1968


SUNRISE AND SUNSET
APRIL 18 2014.........SUNRISE   624 AM PDT   SUNSET   734 PM PDT
APRIL 19 2014.........SUNRISE   623 AM PDT   SUNSET   734 PM PDT


-  INDICATES NEGATIVE NUMBERS.
R  INDICATES RECORD WAS SET OR TIED.
MM INDICATES DATA IS MISSING.
T  INDICATES TRACE AMOUNT.




$$
