000
CDUS43 KIWX 050526
CLISBN


CLIMATE REPORT
NATIONAL WEATHER SERVICE NORTHERN INDIANA
1224 AM EST THU MAR 5 2015


...................................

...THE SOUTH BEND CLIMATE SUMMARY FOR MARCH 4 2015...

CLIMATE NORMAL PERIOD 1981 TO 2010
CLIMATE RECORD PERIOD 1893 TO 2015


WEATHER ITEM   OBSERVED TIME   RECORD YEAR NORMAL DEPARTURE LAST
                VALUE   (LST)  VALUE       VALUE  FROM      YEAR
                                                  NORMAL
..................................................................
TEMPERATURE (F)
 YESTERDAY
  MAXIMUM         33   1219 AM  76    1983  41     -8       22
  MINIMUM         17   1157 PM  -3    2002  25     -8        7
  AVERAGE         25                        33     -8       15

PRECIPITATION (IN)
  YESTERDAY        0.00          1.18 1976   0.08  -0.08     0.00
  MONTH TO DATE    0.12                      0.31  -0.19     0.16
  SINCE MAR 1      0.12                      0.31  -0.19     0.16
  SINCE JAN 1      4.02                      4.55  -0.53     6.10

SNOWFALL (IN)
  YESTERDAY        0.0           7.2  1960   0.3   -0.3      0.0
  MONTH TO DATE    1.3                       1.4   -0.1      2.3
  SINCE MAR 1      1.3                       1.4   -0.1      2.3
  SINCE JUL 1     79.3                      59.5   19.8     96.3
  SNOW DEPTH      10

DEGREE DAYS
 HEATING
  YESTERDAY       40                        32      8       50
  MONTH TO DATE  163                       130     33      203
  SINCE MAR 1    163                       130     33      203
  SINCE JUL 1   5260                      4819    441     5386

 COOLING
  YESTERDAY        0                         0      0        0
  MONTH TO DATE    0                         0      0        0
  SINCE MAR 1      0                         0      0        0
  SINCE JAN 1      0                         0      0        0
..................................................................


WIND (MPH)
  HIGHEST WIND SPEED    22   HIGHEST WIND DIRECTION    NW (300)
  HIGHEST GUST SPEED    36   HIGHEST GUST DIRECTION     W (290)
  AVERAGE WIND SPEED    12.4


SKY COVER
  AVERAGE SKY COVER 0.7


WEATHER CONDITIONS
 THE FOLLOWING WEATHER WAS RECORDED YESTERDAY.
  NO SIGNIFICANT WEATHER WAS OBSERVED.


RELATIVE HUMIDITY (PERCENT)
 HIGHEST    78           200 AM
 LOWEST     51           700 PM
 AVERAGE    65

..........................................................


THE SOUTH BEND CLIMATE NORMALS FOR TODAY
                         NORMAL    RECORD    YEAR
 MAXIMUM TEMPERATURE (F)   42        76      1983
 MINIMUM TEMPERATURE (F)   25         1      1978


SUNRISE AND SUNSET
MARCH  5 2015.........SUNRISE   714 AM EST   SUNSET   640 PM EST
MARCH  6 2015.........SUNRISE   712 AM EST   SUNSET   641 PM EST


-  INDICATES NEGATIVE NUMBERS.
R  INDICATES RECORD WAS SET OR TIED.
MM INDICATES DATA IS MISSING.
T  INDICATES TRACE AMOUNT.




$$
