362
CDUS43 KIWX 130534
CLISBN


CLIMATE REPORT
NATIONAL WEATHER SERVICE NORTHERN INDIANA
1232 AM EST SAT FEB 13 2016


...................................

...THE SOUTH BEND CLIMATE SUMMARY FOR FEBRUARY 12 2016...

CLIMATE NORMAL PERIOD 1981 TO 2010
CLIMATE RECORD PERIOD 1893 TO 2016


WEATHER ITEM   OBSERVED TIME   RECORD YEAR NORMAL DEPARTURE LAST
                VALUE   (LST)  VALUE       VALUE  FROM      YEAR
                                                  NORMAL
..................................................................
TEMPERATURE (F)
 YESTERDAY
  MAXIMUM         20    135 PM  59    1984  34    -14       26
  MINIMUM          2   1233 AM -14    1899  20    -18       15
  AVERAGE         11                        27    -16       21

PRECIPITATION (IN)
  YESTERDAY        0.02          0.84 1918   0.07  -0.05     0.07
  MONTH TO DATE    0.81                      0.77   0.04     1.37
  SINCE DEC 1      6.53                      5.67   0.86     4.76
  SINCE JAN 1      2.41                      3.06  -0.65     3.29

SNOWFALL (IN)
  YESTERDAY        1.6           8.0  1894   0.5    1.1      2.8
  MONTH TO DATE   13.2                       7.2    6.0     21.6
  SINCE DEC 1     33.3                      45.1  -11.8     43.9
  SINCE JUL 1     42.4                      50.3   -7.9     63.2
  SNOW DEPTH       5

DEGREE DAYS
 HEATING
  YESTERDAY       54                        38     16       44
  MONTH TO DATE  464                       471     -7      512
  SINCE DEC 1   2490                      2850   -360     2798
  SINCE JUL 1   3557                      4119   -562     4240

 COOLING
  YESTERDAY        0                         0      0        0
  MONTH TO DATE    0                         0      0        0
  SINCE DEC 1      0                         0      0        0
  SINCE JAN 1      0                         0      0        0
..................................................................


WIND (MPH)
  HIGHEST WIND SPEED    28   HIGHEST WIND DIRECTION     N (340)
  HIGHEST GUST SPEED    36   HIGHEST GUST DIRECTION     N (340)
  AVERAGE WIND SPEED    13.8


SKY COVER
  AVERAGE SKY COVER 0.9


WEATHER CONDITIONS
 THE FOLLOWING WEATHER WAS RECORDED YESTERDAY.
  SNOW
  LIGHT SNOW
  FOG
  HAZE


RELATIVE HUMIDITY (PERCENT)
 HIGHEST    87          1200 AM
 LOWEST     67           200 PM
 AVERAGE    77

..........................................................


THE SOUTH BEND CLIMATE NORMALS FOR TODAY
                         NORMAL    RECORD    YEAR
 MAXIMUM TEMPERATURE (F)   34        65      1938
 MINIMUM TEMPERATURE (F)   20       -16      1905


SUNRISE AND SUNSET
FEBRUARY 13 2016......SUNRISE   744 AM EST   SUNSET   616 PM EST
FEBRUARY 14 2016......SUNRISE   743 AM EST   SUNSET   617 PM EST


-  INDICATES NEGATIVE NUMBERS.
R  INDICATES RECORD WAS SET OR TIED.
MM INDICATES DATA IS MISSING.
T  INDICATES TRACE AMOUNT.




$$
