000
CDUS43 KIWX 012157
CLISBN


CLIMATE REPORT
NATIONAL WEATHER SERVICE NORTHERN INDIANA
453 PM EST SUN FEB 1 2015


...................................

...THE SOUTH BEND CLIMATE SUMMARY FOR FEBRUARY 1 2015...
VALID TODAY AS OF 0400 PM LOCAL TIME.
PRECIPITATION VALID TODAY AS OF 0400 PM LOCAL TIME.
SNOWFALL VALID TODAY AS OF 0300 PM LOCAL TIME.

CLIMATE NORMAL PERIOD 1981 TO 2010
CLIMATE RECORD PERIOD 1893 TO 2015


WEATHER ITEM   OBSERVED TIME   RECORD YEAR NORMAL DEPARTURE LAST
                VALUE   (LST)  VALUE       VALUE  FROM      YEAR
                                                  NORMAL
..................................................................
TEMPERATURE (F)
 TODAY
  MAXIMUM         33   1237 AM  55    1968  32      1       32
  MINIMUM         24    359 PM -12    1936  18      6       25
  AVERAGE         29                        25      4       29

PRECIPITATION (IN)
  TODAY            0.83          1.95 1968   0.06   0.77     0.53
  MONTH TO DATE    0.83                      0.06   0.77     0.53
  SINCE DEC 1      4.22                      4.96  -0.74     5.98
  SINCE JAN 1      2.75                      2.35   0.40     3.65

SNOWFALL (IN)
  TODAY           10.3 R         8.4  2011   0.7    9.6      4.3
  MONTH TO DATE   10.3                       0.7    9.6      4.3
  SINCE DEC 1     32.6                      38.6   -6.0     69.4
  SINCE JUL 1     51.9                      43.8    8.1     78.6

DEGREE DAYS
 HEATING
  TODAY           36                        40     -4       36
  MONTH TO DATE   36                        40     -4       36
  SINCE DEC 1   2322                      2419    -97     2637
  SINCE JUL 1   3764                      3688     76     3926

 COOLING
  TODAY            0                         0      0        0
  MONTH TO DATE    0                         0      0        0
  SINCE DEC 1      0                         0      0        0
  SINCE JAN 1      0                         0      0        0
..................................................................


WIND (MPH)
  HIGHEST WIND SPEED    22   HIGHEST WIND DIRECTION     E (90)
  HIGHEST GUST SPEED    30   HIGHEST GUST DIRECTION     E (100)
  AVERAGE WIND SPEED     9.0


SKY COVER
  POSSIBLE SUNSHINE  MM
  AVERAGE SKY COVER 1.0


WEATHER CONDITIONS
 THE FOLLOWING WEATHER WAS RECORDED TODAY.
  SNOW
  LIGHT SNOW
  FOG
  FOG W/VISIBILITY <= 1/4 MILE


RELATIVE HUMIDITY (PERCENT)
 HIGHEST    96          1200 AM
 LOWEST     81           300 PM
 AVERAGE    89

..........................................................


THE SOUTH BEND CLIMATE NORMALS FOR TOMORROW
                         NORMAL    RECORD    YEAR
 MAXIMUM TEMPERATURE (F)   32        50      1920
 MINIMUM TEMPERATURE (F)   18       -17      1951


SUNRISE AND SUNSET
FEBRUARY  1 2015......SUNRISE   758 AM EST   SUNSET   601 PM EST
FEBRUARY  2 2015......SUNRISE   757 AM EST   SUNSET   602 PM EST


-  INDICATES NEGATIVE NUMBERS.
R  INDICATES RECORD WAS SET OR TIED.
MM INDICATES DATA IS MISSING.
T  INDICATES TRACE AMOUNT.




$$
