000
CDUS41 KAKQ 210845
CLISBY


CLIMATE REPORT
NATIONAL WEATHER SERVICE WAKEFIELD, VA
445 AM EDT THU AUG 21 2014


...................................

...THE SALISBURY MD CLIMATE SUMMARY FOR AUGUST 20 2014...

CLIMATE NORMAL PERIOD 1981 TO 2010
CLIMATE RECORD PERIOD 1900 TO 2014


WEATHER ITEM   OBSERVED TIME   RECORD YEAR NORMAL DEPARTURE LAST
                VALUE   (LST)  VALUE       VALUE  FROM      YEAR
                                                  NORMAL
..................................................................
TEMPERATURE (F)
 YESTERDAY
  MAXIMUM         85    317 PM  99    1914  84      1       86
  MINIMUM         63    533 AM  48    1918  65     -2       69
  AVERAGE         74                        75     -1       78

PRECIPITATION (IN)
  YESTERDAY        0.00          3.13 1969   0.14  -0.14     0.00
  MONTH TO DATE    4.15                      3.03   1.12     6.36
  SINCE JUN 1      8.27                     11.12  -2.85    20.09
  SINCE JAN 1     20.09                     29.67  -9.58    38.74

SNOWFALL (IN)
  YESTERDAY        0.0           T    1951   0.0    0.0
  MONTH TO DATE    0.0                       0.0    0.0
  SINCE NOV 1     22.5                       9.3   13.2
  SINCE JUL 1      0.0                       0.0    0.0
  SNOW DEPTH       0

DEGREE DAYS
 HEATING
  YESTERDAY        0                         0      0        0
  MONTH TO DATE    0                         0      0        0
  SINCE JUN 1      5                        20    -15        0
  SINCE JUL 1      0                         1     -1        0

 COOLING
  YESTERDAY        9                        10     -1       13
  MONTH TO DATE  200                       211    -11      204
  SINCE JUN 1    883                       802     81     1043
  SINCE JAN 1   1018                       886    132     1234
..................................................................


WIND (MPH)
  HIGHEST WIND SPEED    13   HIGHEST WIND DIRECTION    SE (120)
  HIGHEST GUST SPEED    15   HIGHEST GUST DIRECTION    SE (130)
  AVERAGE WIND SPEED     4.6


SKY COVER
  POSSIBLE SUNSHINE  MM
  AVERAGE SKY COVER 0.1


WEATHER CONDITIONS
 THE FOLLOWING WEATHER WAS RECORDED YESTERDAY.
  NO SIGNIFICANT WEATHER WAS OBSERVED.


RELATIVE HUMIDITY (PERCENT)
 HIGHEST    87          1200 AM
 LOWEST     44           100 PM
 AVERAGE    66

..........................................................


THE SALISBURY MD CLIMATE NORMALS FOR TODAY
                         NORMAL    RECORD    YEAR
 MAXIMUM TEMPERATURE (F)   84       100      1962
 MINIMUM TEMPERATURE (F)   65        46      2008


SUNRISE AND SUNSET
AUGUST 21 2014........SUNRISE   622 AM EDT   SUNSET   748 PM EDT
AUGUST 22 2014........SUNRISE   623 AM EDT   SUNSET   746 PM EDT


-  INDICATES NEGATIVE NUMBERS.
R  INDICATES RECORD WAS SET OR TIED.
MM INDICATES DATA IS MISSING.
T  INDICATES TRACE AMOUNT.




$$
