000
CDUS41 KAKQ 220645
CLISBY


CLIMATE REPORT
NATIONAL WEATHER SERVICE WAKEFIELD, VA
145 AM EST WED FEB 22 2017


...................................

...THE SALISBURY MD CLIMATE SUMMARY FOR FEBRUARY 21 2017...

CLIMATE NORMAL PERIOD 1981 TO 2010
CLIMATE RECORD PERIOD 1900 TO 2017


WEATHER ITEM   OBSERVED TIME   RECORD YEAR NORMAL DEPARTURE LAST
                VALUE   (LST)  VALUE       VALUE  FROM      YEAR
                                                  NORMAL
..................................................................
TEMPERATURE (F)
 YESTERDAY
  MAXIMUM         55    226 PM  75    1943  48      7       65
  MINIMUM         32    652 AM  -4    2015  29      3       44
  AVERAGE         44                        39      5       55

PRECIPITATION (IN)
  YESTERDAY        0.00          1.09 2005   0.12  -0.12     0.02
  MONTH TO DATE    0.73                      2.50  -1.77     3.00
  SINCE DEC 1      7.01                      9.82  -2.81    10.70
  SINCE JAN 1      4.08                      6.11  -2.03     6.21

SNOWFALL (IN)
  YESTERDAY        0.0           7.0  1929   0.1   -0.1
  MONTH TO DATE    T                         2.7   -2.7
  SINCE NOV 1      9.6                       7.7    1.9
  SINCE JUL 1      9.6                       7.7    1.9
  SNOW DEPTH       0

DEGREE DAYS
 HEATING
  YESTERDAY       21                        26     -5       10
  MONTH TO DATE  469                       587   -118      563
  SINCE DEC 1   2011                      2310   -299     1874
  SINCE JUL 1   2671                      3128   -457     2521

 COOLING
  YESTERDAY        0                         0      0        0
  MONTH TO DATE    0                         0      0        0
  SINCE DEC 1      0                         0      0        9
  SINCE JAN 1      0                         0      0        0
..................................................................


WIND (MPH)
  HIGHEST WIND SPEED    14   HIGHEST WIND DIRECTION    SE (120)
  HIGHEST GUST SPEED    19   HIGHEST GUST DIRECTION    SE (140)
  AVERAGE WIND SPEED     4.5


SKY COVER
  POSSIBLE SUNSHINE  MM
  AVERAGE SKY COVER 0.0


WEATHER CONDITIONS
 THE FOLLOWING WEATHER WAS RECORDED YESTERDAY.
  NO SIGNIFICANT WEATHER WAS OBSERVED.


RELATIVE HUMIDITY (PERCENT)
 HIGHEST    92           800 AM
 LOWEST     46           100 PM
 AVERAGE    69

..........................................................


THE SALISBURY MD CLIMATE NORMALS FOR TODAY
                         NORMAL    RECORD    YEAR
 MAXIMUM TEMPERATURE (F)   49        70      1997
 MINIMUM TEMPERATURE (F)   29         7      1968


SUNRISE AND SUNSET
FEBRUARY 22 2017......SUNRISE   643 AM EST   SUNSET   548 PM EST
FEBRUARY 23 2017......SUNRISE   642 AM EST   SUNSET   549 PM EST


-  INDICATES NEGATIVE NUMBERS.
R  INDICATES RECORD WAS SET OR TIED.
MM INDICATES DATA IS MISSING.
T  INDICATES TRACE AMOUNT.




$$
