000
CDUS41 KAKQ 172245
CLISBY


CLIMATE REPORT
NATIONAL WEATHER SERVICE WAKEFIELD, VA
545 PM EST SAT FEB 17 2018


...................................

...THE SALISBURY MD CLIMATE SUMMARY FOR FEBRUARY 17 2018...
VALID TODAY AS OF 0500 PM LOCAL TIME.

CLIMATE NORMAL PERIOD 1981 TO 2010
CLIMATE RECORD PERIOD 1900 TO 2018


WEATHER ITEM   OBSERVED TIME   RECORD YEAR NORMAL DEPARTURE LAST
                VALUE   (LST)  VALUE       VALUE  FROM      YEAR
                                                  NORMAL
..................................................................
TEMPERATURE (F)
 TODAY
  MAXIMUM         44   1257 PM  77    1976  47     -3       49
  MINIMUM         32    739 AM   3    1979  29      3       25
  AVERAGE         38

PRECIPITATION (IN)
  TODAY            0.03          1.92 2003   0.12  -0.09     0.00
  MONTH TO DATE    2.08                      2.02   0.06     0.73
  SINCE DEC 1      6.75                      9.34  -2.59     7.01
  SINCE JAN 1      5.61                      5.63  -0.02     4.08

SNOWFALL (IN)
  TODAY           MM
  MONTH TO DATE    0.0
  SINCE NOV 1     16.4
  SINCE JUL 1     16.4
  SNOW DEPTH       0

DEGREE DAYS
 HEATING
  TODAY           27
  MONTH TO DATE  390
  SINCE DEC 1   2225
  SINCE JUL 1   2896

 COOLING
  TODAY            0
  MONTH TO DATE    0
  SINCE DEC 1      0
  SINCE JAN 1      0
..................................................................


WIND (MPH)
  RESULTANT WIND SPEED   4   RESULTANT WIND DIRECTION  NE (40)
  HIGHEST WIND SPEED    15   HIGHEST WIND DIRECTION     E (70)
  HIGHEST GUST SPEED    21   HIGHEST GUST DIRECTION    NE (60)


SKY COVER
  POSSIBLE SUNSHINE  MM
  AVERAGE SKY COVER 0.2


WEATHER CONDITIONS
 THE FOLLOWING WEATHER WAS RECORDED TODAY.
  LIGHT RAIN
  FOG


RELATIVE HUMIDITY (PERCENT)
 HIGHEST    92
 LOWEST     49
 AVERAGE    71

..........................................................


THE SALISBURY MD CLIMATE NORMALS FOR TOMORROW
                         NORMAL    RECORD    YEAR
 MAXIMUM TEMPERATURE (F)   48        75      1976
 MINIMUM TEMPERATURE (F)   29         0      1979


SUNRISE AND SUNSET
FEBRUARY 17 2018......SUNRISE   650 AM EST   SUNSET   543 PM EST
FEBRUARY 18 2018......SUNRISE   649 AM EST   SUNSET   544 PM EST


-  INDICATES NEGATIVE NUMBERS.
R  INDICATES RECORD WAS SET OR TIED.
MM INDICATES DATA IS MISSING.
T  INDICATES TRACE AMOUNT.




$$
