000
CDUS41 KAKQ 230550
CLISBY


CLIMATE REPORT
NATIONAL WEATHER SERVICE WAKEFIELD, VA
150 AM EDT SAT MAY 23 2015


...................................

...THE SALISBURY MD CLIMATE SUMMARY FOR MAY 22 2015...

CLIMATE NORMAL PERIOD 1981 TO 2010
CLIMATE RECORD PERIOD 1900 TO 2015


WEATHER ITEM   OBSERVED TIME   RECORD YEAR NORMAL DEPARTURE LAST
                VALUE   (LST)  VALUE       VALUE  FROM      YEAR
                                                  NORMAL
..................................................................
TEMPERATURE (F)
 YESTERDAY
  MAXIMUM         73    342 PM  96    1941  75     -2       86
  MINIMUM         49    230 AM  30    2002  53     -4       64
  AVERAGE         61                        64     -3       75

PRECIPITATION (IN)
  YESTERDAY        0.00          1.55 1908   0.13  -0.13     0.60
  MONTH TO DATE    1.75                      2.47  -0.72     2.47
  SINCE MAR 1      9.49                     10.44  -0.95    11.45
  SINCE JAN 1     17.21                     17.40  -0.19    18.67

SNOWFALL (IN)
  YESTERDAY        0.0           0.0  2002   0.0    0.0
                                      2001
  MONTH TO DATE    0.0                       0.0    0.0
  SINCE NOV 1     15.7                       9.3    6.4
  SINCE JUL 1     15.7                       9.3    6.4
  SNOW DEPTH       0

DEGREE DAYS
 HEATING
  YESTERDAY        4                         3      1        0
  MONTH TO DATE   66                       118    -52       41
  SINCE MAR 1   1050                      1093    -43     1022
  SINCE JUL 1   4263                      4398   -135     4162

 COOLING
  YESTERDAY        0                         3     -3       10
  MONTH TO DATE   86                        35     51       80
  SINCE MAR 1     93                        52     41       94
  SINCE JAN 1     93                        52     41       94
..................................................................


WIND (MPH)
  HIGHEST WIND SPEED    21   HIGHEST WIND DIRECTION     W (270)
  HIGHEST GUST SPEED    25   HIGHEST GUST DIRECTION     W (250)
  AVERAGE WIND SPEED     9.2


SKY COVER
  POSSIBLE SUNSHINE  MM
  AVERAGE SKY COVER 0.1


WEATHER CONDITIONS
 THE FOLLOWING WEATHER WAS RECORDED YESTERDAY.
  FOG


RELATIVE HUMIDITY (PERCENT)
 HIGHEST   100           200 AM
 LOWEST     35           200 PM
 AVERAGE    68

..........................................................


THE SALISBURY MD CLIMATE NORMALS FOR TODAY
                         NORMAL    RECORD    YEAR
 MAXIMUM TEMPERATURE (F)   75        96      1925
 MINIMUM TEMPERATURE (F)   54        33      2002


SUNRISE AND SUNSET
MAY 23 2015...........SUNRISE   545 AM EDT   SUNSET   813 PM EDT
MAY 24 2015...........SUNRISE   544 AM EDT   SUNSET   814 PM EDT


-  INDICATES NEGATIVE NUMBERS.
R  INDICATES RECORD WAS SET OR TIED.
MM INDICATES DATA IS MISSING.
T  INDICATES TRACE AMOUNT.




$$
