628
CDUS41 KAKQ 110645
CLISBY


CLIMATE REPORT
NATIONAL WEATHER SERVICE WAKEFIELD, VA
145 AM EST SUN DEC 11 2016


...................................

...THE SALISBURY MD CLIMATE SUMMARY FOR DECEMBER 10 2016...

CLIMATE NORMAL PERIOD 1981 TO 2010
CLIMATE RECORD PERIOD 1900 TO 2016


WEATHER ITEM   OBSERVED TIME   RECORD YEAR NORMAL DEPARTURE LAST
                VALUE   (LST)  VALUE       VALUE  FROM      YEAR
                                                  NORMAL
..................................................................
TEMPERATURE (F)
 YESTERDAY
  MAXIMUM         39    245 PM  73    1966  50    -11       65
  MINIMUM         23   1117 PM  14    1927  31     -8       38
  AVERAGE         31                        40     -9       52

PRECIPITATION (IN)
  YESTERDAY        0.00          2.12 1992   0.13  -0.13     0.00
  MONTH TO DATE    1.57                      1.27   0.30     0.96
  SINCE DEC 1      1.57                      1.27   0.30     0.96
  SINCE JAN 1     53.07                     43.24   9.83    47.84

SNOWFALL (IN)
  YESTERDAY        0.0           1.5  1932   0.1   -0.1
  MONTH TO DATE    0.0                       0.5   -0.5
  SINCE NOV 1      0.0                       0.7   -0.7
  SINCE JUL 1      0.0                       0.7   -0.7
  SNOW DEPTH       0

DEGREE DAYS
 HEATING
  YESTERDAY       34                        25      9       13
  MONTH TO DATE  236                       232      4      183
  SINCE DEC 1    236                       232      4      183
  SINCE JUL 1    896                      1050   -154      830

 COOLING
  YESTERDAY        0                         0      0        0
  MONTH TO DATE    0                         0      0        0
  SINCE DEC 1      0                         0      0        0
  SINCE JAN 1   1481                      1153    328     1342
..................................................................


WIND (MPH)
  HIGHEST WIND SPEED    14   HIGHEST WIND DIRECTION    NW (310)
  HIGHEST GUST SPEED    21   HIGHEST GUST DIRECTION     W (290)
  AVERAGE WIND SPEED     5.6


SKY COVER
  POSSIBLE SUNSHINE  MM
  AVERAGE SKY COVER 0.0


WEATHER CONDITIONS
 THE FOLLOWING WEATHER WAS RECORDED YESTERDAY.
  NO SIGNIFICANT WEATHER WAS OBSERVED.


RELATIVE HUMIDITY (PERCENT)
 HIGHEST    81           700 AM
 LOWEST     40           200 PM
 AVERAGE    61

..........................................................


THE SALISBURY MD CLIMATE NORMALS FOR TODAY
                         NORMAL    RECORD    YEAR
 MAXIMUM TEMPERATURE (F)   49        71      1971
 MINIMUM TEMPERATURE (F)   31         8      1977


SUNRISE AND SUNSET
DECEMBER 11 2016......SUNRISE   709 AM EST   SUNSET   442 PM EST
DECEMBER 12 2016......SUNRISE   710 AM EST   SUNSET   442 PM EST


-  INDICATES NEGATIVE NUMBERS.
R  INDICATES RECORD WAS SET OR TIED.
MM INDICATES DATA IS MISSING.
T  INDICATES TRACE AMOUNT.




$$
