000
CDUS41 KAKQ 220645
CLISBY


CLIMATE REPORT
NATIONAL WEATHER SERVICE WAKEFIELD, VA
145 AM EST WED NOV 22 2017


...................................

...THE SALISBURY MD CLIMATE SUMMARY FOR NOVEMBER 21 2017...

CLIMATE NORMAL PERIOD 1981 TO 2010
CLIMATE RECORD PERIOD 1900 TO 2017


WEATHER ITEM   OBSERVED TIME   RECORD YEAR NORMAL DEPARTURE LAST
                VALUE   (LST)  VALUE       VALUE  FROM      YEAR
                                                  NORMAL
..................................................................
TEMPERATURE (F)
 YESTERDAY
  MAXIMUM         59    258 PM  77    1931  57      2       45
  MINIMUM         35    424 AM  18    1969  37     -2       33
                                      1951
                                      1910
  AVERAGE         47                        47      0       39

PRECIPITATION (IN)
  YESTERDAY        0.00          2.16 1952   0.11  -0.11     0.00
  MONTH TO DATE    1.33                      2.35  -1.02     0.39
  SINCE SEP 1      7.32                      9.82  -2.50    17.29
  SINCE JAN 1     49.38                     40.89   8.49    51.35

SNOWFALL (IN)
  YESTERDAY        0.0           T    2008   0.0    0.0
  MONTH TO DATE    0.0                       0.1   -0.1
  SINCE NOV 1      0.0                       0.1   -0.1
  SINCE JUL 1      0.0                       0.1   -0.1
  SNOW DEPTH       0

DEGREE DAYS
 HEATING
  YESTERDAY       18                        18      0       26
  MONTH TO DATE  317                       324     -7      322
  SINCE SEP 1    485                       635   -150      497
  SINCE JUL 1    485                       637   -152      497

 COOLING
  YESTERDAY        0                         0      0        0
  MONTH TO DATE    1                         0      1        4
  SINCE SEP 1    248                       167     81      290
  SINCE JAN 1   1415                      1150    265     1479
..................................................................


WIND (MPH)
  HIGHEST WIND SPEED    20   HIGHEST WIND DIRECTION    SW (210)
  HIGHEST GUST SPEED    26   HIGHEST GUST DIRECTION    SW (230)
  AVERAGE WIND SPEED     8.8


SKY COVER
  POSSIBLE SUNSHINE  MM
  AVERAGE SKY COVER 0.1


WEATHER CONDITIONS
 THE FOLLOWING WEATHER WAS RECORDED YESTERDAY.
  NO SIGNIFICANT WEATHER WAS OBSERVED.


RELATIVE HUMIDITY (PERCENT)
 HIGHEST    92           300 AM
 LOWEST     36          1200 PM
 AVERAGE    64

..........................................................


THE SALISBURY MD CLIMATE NORMALS FOR TODAY
                         NORMAL    RECORD    YEAR
 MAXIMUM TEMPERATURE (F)   56        78      1931
 MINIMUM TEMPERATURE (F)   36        15      1969


SUNRISE AND SUNSET
NOVEMBER 22 2017......SUNRISE   651 AM EST   SUNSET   445 PM EST
NOVEMBER 23 2017......SUNRISE   652 AM EST   SUNSET   444 PM EST


-  INDICATES NEGATIVE NUMBERS.
R  INDICATES RECORD WAS SET OR TIED.
MM INDICATES DATA IS MISSING.
T  INDICATES TRACE AMOUNT.




$$
