000
CDUS41 KAKQ 242130
CLISBY


CLIMATE REPORT
NATIONAL WEATHER SERVICE WAKEFIELD, VA
530 PM EDT TUE MAY 24 2016


...................................

...THE SALISBURY MD CLIMATE SUMMARY FOR MAY 24 2016...
VALID TODAY AS OF 0500 PM LOCAL TIME.

CLIMATE NORMAL PERIOD 1981 TO 2010
CLIMATE RECORD PERIOD 1900 TO 2016


WEATHER ITEM   OBSERVED TIME   RECORD YEAR NORMAL DEPARTURE LAST
                VALUE   (LST)  VALUE       VALUE  FROM      YEAR
                                                  NORMAL
..................................................................
TEMPERATURE (F)
 TODAY
  MAXIMUM         80    359 PM  91    1964  76      4       78
  MINIMUM         55   1216 AM  38    1926  54      1       44
  AVERAGE         68

PRECIPITATION (IN)
  TODAY            0.00          1.48 1978   0.13  -0.13     0.00
  MONTH TO DATE    4.50                      2.73   1.77     1.75
  SINCE MAR 1      9.95                     10.70  -0.75     9.49
  SINCE JAN 1     16.80                     17.66  -0.86    17.21

SNOWFALL (IN)
  TODAY            0.0
  MONTH TO DATE    0.0
  SINCE NOV 1     19.8
  SINCE JUL 1     19.8
  SNOW DEPTH       0

DEGREE DAYS
 HEATING
  TODAY            0
  MONTH TO DATE  159
  SINCE MAR 1    965
  SINCE JUL 1   3636

 COOLING
  TODAY            3
  MONTH TO DATE    5
  SINCE MAR 1     29
  SINCE JAN 1     29
..................................................................


WIND (MPH)
  RESULTANT WIND SPEED   5   RESULTANT WIND DIRECTION  NW (300)
  HIGHEST WIND SPEED    15   HIGHEST WIND DIRECTION    NW (310)
  HIGHEST GUST SPEED    19   HIGHEST GUST DIRECTION    NW (330)


SKY COVER
  POSSIBLE SUNSHINE  MM
  AVERAGE SKY COVER 0.3


WEATHER CONDITIONS
 THE FOLLOWING WEATHER WAS RECORDED TODAY.
  NO SIGNIFICANT WEATHER WAS OBSERVED.


RELATIVE HUMIDITY (PERCENT)
 HIGHEST   100
 LOWEST     35
 AVERAGE    68

..........................................................


THE SALISBURY MD CLIMATE NORMALS FOR TOMORROW
                         NORMAL    RECORD    YEAR
 MAXIMUM TEMPERATURE (F)   76        92      1995
 MINIMUM TEMPERATURE (F)   54        37      1923


SUNRISE AND SUNSET
MAY 24 2016...........SUNRISE   544 AM EDT   SUNSET   814 PM EDT
MAY 25 2016...........SUNRISE   543 AM EDT   SUNSET   815 PM EDT


-  INDICATES NEGATIVE NUMBERS.
R  INDICATES RECORD WAS SET OR TIED.
MM INDICATES DATA IS MISSING.
T  INDICATES TRACE AMOUNT.




$$
