000
CDUS46 KSTO 260836
CLISCK


CLIMATE REPORT
NATIONAL WEATHER SERVICE SACRAMENTO, CA
136 AM PDT THU MAY 26 2016


...................................

...THE STOCKTON AIRPORT CA CLIMATE SUMMARY FOR MAY 25 2016...

CLIMATE NORMAL PERIOD 1981 TO 2010
CLIMATE RECORD PERIOD 1948 TO 2016


WEATHER ITEM   OBSERVED TIME   RECORD YEAR NORMAL DEPARTURE LAST
                VALUE   (LST)  VALUE       VALUE  FROM      YEAR
                                                  NORMAL
..................................................................
TEMPERATURE (F)
 YESTERDAY
  MAXIMUM         81    330 PM 102    1979  83     -2       82
  MINIMUM         50    443 AM  44    2010  53     -3       52
                                      1962
  AVERAGE         66

PRECIPITATION (IN)
  YESTERDAY        0.00          0.16 1993   0.02  -0.02     0.00
  MONTH TO DATE    0.35                      0.46  -0.11     0.01
  SINCE OCT 1     16.69                     13.61   3.08    10.61
  SINCE JAN 1     12.12                      8.88   3.24     2.77

SNOWFALL (IN)
  YESTERDAY        0.0          MM      MM
  MONTH TO DATE    0.0
  SINCE MAR 1      0.0
  SINCE JUL 1      0.0
  SNOW DEPTH       0

DEGREE DAYS
 HEATING
  YESTERDAY        0                         1     -1        0
  MONTH TO DATE   37                        53    -16       42
  SINCE MAR 1    348                       567   -219      274
  SINCE JUL 1   2066                      2629   -563     1713

 COOLING
  YESTERDAY        1                         4     -3        2
  MONTH TO DATE   64                        73     -9       26
  SINCE MAR 1     90                        90      0       75
  SINCE JAN 1     90                        90      0       75
..................................................................


WIND (MPH)
  RESULTANT WIND SPEED  11   RESULTANT WIND DIRECTION   W (280)
  HIGHEST WIND SPEED    26   HIGHEST WIND DIRECTION     W (260)
  HIGHEST GUST SPEED    31   HIGHEST GUST DIRECTION     W (260)


SKY COVER
  POSSIBLE SUNSHINE  MM
  AVERAGE SKY COVER 0.0


WEATHER CONDITIONS
 THE FOLLOWING WEATHER WAS RECORDED YESTERDAY.
  NO SIGNIFICANT WEATHER WAS OBSERVED.


RELATIVE HUMIDITY (PERCENT)
 HIGHEST    83           200 AM
 LOWEST     33           400 PM
 AVERAGE    58

..........................................................


THE STOCKTON AIRPORT CA CLIMATE NORMALS FOR TODAY
                         NORMAL    RECORD    YEAR
 MAXIMUM TEMPERATURE (F)   84       101      1974
 MINIMUM TEMPERATURE (F)   53        43      2011
                                             1998


SUNRISE AND SUNSET
MAY 26 2016...........SUNRISE   547 AM PDT   SUNSET   818 PM PDT
MAY 27 2016...........SUNRISE   546 AM PDT   SUNSET   819 PM PDT


-  INDICATES NEGATIVE NUMBERS.
R  INDICATES RECORD WAS SET OR TIED.
MM INDICATES DATA IS MISSING.
T  INDICATES TRACE AMOUNT.




$$
