000
CDUS46 KSTO 180841
CLISCK


CLIMATE REPORT
NATIONAL WEATHER SERVICE SACRAMENTO, CA
141 AM PDT FRI AUG 18 2017


...................................

...THE STOCKTON AIRPORT CA CLIMATE SUMMARY FOR AUGUST 17 2017...

CLIMATE NORMAL PERIOD 1981 TO 2010
CLIMATE RECORD PERIOD 1948 TO 2017


WEATHER ITEM   OBSERVED TIME   RECORD YEAR NORMAL DEPARTURE LAST
                VALUE   (LST)  VALUE       VALUE  FROM      YEAR
                                                  NORMAL
..................................................................
TEMPERATURE (F)
 YESTERDAY
  MAXIMUM         94    400 PM 106    1967  92      2      101
  MINIMUM         62    550 AM  50    2006  59      3       60
  AVERAGE         78

PRECIPITATION (IN)
  YESTERDAY        0.00          0.01 1985   0.00   0.00      T
                                      1976
  MONTH TO DATE    T                         0.00   0.00      T
  SINCE OCT 1     21.78                     13.76   8.02    16.69
  SINCE JAN 1     15.62                      9.03   6.59    12.12

SNOWFALL (IN)
  YESTERDAY        0.0          MM      MM
  MONTH TO DATE    0.0
  SINCE JUN 1      0.0
  SINCE JUL 1      0.0
  SNOW DEPTH       0

DEGREE DAYS
 HEATING
  YESTERDAY        0                         0      0        0
  MONTH TO DATE    0                         0      0        0
  SINCE JUN 1      4                         7     -3        2
  SINCE JUL 1      0                         0      0        0

 COOLING
  YESTERDAY       13                        11      2       16
  MONTH TO DATE  246                       191     55      201
  SINCE JUN 1   1094                       784    310      914
  SINCE JAN 1   1257                       903    354     1060
..................................................................


WIND (MPH)
  RESULTANT WIND SPEED   7   RESULTANT WIND DIRECTION  NW (310)
  HIGHEST WIND SPEED    17   HIGHEST WIND DIRECTION     W (290)
  HIGHEST GUST SPEED    28   HIGHEST GUST DIRECTION    NW (310)


SKY COVER
  POSSIBLE SUNSHINE  MM
  AVERAGE SKY COVER 0.0


WEATHER CONDITIONS
 THE FOLLOWING WEATHER WAS RECORDED YESTERDAY.
  FOG
  HAZE


RELATIVE HUMIDITY (PERCENT)
 HIGHEST    90           400 AM
 LOWEST     33           200 PM
 AVERAGE    62

..........................................................


THE STOCKTON AIRPORT CA CLIMATE NORMALS FOR TODAY
                         NORMAL    RECORD    YEAR
 MAXIMUM TEMPERATURE (F)   92       107      1967
 MINIMUM TEMPERATURE (F)   59        51      1959


SUNRISE AND SUNSET
AUGUST 18 2017........SUNRISE   623 AM PDT   SUNSET   754 PM PDT
AUGUST 19 2017........SUNRISE   624 AM PDT   SUNSET   752 PM PDT


-  INDICATES NEGATIVE NUMBERS.
R  INDICATES RECORD WAS SET OR TIED.
MM INDICATES DATA IS MISSING.
T  INDICATES TRACE AMOUNT.




$$
