000
CDUS46 KSTO 180839
CLISCK


CLIMATE REPORT
NATIONAL WEATHER SERVICE SACRAMENTO, CA
139 AM PDT WED OCT 18 2017


...................................

...THE STOCKTON AIRPORT CA CLIMATE SUMMARY FOR OCTOBER 17 2017...

CLIMATE NORMAL PERIOD 1981 TO 2010
CLIMATE RECORD PERIOD 1948 TO 2017


WEATHER ITEM   OBSERVED TIME   RECORD YEAR NORMAL DEPARTURE LAST
                VALUE   (LST)  VALUE       VALUE  FROM      YEAR
                                                  NORMAL
..................................................................
TEMPERATURE (F)
 YESTERDAY
  MAXIMUM         83    316 PM  94    1961  78      5       73
  MINIMUM         47    645 AM  39    1984  50     -3       52
  AVERAGE         65

PRECIPITATION (IN)
  YESTERDAY        0.00          0.17 2010   0.03  -0.03     0.00
  MONTH TO DATE    0.00                      0.32  -0.32     1.02
  SINCE OCT 1      0.00                      0.32  -0.32     1.02
  SINCE JAN 1     15.63                      9.65   5.98    13.14

SNOWFALL (IN)
  YESTERDAY        0.0           0.0  2002
                                      2001
  MONTH TO DATE    0.0
  SINCE SEP 1      0.0
  SINCE JUL 1      0.0
  SNOW DEPTH       0

DEGREE DAYS
 HEATING
  YESTERDAY        0                         3     -3        2
  MONTH TO DATE   16                        27    -11       24
  SINCE SEP 1     19                        33    -14       28
  SINCE JUL 1     19                        33    -14       28

 COOLING
  YESTERDAY        0                         1     -1        0
  MONTH TO DATE   22                        46    -24       22
  SINCE SEP 1    337                       268     69      246
  SINCE JAN 1   1768                      1312    456     1444
..................................................................


WIND (MPH)
  RESULTANT WIND SPEED   2   RESULTANT WIND DIRECTION  NW (310)
  HIGHEST WIND SPEED    10   HIGHEST WIND DIRECTION     N (340)
  HIGHEST GUST SPEED    13   HIGHEST GUST DIRECTION     N (340)


SKY COVER
  POSSIBLE SUNSHINE  MM
  AVERAGE SKY COVER 0.0


WEATHER CONDITIONS
 THE FOLLOWING WEATHER WAS RECORDED YESTERDAY.
  HAZE


RELATIVE HUMIDITY (PERCENT)
 HIGHEST    66           300 AM
 LOWEST     23           100 PM
 AVERAGE    45

..........................................................


THE STOCKTON AIRPORT CA CLIMATE NORMALS FOR TODAY
                         NORMAL    RECORD    YEAR
 MAXIMUM TEMPERATURE (F)   77        92      1961
 MINIMUM TEMPERATURE (F)   49        40      1998
                                             1971


SUNRISE AND SUNSET
OCTOBER 18 2017.......SUNRISE   717 AM PDT   SUNSET   623 PM PDT
OCTOBER 19 2017.......SUNRISE   718 AM PDT   SUNSET   621 PM PDT


-  INDICATES NEGATIVE NUMBERS.
R  INDICATES RECORD WAS SET OR TIED.
MM INDICATES DATA IS MISSING.
T  INDICATES TRACE AMOUNT.




$$
