000
CDUS46 KSTO 040834
CLISCK


CLIMATE REPORT
NATIONAL WEATHER SERVICE SACRAMENTO, CA
133 AM PDT WED MAY 4 2016


...................................

...THE STOCKTON AIRPORT CA CLIMATE SUMMARY FOR MAY 3 2016...

CLIMATE NORMAL PERIOD 1981 TO 2010
CLIMATE RECORD PERIOD 1948 TO 2016


WEATHER ITEM   OBSERVED TIME   RECORD YEAR NORMAL DEPARTURE LAST
                VALUE   (LST)  VALUE       VALUE  FROM      YEAR
                                                  NORMAL
..................................................................
TEMPERATURE (F)
 YESTERDAY
  MAXIMUM         82    422 PM  96    2004  78      4       81
  MINIMUM         53    415 AM  38    1950  49      4       50
  AVERAGE         68

PRECIPITATION (IN)
  YESTERDAY        0.00          0.68 1956   0.02  -0.02     0.00
  MONTH TO DATE    0.00                      0.07  -0.07     0.00
  SINCE OCT 1     16.34                     13.22   3.12    10.60
  SINCE JAN 1     11.77                      8.49   3.28     2.76

SNOWFALL (IN)
  YESTERDAY        0.0          MM      MM
  MONTH TO DATE    0.0
  SINCE MAR 1      0.0
  SINCE JUL 1      0.0
  SNOW DEPTH       0

DEGREE DAYS
 HEATING
  YESTERDAY        0                         3     -3        0
  MONTH TO DATE    0                        10    -10        0
  SINCE MAR 1    311                       524   -213      232
  SINCE JUL 1   2029                      2586   -557     1671

 COOLING
  YESTERDAY        3                         2      1        1
  MONTH TO DATE    8                         6      2       16
  SINCE MAR 1     34                        23     11       65
  SINCE JAN 1     34                        23     11       65
..................................................................


WIND (MPH)
  RESULTANT WIND SPEED   5   RESULTANT WIND DIRECTION  NW (310)
  HIGHEST WIND SPEED    14   HIGHEST WIND DIRECTION     W (290)
  HIGHEST GUST SPEED    16   HIGHEST GUST DIRECTION    NW (300)


SKY COVER
  POSSIBLE SUNSHINE  MM
  AVERAGE SKY COVER 0.0


WEATHER CONDITIONS
 THE FOLLOWING WEATHER WAS RECORDED YESTERDAY.
  NO SIGNIFICANT WEATHER WAS OBSERVED.


RELATIVE HUMIDITY (PERCENT)
 HIGHEST    89           400 AM
 LOWEST     35          1200 PM
 AVERAGE    62

..........................................................


THE STOCKTON AIRPORT CA CLIMATE NORMALS FOR TODAY
                         NORMAL    RECORD    YEAR
 MAXIMUM TEMPERATURE (F)   78        98      1990
 MINIMUM TEMPERATURE (F)   49        38      1964


SUNRISE AND SUNSET
MAY  4 2016...........SUNRISE   605 AM PDT   SUNSET   759 PM PDT
MAY  5 2016...........SUNRISE   604 AM PDT   SUNSET   800 PM PDT


-  INDICATES NEGATIVE NUMBERS.
R  INDICATES RECORD WAS SET OR TIED.
MM INDICATES DATA IS MISSING.
T  INDICATES TRACE AMOUNT.




$$
