000
CDUS46 KSTO 290835
CLISCK


CLIMATE REPORT
NATIONAL WEATHER SERVICE SACRAMENTO, CA
135 AM PDT SAT AUG 29 2015


...................................

...THE STOCKTON AIRPORT CA CLIMATE SUMMARY FOR AUGUST 28 2015...

CLIMATE NORMAL PERIOD 1981 TO 2010
CLIMATE RECORD PERIOD 1948 TO 2015


WEATHER ITEM   OBSERVED TIME   RECORD YEAR NORMAL DEPARTURE LAST
                VALUE   (LST)  VALUE       VALUE  FROM      YEAR
                                                  NORMAL
..................................................................
TEMPERATURE (F)
 YESTERDAY
  MAXIMUM        103    225 PM 106    1981  91     12       98
  MINIMUM         64    542 AM  49    1955  59      5       61
  AVERAGE         84

PRECIPITATION (IN)
  YESTERDAY        0.00          T    1949   0.00   0.00     0.00
  MONTH TO DATE    0.01                      0.01   0.00     0.01
  SINCE OCT 1     10.72                     13.77  -3.05     7.24
  SINCE JAN 1      2.88                      9.04  -6.16     5.81

SNOWFALL (IN)
  YESTERDAY        0.0          MM      MM
  MONTH TO DATE    0.0
  SINCE JUN 1      0.0
  SINCE JUL 1      0.0
  SNOW DEPTH       0

DEGREE DAYS
 HEATING
  YESTERDAY        0                         0      0        0
  MONTH TO DATE    0                         0      0        0
  SINCE JUN 1      0                         7     -7        0
  SINCE JUL 1      0                         0      0        0

 COOLING
  YESTERDAY       19                        10      9       15
  MONTH TO DATE  346                       303     43      316
  SINCE JUN 1   1092                       896    196     1020
  SINCE JAN 1   1188                      1015    173     1203
..................................................................


WIND (MPH)
  RESULTANT WIND SPEED   3   RESULTANT WIND DIRECTION  NW (310)
  HIGHEST WIND SPEED    20   HIGHEST WIND DIRECTION    NW (300)
  HIGHEST GUST SPEED    23   HIGHEST GUST DIRECTION    NW (300)


SKY COVER
  POSSIBLE SUNSHINE  MM
  AVERAGE SKY COVER 0.0


WEATHER CONDITIONS
 THE FOLLOWING WEATHER WAS RECORDED YESTERDAY.
  LIGHT RAIN


RELATIVE HUMIDITY (PERCENT)
 HIGHEST    63           400 AM
 LOWEST     17           100 PM
 AVERAGE    40

..........................................................


THE STOCKTON AIRPORT CA CLIMATE NORMALS FOR TODAY
                         NORMAL    RECORD    YEAR
 MAXIMUM TEMPERATURE (F)   91       108      2007
 MINIMUM TEMPERATURE (F)   59        48      1957


SUNRISE AND SUNSET
AUGUST 29 2015........SUNRISE   632 AM PDT   SUNSET   739 PM PDT
AUGUST 30 2015........SUNRISE   633 AM PDT   SUNSET   737 PM PDT


-  INDICATES NEGATIVE NUMBERS.
R  INDICATES RECORD WAS SET OR TIED.
MM INDICATES DATA IS MISSING.
T  INDICATES TRACE AMOUNT.




$$
