000
CDUS46 KSTO 280836
CLISCK


CLIMATE REPORT
NATIONAL WEATHER SERVICE SACRAMENTO, CA
135 AM PDT SAT MAR 28 2015


...................................

...THE STOCKTON AIRPORT CA CLIMATE SUMMARY FOR MARCH 27 2015...

CLIMATE NORMAL PERIOD 1981 TO 2010
CLIMATE RECORD PERIOD 1948 TO 2015


WEATHER ITEM   OBSERVED TIME   RECORD YEAR NORMAL DEPARTURE LAST
                VALUE   (LST)  VALUE       VALUE  FROM      YEAR
                                                  NORMAL
..................................................................
TEMPERATURE (F)
 YESTERDAY
  MAXIMUM         86R   320 PM  82    1952  68     18       64
  MINIMUM         51    631 AM  36    1985  43      8       46
                                      1976
  AVERAGE         69

PRECIPITATION (IN)
  YESTERDAY        0.00          1.35 1963   0.06  -0.06     0.03
  MONTH TO DATE    0.17                      1.94  -1.77     1.34
  SINCE OCT 1      9.47                     11.95  -2.48     5.85
  SINCE JAN 1      1.63                      7.22  -5.59     4.42

SNOWFALL (IN)
  YESTERDAY        0.0          MM      MM
  MONTH TO DATE    0.0
  SINCE MAR 1      0.0
  SINCE JUL 1      0.0
  SNOW DEPTH       0

DEGREE DAYS
 HEATING
  YESTERDAY        0                         9     -9       10
  MONTH TO DATE  124                       288   -164      159
  SINCE MAR 1    124                       288   -164      159
  SINCE JUL 1   1563                      2350   -787     1992

 COOLING
  YESTERDAY        4                         0      4        0
  MONTH TO DATE   14                         0     14        0
  SINCE MAR 1     14                         0     14        0
  SINCE JAN 1     14                         0     14        0
..................................................................


WIND (MPH)
  RESULTANT WIND SPEED   6   RESULTANT WIND DIRECTION   W (290)
  HIGHEST WIND SPEED    18   HIGHEST WIND DIRECTION    NW (310)
  HIGHEST GUST SPEED    21   HIGHEST GUST DIRECTION    NW (310)


SKY COVER
  POSSIBLE SUNSHINE  MM
  AVERAGE SKY COVER 0.0


WEATHER CONDITIONS
 THE FOLLOWING WEATHER WAS RECORDED YESTERDAY.
  FOG
  HAZE


RELATIVE HUMIDITY (PERCENT)
 HIGHEST    96           600 AM
 LOWEST     27           300 PM
 AVERAGE    62

..........................................................


THE STOCKTON AIRPORT CA CLIMATE NORMALS FOR TODAY
                         NORMAL    RECORD    YEAR
 MAXIMUM TEMPERATURE (F)   68        84      1957
                                             1952
 MINIMUM TEMPERATURE (F)   44        35      1985
                                             1975
                                             1972


SUNRISE AND SUNSET
MARCH 28 2015.........SUNRISE   657 AM PDT   SUNSET   724 PM PDT
MARCH 29 2015.........SUNRISE   655 AM PDT   SUNSET   725 PM PDT


-  INDICATES NEGATIVE NUMBERS.
R  INDICATES RECORD WAS SET OR TIED.
MM INDICATES DATA IS MISSING.
T  INDICATES TRACE AMOUNT.




$$
