000
CDUS46 KLOX 180905
CLISDB


CLIMATE REPORT
NATIONAL WEATHER SERVICE LOS ANGELES/OXNARD CA
105 AM PST WED JAN 18 2017


...................................

...THE SANDBERG CA CLIMATE SUMMARY FOR JANUARY 17 2017...

CLIMATE NORMAL PERIOD 1981 TO 2010
CLIMATE RECORD PERIOD 1934 TO 2017


WEATHER ITEM   OBSERVED TIME   RECORD YEAR NORMAL DEPARTURE LAST
                VALUE   (LST)  VALUE       VALUE  FROM      YEAR
                                                  NORMAL
..................................................................
TEMPERATURE (F)
 YESTERDAY
  MAXIMUM         55    214 PM  66    2014  49      6       59
  MINIMUM         38    706 AM  17    1949  37      1       40
  AVERAGE         47                        43      4       50

PRECIPITATION (IN)
  YESTERDAY        0.00          2.12 1952   0.07  -0.07     0.00
  MONTH TO DATE    1.26                      1.59  -0.33     1.89
  SINCE OCT 1      5.10                      5.22  -0.12     3.59
  SINCE JAN 1      1.26                      1.59  -0.33     1.89

DEGREE DAYS
 HEATING
  YESTERDAY       18                        22     -4       15
  MONTH TO DATE  366                       377    -11      389
  SINCE DEC 1    981                      1079    -98     1074
  SINCE JUL 1   1430                      1858   -428     1690

 COOLING
  YESTERDAY        0                         0      0        0
  MONTH TO DATE    0                         0      0        0
  SINCE DEC 1      0                         0      0        0
  SINCE JAN 1      0                         0      0        0
..................................................................


WIND (MPH)
  HIGHEST WIND SPEED    18   HIGHEST WIND DIRECTION     E (70)
  HIGHEST GUST SPEED    22   HIGHEST GUST DIRECTION     E (70)
  AVERAGE WIND SPEED     8.5


SKY COVER
  POSSIBLE SUNSHINE  MM
  AVERAGE SKY COVER 0.0


WEATHER CONDITIONS
 THE FOLLOWING WEATHER WAS RECORDED YESTERDAY.
  NO SIGNIFICANT WEATHER WAS OBSERVED.


RELATIVE HUMIDITY (PERCENT)
 HIGHEST    50          1200 AM
 LOWEST     19          1100 PM
 AVERAGE    35

..........................................................


THE SANDBERG CA CLIMATE NORMALS FOR TODAY
                         NORMAL    RECORD    YEAR
 MAXIMUM TEMPERATURE (F)   49        71      2015
 MINIMUM TEMPERATURE (F)   37        18      1943


SUNRISE AND SUNSET
JANUARY 18 2017.......SUNRISE   701 AM PST   SUNSET   510 PM PST
JANUARY 19 2017.......SUNRISE   700 AM PST   SUNSET   511 PM PST


-  INDICATES NEGATIVE NUMBERS.
R  INDICATES RECORD WAS SET OR TIED.
MM INDICATES DATA IS MISSING.
T  INDICATES TRACE AMOUNT.




$$
