000
CDUS46 KLOX 110906
CLISDB


CLIMATE REPORT
NATIONAL WEATHER SERVICE LOS ANGELES/OXNARD CA
106 AM PST THU FEB 11 2016


...................................

...THE SANDBERG CA CLIMATE SUMMARY FOR FEBRUARY 10 2016...

CLIMATE NORMAL PERIOD 1981 TO 2010
CLIMATE RECORD PERIOD 1934 TO 2016


WEATHER ITEM   OBSERVED TIME   RECORD YEAR NORMAL DEPARTURE LAST
                VALUE   (LST)  VALUE       VALUE  FROM      YEAR
                                                  NORMAL
..................................................................
TEMPERATURE (F)
 YESTERDAY
  MAXIMUM         58    200 AM  68    2006  49      9       62
  MINIMUM         58    200 AM  22    1999  38     20       42
                                      1965
  AVERAGE         58                        43     15       52

PRECIPITATION (IN)
  YESTERDAY        0.00          4.60 1962   0.10  -0.10     0.00
  MONTH TO DATE    0.01                      0.83  -0.82     0.01
  SINCE OCT 1      4.72                      6.87  -2.15     6.41
  SINCE JAN 1      3.02                      3.24  -0.22     1.51

DEGREE DAYS
 HEATING
  YESTERDAY        7                        22    -15       13
  MONTH TO DATE  185                       220    -35       69
  SINCE DEC 1   1501                      1606   -105     1059
  SINCE JUL 1   2117                      2385   -268     1449

 COOLING
  YESTERDAY        0                         0      0        0
  MONTH TO DATE    0                         0      0        1
  SINCE DEC 1      0                         0      0        1
  SINCE JAN 1      0                         0      0        1
..................................................................


WIND (MPH)
  HIGHEST WIND SPEED    17   HIGHEST WIND DIRECTION     E (70)
  HIGHEST GUST SPEED    22   HIGHEST GUST DIRECTION     E (70)
  AVERAGE WIND SPEED    12.3


SKY COVER
  POSSIBLE SUNSHINE  MM
  AVERAGE SKY COVER 0.0


WEATHER CONDITIONS
 THE FOLLOWING WEATHER WAS RECORDED YESTERDAY.
  NO SIGNIFICANT WEATHER WAS OBSERVED.


RELATIVE HUMIDITY (PERCENT)
 HIGHEST    24          1200 AM
 LOWEST     23           200 AM
 AVERAGE    24

..........................................................


THE SANDBERG CA CLIMATE NORMALS FOR TODAY
                         NORMAL    RECORD    YEAR
 MAXIMUM TEMPERATURE (F)   49        68      1971
 MINIMUM TEMPERATURE (F)   38        20      1948


SUNRISE AND SUNSET
FEBRUARY 11 2016......SUNRISE   645 AM PST   SUNSET   534 PM PST
FEBRUARY 12 2016......SUNRISE   644 AM PST   SUNSET   535 PM PST


-  INDICATES NEGATIVE NUMBERS.
R  INDICATES RECORD WAS SET OR TIED.
MM INDICATES DATA IS MISSING.
T  INDICATES TRACE AMOUNT.




$$
