000
CDUS46 KLOX 010111
CLISDB


CLIMATE REPORT
NATIONAL WEATHER SERVICE LOS ANGELES/OXNARD CA
611 PM PDT FRI SEP 30 2016


...................................

...THE SANDBERG CA CLIMATE SUMMARY FOR SEPTEMBER 30 2016...
VALID TODAY AS OF 0600 PM LOCAL TIME.

CLIMATE NORMAL PERIOD 1981 TO 2010
CLIMATE RECORD PERIOD 1934 TO 2016


WEATHER ITEM   OBSERVED TIME   RECORD YEAR NORMAL DEPARTURE LAST
                VALUE   (LST)  VALUE       VALUE  FROM      YEAR
                                                  NORMAL
..................................................................
TEMPERATURE (F)
 TODAY
  MAXIMUM         86   1242 PM  91    1980  74     12       83
  MINIMUM         66    555 AM  37    2009  56     10       64
                                      1971
  AVERAGE         76                        65     11       74

PRECIPITATION (IN)
  TODAY            0.00          0.11 1981   0.01  -0.01     0.00
  MONTH TO DATE    T                         0.17  -0.17     0.82
  SINCE OCT 1      6.93                     12.33  -5.40     9.47
  SINCE JAN 1      5.23                      8.70  -3.47     4.57

DEGREE DAYS
 HEATING
  TODAY            0                         4     -4        0
  MONTH TO DATE   33                        62    -29       18
  SINCE SEP 1     33                        61    -28       18
  SINCE JUL 1     33                        78    -45       28

 COOLING
  TODAY           11                         4      7        9
  MONTH TO DATE  242                       189     53      272
  SINCE SEP 1    242                       189     53      272
  SINCE JAN 1   1586                       946    640     1393
..................................................................


WIND (MPH)
  HIGHEST WIND SPEED    20   HIGHEST WIND DIRECTION     S (170)
  HIGHEST GUST SPEED    26   HIGHEST GUST DIRECTION     S (180)
  AVERAGE WIND SPEED    10.4


SKY COVER
  POSSIBLE SUNSHINE  MM
  AVERAGE SKY COVER 0.1


WEATHER CONDITIONS
 THE FOLLOWING WEATHER WAS RECORDED TODAY.
  NO SIGNIFICANT WEATHER WAS OBSERVED.


RELATIVE HUMIDITY (PERCENT)
 HIGHEST    25           400 PM
 LOWEST     20           100 PM
 AVERAGE    23

..........................................................


THE SANDBERG CA CLIMATE NORMALS FOR TOMORROW
                         NORMAL    RECORD    YEAR
 MAXIMUM TEMPERATURE (F)   73        92      2012
                                             1980
 MINIMUM TEMPERATURE (F)   56        34      1971


SUNRISE AND SUNSET
SEPTEMBER 30 2016.....SUNRISE   649 AM PDT   SUNSET   640 PM PDT
OCTOBER  1 2016.......SUNRISE   650 AM PDT   SUNSET   638 PM PDT


-  INDICATES NEGATIVE NUMBERS.
R  INDICATES RECORD WAS SET OR TIED.
MM INDICATES DATA IS MISSING.
T  INDICATES TRACE AMOUNT.




$$
