000
CDUS46 KLOX 241000
CLISDB


CLIMATE REPORT
NATIONAL WEATHER SERVICE LOS ANGELES/OXNARD CA
200 AM PST MON NOV 24 2014


...................................

...THE SANDBERG CA CLIMATE SUMMARY FOR NOVEMBER 23 2014...

CLIMATE NORMAL PERIOD 1981 TO 2010
CLIMATE RECORD PERIOD 1934 TO 2014


WEATHER ITEM   OBSERVED TIME   RECORD YEAR NORMAL DEPARTURE LAST
                VALUE   (LST)  VALUE       VALUE  FROM      YEAR
                                                  NORMAL
..................................................................
TEMPERATURE (F)
 YESTERDAY
  MAXIMUM         59    141 PM  72    1949  53      6       44
  MINIMUM         43    702 AM  23    1952  40      3       35
  AVERAGE         51                        46      5       40

PRECIPITATION (IN)
  YESTERDAY        0.01          0.90 1992   0.03  -0.02      T
  MONTH TO DATE    0.07                      0.54  -0.47     0.39
  SINCE JUL 1      0.73                      1.36  -0.63     0.70
  SINCE JAN 1      4.31                      9.84  -5.53     3.61

DEGREE DAYS
 HEATING
  YESTERDAY       14                        19     -5       25
  MONTH TO DATE  250                       339    -89      232
  SINCE SEP 1    342                       623   -281      449
  SINCE JUL 1    342                       640   -298      449

 COOLING
  YESTERDAY        0                         0      0        0
  MONTH TO DATE   18                         0     18        4
  SINCE SEP 1    507                       239    268      333
  SINCE JAN 1   1687                       996    691     1565
..................................................................


WIND (MPH)
  HIGHEST WIND SPEED    37   HIGHEST WIND DIRECTION     N (340)
  HIGHEST GUST SPEED    44   HIGHEST GUST DIRECTION     N (340)
  AVERAGE WIND SPEED    15.0


SKY COVER
  POSSIBLE SUNSHINE  MM
  AVERAGE SKY COVER 0.3


WEATHER CONDITIONS
 THE FOLLOWING WEATHER WAS RECORDED YESTERDAY.
  LIGHT RAIN
  FOG
  FOG W/VISIBILITY <= 1/4 MILE
  HAZE


RELATIVE HUMIDITY (PERCENT)
 HIGHEST    89           300 AM
 LOWEST     23           200 PM
 AVERAGE    56

..........................................................


THE SANDBERG CA CLIMATE NORMALS FOR TODAY
                         NORMAL    RECORD    YEAR
 MAXIMUM TEMPERATURE (F)   52        72      1995
 MINIMUM TEMPERATURE (F)   40        24      2010


SUNRISE AND SUNSET
NOVEMBER 24 2014......SUNRISE   638 AM PST   SUNSET   446 PM PST
NOVEMBER 25 2014......SUNRISE   639 AM PST   SUNSET   445 PM PST


-  INDICATES NEGATIVE NUMBERS.
R  INDICATES RECORD WAS SET OR TIED.
MM INDICATES DATA IS MISSING.
T  INDICATES TRACE AMOUNT.




$$
