000
CDUS46 KLOX 250857
CLISDB


CLIMATE REPORT
NATIONAL WEATHER SERVICE LOS ANGELES/OXNARD CA
157 AM PDT MON SEP 25 2017


...................................

...THE SANDBERG CA CLIMATE SUMMARY FOR SEPTEMBER 24 2017...

CLIMATE NORMAL PERIOD 1981 TO 2010
CLIMATE RECORD PERIOD 1934 TO 2017


WEATHER ITEM   OBSERVED TIME   RECORD YEAR NORMAL DEPARTURE LAST
                VALUE   (LST)  VALUE       VALUE  FROM      YEAR
                                                  NORMAL
..................................................................
TEMPERATURE (F)
 YESTERDAY
  MAXIMUM         73    258 PM  93    2015  76     -3       83
  MINIMUM         51    534 AM  38    1934  58     -7       55
  AVERAGE         62                        67     -5       69

PRECIPITATION (IN)
  YESTERDAY        0.00          0.68 1939   0.01  -0.01     0.00
  MONTH TO DATE    0.22                      0.12   0.10     0.00
  SINCE OCT 1     13.89                     12.28   1.61     6.93
  SINCE JAN 1     10.05                      8.65   1.40     5.23

DEGREE DAYS
 HEATING
  YESTERDAY        3                         3      0        0
  MONTH TO DATE   51                        40     11       33
  SINCE SEP 1     51                        40     11       33
  SINCE JUL 1     52                        57     -5       33

 COOLING
  YESTERDAY        0                         5     -5        4
  MONTH TO DATE  171                       162      9      173
  SINCE SEP 1    171                       162      9      173
  SINCE JAN 1   1643                       919    724     1517
..................................................................


WIND (MPH)
  HIGHEST WIND SPEED    24   HIGHEST WIND DIRECTION     E (80)
  HIGHEST GUST SPEED    32   HIGHEST GUST DIRECTION     E (80)
  AVERAGE WIND SPEED    12.0


SKY COVER
  POSSIBLE SUNSHINE  MM
  AVERAGE SKY COVER 0.0


WEATHER CONDITIONS
 THE FOLLOWING WEATHER WAS RECORDED YESTERDAY.
  NO SIGNIFICANT WEATHER WAS OBSERVED.


RELATIVE HUMIDITY (PERCENT)
 HIGHEST    41          1200 AM
 LOWEST     14           200 PM
 AVERAGE    28

..........................................................


THE SANDBERG CA CLIMATE NORMALS FOR TODAY
                         NORMAL    RECORD    YEAR
 MAXIMUM TEMPERATURE (F)   76        91      2015
                                             1960
 MINIMUM TEMPERATURE (F)   58        35      1948


SUNRISE AND SUNSET
SEPTEMBER 25 2017.....SUNRISE   645 AM PDT   SUNSET   647 PM PDT
SEPTEMBER 26 2017.....SUNRISE   646 AM PDT   SUNSET   645 PM PDT


-  INDICATES NEGATIVE NUMBERS.
R  INDICATES RECORD WAS SET OR TIED.
MM INDICATES DATA IS MISSING.
T  INDICATES TRACE AMOUNT.




$$
