000
CDUS46 KLOX 280114
CLISDB


CLIMATE REPORT
NATIONAL WEATHER SERVICE LOS ANGELES/OXNARD CA
513 PM PST MON FEB 27 2017


...................................

...THE SANDBERG CA CLIMATE SUMMARY FOR FEBRUARY 27 2017...
VALID TODAY AS OF 500 PM LOCAL TIME.

CLIMATE NORMAL PERIOD 1981 TO 2010
CLIMATE RECORD PERIOD 1934 TO 2017


WEATHER ITEM   OBSERVED TIME   RECORD YEAR NORMAL DEPARTURE LAST
                VALUE   (LST)  VALUE       VALUE  FROM      YEAR
                                                  NORMAL
..................................................................
TEMPERATURE (F)
 TODAY
  MAXIMUM         38    346 PM  72    1972  51    -13       68
  MINIMUM         35    459 PM  13    1962  39     -4       46
  AVERAGE         37                        45     -8       57

PRECIPITATION (IN)
  TODAY            T             6.32 1991   0.12  -0.12     0.00
  MONTH TO DATE    5.24                      3.12   2.12     0.29
  SINCE OCT 1     12.31                      9.16   3.15     5.00
  SINCE JAN 1      8.47                      5.53   2.94     3.30

DEGREE DAYS
 HEATING
  TODAY           28                        20      8        8
  MONTH TO DATE  483                       575    -92      314
  SINCE DEC 1   1781                      1961   -180     1630
  SINCE JUL 1   2230                      2740   -510     2246

 COOLING
  TODAY            0                         0      0        0
  MONTH TO DATE    0                         0      0        0
  SINCE DEC 1      0                         0      0        0
  SINCE JAN 1      0                         0      0        0
..................................................................


WIND (MPH)
  HIGHEST WIND SPEED    29   HIGHEST WIND DIRECTION    SW (210)
  HIGHEST GUST SPEED    37   HIGHEST GUST DIRECTION     S (200)
  AVERAGE WIND SPEED    13.1


SKY COVER
  POSSIBLE SUNSHINE  MM
  AVERAGE SKY COVER 1.0


WEATHER CONDITIONS
 THE FOLLOWING WEATHER WAS RECORDED TODAY.
  LIGHT SNOW
  FOG
  FOG W/VISIBILITY <= 1/4 MILE


RELATIVE HUMIDITY (PERCENT)
 HIGHEST   100           500 AM
 LOWEST     92          1200 AM
 AVERAGE    96

..........................................................


THE SANDBERG CA CLIMATE NORMALS FOR TOMORROW
                         NORMAL    RECORD    YEAR
 MAXIMUM TEMPERATURE (F)   51        69      1986
 MINIMUM TEMPERATURE (F)   39        20      1971


SUNRISE AND SUNSET
FEBRUARY 27 2017......SUNRISE   626 AM PST   SUNSET   549 PM PST
FEBRUARY 28 2017......SUNRISE   625 AM PST   SUNSET   550 PM PST


-  INDICATES NEGATIVE NUMBERS.
R  INDICATES RECORD WAS SET OR TIED.
MM INDICATES DATA IS MISSING.
T  INDICATES TRACE AMOUNT.




$$
