000
CDUS43 KLMK 012045
CLISDF


CLIMATE REPORT
NATIONAL WEATHER SERVICE LOUISVILLE KY
445 PM EDT SUN MAY 1 2016


...................................

...THE LOUISVILLE KY CLIMATE SUMMARY FOR MAY 1 2016...
VALID TODAY AS OF 0400 PM LOCAL TIME.

CLIMATE NORMAL PERIOD 1981 TO 2010
CLIMATE RECORD PERIOD 1871 TO 2016


WEATHER ITEM   OBSERVED TIME   RECORD YEAR NORMAL DEPARTURE LAST
                VALUE   (LST)  VALUE       VALUE  FROM      YEAR
                                                  NORMAL
..................................................................
TEMPERATURE (F)
 TODAY
  MAXIMUM         83    205 PM  92    1951  73     10       73
  MINIMUM         64    632 AM  31    1963  52     12       45
  AVERAGE         74                        63     11       59

PRECIPITATION (IN)
  TODAY            0.08          2.34 1983   0.17  -0.09     0.00
  MONTH TO DATE    0.08                      0.17  -0.09     0.00
  SINCE MAR 1      8.76                      8.35   0.41    18.64
  SINCE JAN 1     14.58                     14.77  -0.19    21.74

SNOWFALL (IN)
  TODAY            0.0           T    1909   0.0    0.0      0.0
  MONTH TO DATE    0.0                       0.0    0.0      0.0
  SINCE MAR 1      0.5                       1.5   -1.0     11.9
  SINCE JUL 1     14.9                      12.5    2.4     27.6
  SNOW DEPTH       0

DEGREE DAYS
 HEATING
  TODAY            0                         4     -4        6
  MONTH TO DATE    0                         4     -4        6
  SINCE MAR 1    539                       788   -249      749
  SINCE JUL 1   3161                      4029   -868     4369

 COOLING
  TODAY            9                         2      7        0
  MONTH TO DATE    9                         2      7        0
  SINCE MAR 1     72                        45     27       42
  SINCE JAN 1     72                        45     27       42
..................................................................


WIND (MPH)
  HIGHEST WIND SPEED    26   HIGHEST WIND DIRECTION     W (290)
  HIGHEST GUST SPEED    31   HIGHEST GUST DIRECTION     W (290)
  AVERAGE WIND SPEED     5.4


SKY COVER
  POSSIBLE SUNSHINE  MM
  AVERAGE SKY COVER 0.7


WEATHER CONDITIONS
 THE FOLLOWING WEATHER WAS RECORDED TODAY.
  THUNDERSTORM
  LIGHT RAIN
  FOG
  HAZE


RELATIVE HUMIDITY (PERCENT)
 HIGHEST    93           100 AM
 LOWEST     51           200 PM
 AVERAGE    72

..........................................................


THE LOUISVILLE KY CLIMATE NORMALS FOR TOMORROW
                         NORMAL    RECORD    YEAR
 MAXIMUM TEMPERATURE (F)   74        94      1959
 MINIMUM TEMPERATURE (F)   53        32      1963


SUNRISE AND SUNSET
MAY  1 2016...........SUNRISE   646 AM EDT   SUNSET   835 PM EDT
MAY  2 2016...........SUNRISE   645 AM EDT   SUNSET   836 PM EDT


-  INDICATES NEGATIVE NUMBERS.
R  INDICATES RECORD WAS SET OR TIED.
MM INDICATES DATA IS MISSING.
T  INDICATES TRACE AMOUNT.




$$
