000
CDUS43 KLMK 270632
CLISDF


CLIMATE REPORT
NATIONAL WEATHER SERVICE LOUISVILLE KY
232 AM EDT FRI MAR 27 2015


...................................

...THE LOUISVILLE KY CLIMATE SUMMARY FOR MARCH 26 2015...

CLIMATE NORMAL PERIOD 1981 TO 2010
CLIMATE RECORD PERIOD 1871 TO 2015


WEATHER ITEM   OBSERVED TIME   RECORD YEAR NORMAL DEPARTURE LAST
                VALUE   (LST)  VALUE       VALUE  FROM      YEAR
                                                  NORMAL
..................................................................
TEMPERATURE (F)
 YESTERDAY
  MAXIMUM         59   1201 AM  84    2007  62     -3       46
                                      1907
  MINIMUM         40   1059 PM  12    1955  41     -1       20
  AVERAGE         50                        51     -1       33

PRECIPITATION (IN)
  YESTERDAY        0.59          1.91 1948   0.15   0.44     0.00
  MONTH TO DATE    7.79                      3.47   4.32     1.25
  SINCE MAR 1      7.79                      3.47   4.32     1.25
  SINCE JAN 1     10.89                      9.89   1.00     7.41

SNOWFALL (IN)
  YESTERDAY        0.0           0.9  1969   0.0    0.0      0.0
  MONTH TO DATE   11.9                       1.3   10.6      4.1
  SINCE MAR 1     11.9                       1.3   10.6      4.1
  SINCE JUL 1     27.6                      12.3   15.3     25.9
  SNOW DEPTH       0

DEGREE DAYS
 HEATING
  YESTERDAY       15                        14      1       32
  MONTH TO DATE  470                       472     -2      577
  SINCE MAR 1    470                       472     -2      577
  SINCE JUL 1   4090                      3713    377     4231

 COOLING
  YESTERDAY        0                         0      0        0
  MONTH TO DATE    1                         0      1        0
  SINCE MAR 1      1                         0      1        0
  SINCE JAN 1      1                         0      1        0
..................................................................


WIND (MPH)
  HIGHEST WIND SPEED    21   HIGHEST WIND DIRECTION    NW (300)
  HIGHEST GUST SPEED    27   HIGHEST GUST DIRECTION     W (290)
  AVERAGE WIND SPEED     9.3


SKY COVER
  POSSIBLE SUNSHINE  MM
  AVERAGE SKY COVER 0.9


WEATHER CONDITIONS
 THE FOLLOWING WEATHER WAS RECORDED YESTERDAY.
  HEAVY RAIN
  RAIN
  LIGHT RAIN
  FOG
  HAZE


RELATIVE HUMIDITY (PERCENT)
 HIGHEST    93           500 AM
 LOWEST     62          1200 AM
 AVERAGE    78

..........................................................


THE LOUISVILLE KY CLIMATE NORMALS FOR TODAY
                         NORMAL    RECORD    YEAR
 MAXIMUM TEMPERATURE (F)   62        87      1910
 MINIMUM TEMPERATURE (F)   41        14      1947


SUNRISE AND SUNSET
MARCH 27 2015.........SUNRISE   736 AM EDT   SUNSET   801 PM EDT
MARCH 28 2015.........SUNRISE   735 AM EDT   SUNSET   802 PM EDT


-  INDICATES NEGATIVE NUMBERS.
R  INDICATES RECORD WAS SET OR TIED.
MM INDICATES DATA IS MISSING.
T  INDICATES TRACE AMOUNT.




$$
