000
CDUS43 KLMK 210628
CLISDF


CLIMATE REPORT
NATIONAL WEATHER SERVICE LOUISVILLE KY
228 AM EDT TUE OCT 21 2014


...................................

...THE LOUISVILLE KY CLIMATE SUMMARY FOR OCTOBER 20 2014...

CLIMATE NORMAL PERIOD 1981 TO 2010
CLIMATE RECORD PERIOD 1871 TO 2014


WEATHER ITEM   OBSERVED TIME   RECORD YEAR NORMAL DEPARTURE LAST
                VALUE   (LST)  VALUE       VALUE  FROM      YEAR
                                                  NORMAL
..................................................................
TEMPERATURE (F)
 YESTERDAY
  MAXIMUM         69    342 PM  86    1963  69      0       63
                                      1953
  MINIMUM         46    418 AM  30    1972  48     -2       38
                                      1895
  AVERAGE         58                        58      0       51

PRECIPITATION (IN)
  YESTERDAY        0.19          1.44 1985   0.10   0.09     0.00
  MONTH TO DATE    3.22                      2.10   1.12     7.85
  SINCE SEP 1      6.53                      5.15   1.38    10.55
  SINCE JAN 1     37.70                     36.37   1.33    42.36

SNOWFALL (IN)
  YESTERDAY        0.0           T    1989   0.0    0.0      0.0
                                      1913
  MONTH TO DATE    0.0                       0.0    0.0      0.0
  SINCE SEP 1      0.0                       0.0    0.0      0.0
  SINCE JUL 1      0.0                       0.0    0.0      0.0
  SNOW DEPTH       0

DEGREE DAYS
 HEATING
  YESTERDAY        7                         8     -1       14
  MONTH TO DATE   93                       110    -17       74
  SINCE SEP 1    106                       140    -34       80
  SINCE JUL 1    106                       140    -34       80

 COOLING
  YESTERDAY        0                         1     -1        0
  MONTH TO DATE   25                        35    -10       53
  SINCE SEP 1    228                       245    -17      288
  SINCE JAN 1   1620                      1602     18     1628
..................................................................


WIND (MPH)
  HIGHEST WIND SPEED    28   HIGHEST WIND DIRECTION    SW (220)
  HIGHEST GUST SPEED    32   HIGHEST GUST DIRECTION    SW (230)
  AVERAGE WIND SPEED    10.7


SKY COVER
  POSSIBLE SUNSHINE  MM
  AVERAGE SKY COVER 0.6


WEATHER CONDITIONS
 THE FOLLOWING WEATHER WAS RECORDED YESTERDAY.
  THUNDERSTORM
  RAIN
  LIGHT RAIN
  FOG


RELATIVE HUMIDITY (PERCENT)
 HIGHEST    93           500 AM
 LOWEST     53           300 PM
 AVERAGE    73

..........................................................


THE LOUISVILLE KY CLIMATE NORMALS FOR TODAY
                         NORMAL    RECORD    YEAR
 MAXIMUM TEMPERATURE (F)   68        88      1953
 MINIMUM TEMPERATURE (F)   47        24      1952


SUNRISE AND SUNSET
OCTOBER 21 2014.......SUNRISE   758 AM EDT   SUNSET   657 PM EDT
OCTOBER 22 2014.......SUNRISE   759 AM EDT   SUNSET   656 PM EDT


-  INDICATES NEGATIVE NUMBERS.
R  INDICATES RECORD WAS SET OR TIED.
MM INDICATES DATA IS MISSING.
T  INDICATES TRACE AMOUNT.




$$
