000
CDUS43 KLMK 300626
CLISDF


CLIMATE REPORT
NATIONAL WEATHER SERVICE LOUISVILLE KY
226 AM EDT SAT MAY 30 2015


...................................

...THE LOUISVILLE KY CLIMATE SUMMARY FOR MAY 29 2015...

CLIMATE NORMAL PERIOD 1981 TO 2010
CLIMATE RECORD PERIOD 1871 TO 2015


WEATHER ITEM   OBSERVED TIME   RECORD YEAR NORMAL DEPARTURE LAST
                VALUE   (LST)  VALUE       VALUE  FROM      YEAR
                                                  NORMAL
..................................................................
TEMPERATURE (F)
 YESTERDAY
  MAXIMUM         83    545 PM  95    1911  81      2       86
  MINIMUM         67    606 AM  43    1965  61      6       69
  AVERAGE         75                        71      4       78

PRECIPITATION (IN)
  YESTERDAY        0.00          3.54 1880   0.16  -0.16     0.05
  MONTH TO DATE    2.26                      4.95  -2.69     3.90
  SINCE MAR 1     20.90                     13.13   7.77    13.21
  SINCE JAN 1     24.00                     19.55   4.45    19.37

SNOWFALL (IN)
  YESTERDAY        0.0          MM      MM   0.0    0.0      0.0
  MONTH TO DATE    0.0                       0.0    0.0      0.0
  SINCE MAR 1     11.9                       1.5   10.4      4.2
  SINCE JUL 1     27.6                      12.5   15.1     26.0
  SNOW DEPTH       0

DEGREE DAYS
 HEATING
  YESTERDAY        0                         1     -1        0
  MONTH TO DATE   24                        66    -42       69
  SINCE MAR 1    767                       850    -83      893
  SINCE JUL 1   4387                      4091    296     4547

 COOLING
  YESTERDAY       10                         7      3       13
  MONTH TO DATE  192                       116     76      178
  SINCE MAR 1    234                       159     75      209
  SINCE JAN 1    234                       159     75      209
..................................................................


WIND (MPH)
  HIGHEST WIND SPEED    20   HIGHEST WIND DIRECTION    SE (150)
  HIGHEST GUST SPEED    24   HIGHEST GUST DIRECTION    SE (150)
  AVERAGE WIND SPEED     8.5


SKY COVER
  POSSIBLE SUNSHINE  MM
  AVERAGE SKY COVER 0.6


WEATHER CONDITIONS
 THE FOLLOWING WEATHER WAS RECORDED YESTERDAY.
  NO SIGNIFICANT WEATHER WAS OBSERVED.


RELATIVE HUMIDITY (PERCENT)
 HIGHEST    93           600 AM
 LOWEST     55           500 PM
 AVERAGE    74

..........................................................


THE LOUISVILLE KY CLIMATE NORMALS FOR TODAY
                         NORMAL    RECORD    YEAR
 MAXIMUM TEMPERATURE (F)   81        94      2011
                                             1895
 MINIMUM TEMPERATURE (F)   61        40      1947
                                             1889


SUNRISE AND SUNSET
MAY 30 2015...........SUNRISE   622 AM EDT   SUNSET   859 PM EDT
MAY 31 2015...........SUNRISE   622 AM EDT   SUNSET   859 PM EDT


-  INDICATES NEGATIVE NUMBERS.
R  INDICATES RECORD WAS SET OR TIED.
MM INDICATES DATA IS MISSING.
T  INDICATES TRACE AMOUNT.




$$
