000
CDUS46 KSEW 020828
CLISEA


CLIMATE REPORT
NATIONAL WEATHER SERVICE SEATTLE WA
1228 AM PST MON MAR 2 2015


...................................

...THE SEATTLE-TACOMA WA AIRPORT CLIMATE SUMMARY FOR MARCH 1 2015...

CLIMATE NORMAL PERIOD 1981 TO 2010
CLIMATE RECORD PERIOD 1945 TO 2015


WEATHER ITEM   OBSERVED TIME   RECORD YEAR NORMAL DEPARTURE LAST
                VALUE   (LST)  VALUE       VALUE  FROM      YEAR
                                                  NORMAL
..................................................................
TEMPERATURE (F)
 YESTERDAY
  MAXIMUM         52    415 PM  62    1990  52      0       45
                                      1968
  MINIMUM         34    601 AM  23    1971  38     -4       40
  AVERAGE         43                        44     -1       43

PRECIPITATION (IN)
  YESTERDAY        0.00          0.84 1975   0.13  -0.13     0.02
  MONTH TO DATE    0.00                      0.13  -0.13     0.02
  SINCE OCT 1     25.31                     24.60   0.71    16.82
  SINCE JAN 1      8.93                      9.20  -0.27     9.83

SNOWFALL (IN)
  YESTERDAY        0.0           6.0  1989                    T
  MONTH TO DATE    0.0                                        T
  SINCE OCT 1      0.8                                       4.0
  SINCE JUL 1      0.8                                       4.0
  SNOW DEPTH       0

DEGREE DAYS
 HEATING
  YESTERDAY       22                        20      2       22
  MONTH TO DATE   22                        20      2       22
  SINCE MAR 1     22                        20      2       22
  SINCE JUL 1   2525                      3274   -749     3097

 COOLING
  YESTERDAY        0                         0      0        0
  MONTH TO DATE    0                         0      0        0
  SINCE MAR 1      0                         0      0        0
  SINCE JAN 1      0                         0      0        0
..................................................................


WIND (MPH)
  RESULTANT WIND SPEED   1   RESULTANT WIND DIRECTION  SE (150)
  HIGHEST WIND SPEED    15   HIGHEST WIND DIRECTION     N (20)
  HIGHEST GUST SPEED    17   HIGHEST GUST DIRECTION     N (10)
  AVERAGE WIND SPEED     4.8


SKY COVER
  AVERAGE SKY COVER 0.6


WEATHER CONDITIONS
 THE FOLLOWING WEATHER WAS RECORDED YESTERDAY.
  NO SIGNIFICANT WEATHER WAS OBSERVED.


RELATIVE HUMIDITY (PERCENT)
 HIGHEST    75           400 AM
 LOWEST     38           100 PM
 AVERAGE    57

..........................................................


THE SEATTLE-TACOMA WA AIRPORT CLIMATE NORMALS FOR TODAY
                         NORMAL    RECORD    YEAR
 MAXIMUM TEMPERATURE (F)   52        64      1990
                                             1965
 MINIMUM TEMPERATURE (F)   38        22      1989


SUNRISE AND SUNSET
MARCH  2 2015.........SUNRISE   648 AM PST   SUNSET   556 PM PST
MARCH  3 2015.........SUNRISE   646 AM PST   SUNSET   557 PM PST


-  INDICATES NEGATIVE NUMBERS.
R  INDICATES RECORD WAS SET OR TIED.
MM INDICATES DATA IS MISSING.
T  INDICATES TRACE AMOUNT.




$$
