000
CDUS46 KSEW 090834
CLISEW


CLIMATE REPORT
NATIONAL WEATHER SERVICE SEATTLE WA
1233 AM PST FRI DEC 9 2016


...................................

...THE SEATTLE WA WFO CLIMATE SUMMARY FOR DECEMBER 8 2016...

CLIMATE NORMAL PERIOD 1981 TO 2010
CLIMATE RECORD PERIOD 1986 TO 2016


WEATHER ITEM   OBSERVED TIME   RECORD YEAR     LAST
                VALUE   (LST)  VALUE           YEAR
....................................................
TEMPERATURE (F)
 YESTERDAY
  MAXIMUM         39        MM  58    2015    58
                                      2014
  MINIMUM         27        MM  18    2013    49
  AVERAGE         33                          54

PRECIPITATION (IN)
  YESTERDAY        0.05          1.51 2015     1.51
  MONTH TO DATE    0.78                        4.81
  SINCE OCT 1     18.79                       15.80
  SINCE JAN 1     42.10                       34.75

SNOWFALL (IN)
  YESTERDAY        0.8                         0.0
  MONTH TO DATE    0.8                         0.0
  SINCE OCT 1      0.8                         0.0
  SINCE JUL 1      0.8                         0.0
  SNOW DEPTH       1

DEGREE DAYS
 HEATING
  YESTERDAY       32                          11
  MONTH TO DATE  200                         127
  SINCE DEC 1    200                         127
  SINCE JUL 1   1011                        1111

 COOLING
  YESTERDAY        0                           0
  MONTH TO DATE    0                           0
  SINCE DEC 1      0                           0
  SINCE JAN 1    260                         430
....................................................


WIND (MPH)
  HIGHEST WIND SPEED    MM   HIGHEST WIND DIRECTION    MM
  HIGHEST GUST SPEED    MM   HIGHEST GUST DIRECTION    MM
  AVERAGE WIND SPEED    MM



WEATHER CONDITIONS
 THE FOLLOWING WEATHER WAS RECORDED YESTERDAY.
  LIGHT SNOW
  FOG






-  INDICATES NEGATIVE NUMBERS.
R  INDICATES RECORD WAS SET OR TIED.
MM INDICATES DATA IS MISSING.
T  INDICATES TRACE AMOUNT.




$$
