000
CDUS46 KSEW 260829
CLISEW


CLIMATE REPORT
NATIONAL WEATHER SERVICE SEATTLE WA
1228 AM PST WED NOV 26 2014


...................................

...THE SEATTLE WA WFO CLIMATE SUMMARY FOR NOVEMBER 25 2014...

CLIMATE NORMAL PERIOD 1981 TO 2010
CLIMATE RECORD PERIOD 1986 TO 2014


WEATHER ITEM   OBSERVED TIME   RECORD YEAR     LAST
                VALUE   (LST)  VALUE           YEAR
....................................................
TEMPERATURE (F)
 YESTERDAY
  MAXIMUM         57R       MM  55    2009    52
  MINIMUM         47        MM  25    1993    33
  AVERAGE         52                          43

PRECIPITATION (IN)
  YESTERDAY        0.28          0.89 2005     0.00
  MONTH TO DATE    2.83                        3.01
  SINCE OCT 1      9.60                        4.12
  SINCE JAN 1     39.81                       28.03

SNOWFALL (IN)
  YESTERDAY        0.0                         0.0
  MONTH TO DATE    0.0                         0.0
  SINCE OCT 1      0.0                         0.0
  SINCE JUL 1      0.0                         0.0
  SNOW DEPTH       0

DEGREE DAYS
 HEATING
  YESTERDAY       13                          22
  MONTH TO DATE  457                         458
  SINCE SEP 1    690                         974
  SINCE JUL 1    709                         995

 COOLING
  YESTERDAY        0                           0
  MONTH TO DATE    0                           0
  SINCE SEP 1     42                          47
  SINCE JAN 1    366                         314
....................................................


WIND (MPH)
  HIGHEST WIND SPEED    MM   HIGHEST WIND DIRECTION    MM
  HIGHEST GUST SPEED    MM   HIGHEST GUST DIRECTION    MM
  AVERAGE WIND SPEED    MM



WEATHER CONDITIONS
 THE FOLLOWING WEATHER WAS RECORDED YESTERDAY.
  LIGHT RAIN
  FOG






-  INDICATES NEGATIVE NUMBERS.
R  INDICATES RECORD WAS SET OR TIED.
MM INDICATES DATA IS MISSING.
T  INDICATES TRACE AMOUNT.




$$
