000
CDUS46 KMTR 280827
CLISFD


CLIMATE REPORT
NATIONAL WEATHER SERVICE SAN FRANCISCO BAY AREA
126 AM PDT SAT MAR 28 2015


...................................

...THE SAN FRANCISCO DWTN CA CLIMATE SUMMARY FOR MARCH 27 2015...

CLIMATE NORMAL PERIOD 1981 TO 2010
CLIMATE RECORD PERIOD 1850 TO 2015


WEATHER ITEM   OBSERVED TIME   RECORD YEAR NORMAL DEPARTURE LAST
                VALUE   (LST)  VALUE       VALUE  FROM      YEAR
                                                  NORMAL
..................................................................
TEMPERATURE (F)
 YESTERDAY
  MAXIMUM         59    143 PM  84    1923  62     -3       63
  MINIMUM         51    643 AM  42    1898  49      2       53
  AVERAGE         55                        55      0       58

PRECIPITATION (IN)
  YESTERDAY        0.00          1.80 1858   0.08  -0.08     0.00
  MONTH TO DATE    0.12                      2.94  -2.82     1.45
  SINCE OCT 1     16.04                     20.74  -4.70     8.98
  SINCE JAN 1      1.59                     11.90 -10.31     7.33

DEGREE DAYS
 HEATING
  YESTERDAY       10                        MM     MM        7
  MONTH TO DATE  136                        MM     MM      162
  SINCE MAR 1    136                        MM     MM      162
  SINCE JUL 1   1210                        MM     MM     1825

 COOLING
  YESTERDAY        0                        MM     MM        0
  MONTH TO DATE    8                         0      8        1
  SINCE MAR 1      8                         0      8        1
  SINCE JAN 1      8                         0      8        1
..................................................................







THE SAN FRANCISCO DWTN CA CLIMATE NORMALS FOR TODAY
                         NORMAL    RECORD    YEAR
 MAXIMUM TEMPERATURE (F)   62        81      1986
 MINIMUM TEMPERATURE (F)   49        42      1897


SUNRISE AND SUNSET
MARCH 28 2015.........SUNRISE   701 AM PDT   SUNSET   729 PM PDT
MARCH 29 2015.........SUNRISE   700 AM PDT   SUNSET   730 PM PDT


-  INDICATES NEGATIVE NUMBERS.
R  INDICATES RECORD WAS SET OR TIED.
MM INDICATES DATA IS MISSING.
T  INDICATES TRACE AMOUNT.




$$
