000
CDUS46 KMTR 310828
CLISFD


CLIMATE REPORT
NATIONAL WEATHER SERVICE SAN FRANCISCO BAY AREA
128 AM PDT FRI OCT 31 2014


...................................

...THE SAN FRANCISCO DWTN CA CLIMATE SUMMARY FOR OCTOBER 30 2014...

CLIMATE NORMAL PERIOD 1981 TO 2010
CLIMATE RECORD PERIOD 1850 TO 2014


WEATHER ITEM   OBSERVED TIME   RECORD YEAR NORMAL DEPARTURE LAST
                VALUE   (LST)  VALUE       VALUE  FROM      YEAR
                                                  NORMAL
..................................................................
TEMPERATURE (F)
 YESTERDAY
  MAXIMUM         71   1043 AM  84    1949  67      4       64
  MINIMUM         61   1043 PM  46    1935  53      8       50
  AVERAGE         66                        60      6       57

PRECIPITATION (IN)
  YESTERDAY        0.00          1.22 1927   0.07  -0.07     0.00
  MONTH TO DATE    0.24                      1.05  -0.81     0.00
  SINCE JUL 1      0.88                      1.32  -0.44     0.43
  SINCE JAN 1     11.34                     15.86  -4.52     3.94

DEGREE DAYS
 HEATING
  YESTERDAY        0                        MM     MM        8
  MONTH TO DATE   51                        MM     MM      176
  SINCE SEP 1     82                        MM     MM      229
  SINCE JUL 1    212                        MM     MM      499

 COOLING
  YESTERDAY        1                        MM     MM        0
  MONTH TO DATE   68                         0     68       27
  SINCE SEP 1     94                         0     94       43
  SINCE JAN 1    161                         0    161       71
..................................................................







THE SAN FRANCISCO DWTN CA CLIMATE NORMALS FOR TODAY
                         NORMAL    RECORD    YEAR
 MAXIMUM TEMPERATURE (F)   67        83      1966
 MINIMUM TEMPERATURE (F)   52        43      1935


SUNRISE AND SUNSET
OCTOBER 31 2014.......SUNRISE   734 AM PDT   SUNSET   612 PM PDT
NOVEMBER  1 2014......SUNRISE   735 AM PDT   SUNSET   611 PM PDT


-  INDICATES NEGATIVE NUMBERS.
R  INDICATES RECORD WAS SET OR TIED.
MM INDICATES DATA IS MISSING.
T  INDICATES TRACE AMOUNT.




$$
