000
CDUS46 KMTR 010034
CLISFD


CLIMATE REPORT
NATIONAL WEATHER SERVICE SAN FRANCISCO BAY AREA
534 PM PDT TUE MAY 31 2016


...................................

...THE SAN FRANCISCO DWTN CA CLIMATE SUMMARY FOR MAY 31 2016...
VALID TODAY AS OF 0500 PM LOCAL TIME.

CLIMATE NORMAL PERIOD 1981 TO 2010
CLIMATE RECORD PERIOD 1850 TO 2016


WEATHER ITEM   OBSERVED TIME   RECORD YEAR NORMAL DEPARTURE LAST
                VALUE   (LST)  VALUE       VALUE  FROM      YEAR
                                                  NORMAL
..................................................................
TEMPERATURE (F)
 TODAY
  MAXIMUM         71    343 PM  90    2001  65      6       60
  MINIMUM         52    543 AM  47    1971  52      0       50
  AVERAGE         62                        59      3       55

PRECIPITATION (IN)
  TODAY            0.00          0.76 1899   0.01  -0.01     0.00
  MONTH TO DATE    0.15                      0.70  -0.55     0.09
  SINCE OCT 1     23.06                     23.22  -0.16    17.43
  SINCE JAN 1     16.45                     14.38   2.07     2.98

DEGREE DAYS
 HEATING
  TODAY            3                        MM     MM       10
  MONTH TO DATE  186                        MM     MM      278
  SINCE MAR 1    610                       816   -206      675
  SINCE JUL 1   1935                      2734   -799     1749

 COOLING
  TODAY            0                        MM     MM        0
  MONTH TO DATE    4                         8     -4        0
  SINCE MAR 1     23                        17      6       14
  SINCE JAN 1     26                        17      9       14
..................................................................







THE SAN FRANCISCO DWTN CA CLIMATE NORMALS FOR TOMORROW
                         NORMAL    RECORD    YEAR
 MAXIMUM TEMPERATURE (F)   65        90      1989
 MINIMUM TEMPERATURE (F)   52        47      1900


SUNRISE AND SUNSET
MAY 31 2016...........SUNRISE   550 AM PDT   SUNSET   826 PM PDT
JUNE  1 2016..........SUNRISE   549 AM PDT   SUNSET   826 PM PDT


-  INDICATES NEGATIVE NUMBERS.
R  INDICATES RECORD WAS SET OR TIED.
MM INDICATES DATA IS MISSING.
T  INDICATES TRACE AMOUNT.




$$
