000
CDUS46 KMTR 020826
CLISFD


CLIMATE REPORT
NATIONAL WEATHER SERVICE SAN FRANCISCO BAY AREA
126 AM PDT MON MAY 2 2016


...................................

...THE SAN FRANCISCO DWTN CA CLIMATE SUMMARY FOR MAY 1 2016...

CLIMATE NORMAL PERIOD 1981 TO 2010
CLIMATE RECORD PERIOD 1850 TO 2016


WEATHER ITEM   OBSERVED TIME   RECORD YEAR NORMAL DEPARTURE LAST
                VALUE   (LST)  VALUE       VALUE  FROM      YEAR
                                                  NORMAL
..................................................................
TEMPERATURE (F)
 YESTERDAY
  MAXIMUM         78   1143 AM  88    1996  64     14       68
  MINIMUM         53   1043 PM  43    1899  50      3       53
  AVERAGE         66                        57      9       61

PRECIPITATION (IN)
  YESTERDAY        0.00          1.07 1905   0.03  -0.03     0.00
  MONTH TO DATE    0.00                      0.03  -0.03     0.00
  SINCE OCT 1     22.91                     22.55   0.36    17.34
  SINCE JAN 1     16.30                     13.71   2.59     2.89

DEGREE DAYS
 HEATING
  YESTERDAY        0                        MM     MM        4
  MONTH TO DATE    0                        MM     MM        4
  SINCE MAR 1    424                        MM     MM      401
  SINCE JUL 1   1749                        MM     MM     1475

 COOLING
  YESTERDAY        1                        MM     MM        0
  MONTH TO DATE    1                         0      1        0
  SINCE MAR 1     20                         0     20       14
  SINCE JAN 1     23                         0     23       14
..................................................................







THE SAN FRANCISCO DWTN CA CLIMATE NORMALS FOR TODAY
                         NORMAL    RECORD    YEAR
 MAXIMUM TEMPERATURE (F)   64        88      2013
 MINIMUM TEMPERATURE (F)   50        44      1921


SUNRISE AND SUNSET
MAY  2 2016...........SUNRISE   612 AM PDT   SUNSET   802 PM PDT
MAY  3 2016...........SUNRISE   611 AM PDT   SUNSET   803 PM PDT


-  INDICATES NEGATIVE NUMBERS.
R  INDICATES RECORD WAS SET OR TIED.
MM INDICATES DATA IS MISSING.
T  INDICATES TRACE AMOUNT.




$$
