000
CDUS46 KMTR 280826
CLISFD


CLIMATE REPORT
NATIONAL WEATHER SERVICE SAN FRANCISCO BAY AREA
125 AM PDT TUE MAR 28 2017


...................................

...THE SAN FRANCISCO DWTN CA CLIMATE SUMMARY FOR MARCH 27 2017...

CLIMATE NORMAL PERIOD 1981 TO 2010
CLIMATE RECORD PERIOD 1850 TO 2017


WEATHER ITEM   OBSERVED TIME   RECORD YEAR NORMAL DEPARTURE LAST
                VALUE   (LST)  VALUE       VALUE  FROM      YEAR
                                                  NORMAL
..................................................................
TEMPERATURE (F)
 YESTERDAY
  MAXIMUM         59   1243 PM  84    1923  62     -3       60
  MINIMUM         50    643 AM  42    1898  49      1       51
  AVERAGE         55                        55      0       56

PRECIPITATION (IN)
  YESTERDAY        0.00          1.80 1858   0.08  -0.08     0.00
  MONTH TO DATE    3.90                      2.94   0.96     6.83
  SINCE OCT 1     29.95                     20.74   9.21    21.45
  SINCE JAN 1     20.92                     11.90   9.02    14.84

DEGREE DAYS
 HEATING
  YESTERDAY       10                        MM     MM        9
  MONTH TO DATE  217                        MM     MM      206
  SINCE MAR 1    217                        MM     MM      206
  SINCE JUL 1   2064                        MM     MM     1531

 COOLING
  YESTERDAY        0                        MM     MM        0
  MONTH TO DATE    1                         0      1        0
  SINCE MAR 1      1                         0      1        0
  SINCE JAN 1      1                         0      1        3
..................................................................







THE SAN FRANCISCO DWTN CA CLIMATE NORMALS FOR TODAY
                         NORMAL    RECORD    YEAR
 MAXIMUM TEMPERATURE (F)   62        81      1986
 MINIMUM TEMPERATURE (F)   49        42      1897


SUNRISE AND SUNSET
MARCH 28 2017.........SUNRISE   701 AM PDT   SUNSET   729 PM PDT
MARCH 29 2017.........SUNRISE   659 AM PDT   SUNSET   730 PM PDT


-  INDICATES NEGATIVE NUMBERS.
R  INDICATES RECORD WAS SET OR TIED.
MM INDICATES DATA IS MISSING.
T  INDICATES TRACE AMOUNT.




$$
