000
CDUS46 KMTR 260827
CLISFD


CLIMATE REPORT
NATIONAL WEATHER SERVICE SAN FRANCISCO BAY AREA
126 AM PDT SUN OCT 26 2014


...................................

...THE SAN FRANCISCO DWTN CA CLIMATE SUMMARY FOR OCTOBER 25 2014...

CLIMATE NORMAL PERIOD 1981 TO 2010
CLIMATE RECORD PERIOD 1850 TO 2014


WEATHER ITEM   OBSERVED TIME   RECORD YEAR NORMAL DEPARTURE LAST
                VALUE   (LST)  VALUE       VALUE  FROM      YEAR
                                                  NORMAL
..................................................................
TEMPERATURE (F)
 YESTERDAY
  MAXIMUM         69    243 PM  91    2003  68      1       62
  MINIMUM         59    543 AM  48    1893  53      6       50
  AVERAGE         64                        61      3       56

PRECIPITATION (IN)
  YESTERDAY        0.19          1.58 1874   0.05   0.14     0.00
  MONTH TO DATE    0.24                      0.75  -0.51     0.00
  SINCE JUL 1      0.88                      1.02  -0.14     0.43
  SINCE JAN 1     11.34                     15.56  -4.22     3.94

DEGREE DAYS
 HEATING
  YESTERDAY        1                        MM     MM        9
  MONTH TO DATE   39                        MM     MM      132
  SINCE SEP 1     70                        MM     MM      185
  SINCE JUL 1    200                        MM     MM      455

 COOLING
  YESTERDAY        0                        MM     MM        0
  MONTH TO DATE   64                         0     64       27
  SINCE SEP 1     90                         0     90       43
  SINCE JAN 1    157                         0    157       71
..................................................................







THE SAN FRANCISCO DWTN CA CLIMATE NORMALS FOR TODAY
                         NORMAL    RECORD    YEAR
 MAXIMUM TEMPERATURE (F)   68        92      2003
 MINIMUM TEMPERATURE (F)   53        47      1893


SUNRISE AND SUNSET
OCTOBER 26 2014.......SUNRISE   729 AM PDT   SUNSET   618 PM PDT
OCTOBER 27 2014.......SUNRISE   730 AM PDT   SUNSET   617 PM PDT


-  INDICATES NEGATIVE NUMBERS.
R  INDICATES RECORD WAS SET OR TIED.
MM INDICATES DATA IS MISSING.
T  INDICATES TRACE AMOUNT.




$$
