000
CDUS46 KOTX 250824
CLISFF


CLIMATE REPORT
NATIONAL WEATHER SERVICE SPOKANE, WA
124 AM PDT SUN JUN 25 2017


...................................

...THE SPOKANE WA FELTS AIRPORT CLIMATE SUMMARY FOR JUNE 24 2017...

CLIMATE NORMAL PERIOD 1981 TO 2010
CLIMATE RECORD PERIOD 9999 TO 9999


WEATHER ITEM   OBSERVED TIME   RECORD YEAR NORMAL DEPARTURE LAST
                VALUE   (LST)  VALUE       VALUE  FROM      YEAR
                                                  NORMAL
..................................................................
TEMPERATURE (F)
 YESTERDAY
  MAXIMUM         88    502 PM  MM      MM  78     10       63
  MINIMUM         49    412 AM  MM      MM  51     -2       51
  AVERAGE         69                        64      5       57

PRECIPITATION (IN)
  YESTERDAY        0.00         MM      MM   0.04  -0.04     0.18
  MONTH TO DATE    0.73                      1.18  -0.45     0.80
  SINCE OCT 1     21.73                     15.23   6.50    14.97
  SINCE JAN 1     12.64                      9.03   3.61     9.43

SNOWFALL (IN)
  YESTERDAY       MM

DEGREE DAYS
 HEATING
  YESTERDAY        0                         2     -2        8
  MONTH TO DATE   70                       105    -35       80
  SINCE JUN 1     70                       105    -35       80
  SINCE JUL 1   6113                      6280   -167     5080

 COOLING
  YESTERDAY        4                         2      2        0
  MONTH TO DATE   36                        28      8       61
  SINCE JUN 1     36                        28      8       61
  SINCE JAN 1     64                        35     29       76
..................................................................


WIND (MPH)
  HIGHEST WIND SPEED     9   HIGHEST WIND DIRECTION    NW (330)
  HIGHEST GUST SPEED    13   HIGHEST GUST DIRECTION    NW (330)
  AVERAGE WIND SPEED     2.6


SKY COVER
  POSSIBLE SUNSHINE  MM
  AVERAGE SKY COVER 0.0


WEATHER CONDITIONS
 THE FOLLOWING WEATHER WAS RECORDED YESTERDAY.
  NO SIGNIFICANT WEATHER WAS OBSERVED.


RELATIVE HUMIDITY (PERCENT)
 HIGHEST    80           400 AM
 LOWEST     16           200 PM
 AVERAGE    48

..........................................................


THE SPOKANE WA FELTS AIRPORT CLIMATE NORMALS FOR TODAY
                         NORMAL    RECORD    YEAR
 MAXIMUM TEMPERATURE (F)   78        MM        MM
 MINIMUM TEMPERATURE (F)   51        MM        MM


SUNRISE AND SUNSET
JUNE 25 2017..........SUNRISE   453 AM PDT   SUNSET   851 PM PDT
JUNE 26 2017..........SUNRISE   453 AM PDT   SUNSET   851 PM PDT


-  INDICATES NEGATIVE NUMBERS.
R  INDICATES RECORD WAS SET OR TIED.
MM INDICATES DATA IS MISSING.
T  INDICATES TRACE AMOUNT.




$$
