000
CDUS46 KOTX 300821
CLISFF


CLIMATE REPORT
NATIONAL WEATHER SERVICE SPOKANE, WA
121 AM PDT THU OCT 30 2014


...................................

...THE SPOKANE WA FELTS AIRPORT CLIMATE SUMMARY FOR OCTOBER 29 2014...

CLIMATE NORMAL PERIOD 1981 TO 2010
CLIMATE RECORD PERIOD 9999 TO 9999


WEATHER ITEM   OBSERVED TIME   RECORD YEAR NORMAL DEPARTURE LAST
                VALUE   (LST)  VALUE       VALUE  FROM      YEAR
                                                  NORMAL
..................................................................
TEMPERATURE (F)
 YESTERDAY
  MAXIMUM         58    208 PM  MM      MM  52      6       50
  MINIMUM         44   1141 PM  MM      MM  34     10       25
  AVERAGE         51                        43      8       38

PRECIPITATION (IN)
  YESTERDAY        0.03         MM      MM   0.05  -0.02     0.00
  MONTH TO DATE    1.25                      1.26  -0.01     0.18
  SINCE OCT 1      1.25                      1.26  -0.01     0.18
  SINCE JAN 1     12.66                     12.84  -0.18    11.86

SNOWFALL (IN)
  YESTERDAY       MM

DEGREE DAYS
 HEATING
  YESTERDAY       14                        22     -8       27
  MONTH TO DATE  291                       481   -190      514
  SINCE SEP 1    377                       646   -269      643
  SINCE JUL 1    383                       692   -309      648

 COOLING
  YESTERDAY        0                         0      0        0
  MONTH TO DATE    1                         0      1        0
  SINCE SEP 1     34                        30      4      101
  SINCE JAN 1    639                       406    233      704
..................................................................


WIND (MPH)
  HIGHEST WIND SPEED     9   HIGHEST WIND DIRECTION    SW (210)
  HIGHEST GUST SPEED    12   HIGHEST GUST DIRECTION    SW (210)
  AVERAGE WIND SPEED     1.8


SKY COVER
  POSSIBLE SUNSHINE  MM
  AVERAGE SKY COVER 0.8


WEATHER CONDITIONS
 THE FOLLOWING WEATHER WAS RECORDED YESTERDAY.
  RAIN
  FOG
  FOG W/VISIBILITY <= 1/4 MILE


RELATIVE HUMIDITY (PERCENT)
 HIGHEST    93           300 AM
 LOWEST     67           200 PM
 AVERAGE    80

..........................................................


THE SPOKANE WA FELTS AIRPORT CLIMATE NORMALS FOR TODAY
                         NORMAL    RECORD    YEAR
 MAXIMUM TEMPERATURE (F)   52        MM        MM
 MINIMUM TEMPERATURE (F)   34        MM        MM


SUNRISE AND SUNSET
OCTOBER 30 2014.......SUNRISE   731 AM PDT   SUNSET   535 PM PDT
OCTOBER 31 2014.......SUNRISE   732 AM PDT   SUNSET   533 PM PDT


-  INDICATES NEGATIVE NUMBERS.
R  INDICATES RECORD WAS SET OR TIED.
MM INDICATES DATA IS MISSING.
T  INDICATES TRACE AMOUNT.




$$
