548
CDUS46 KOTX 200822
CLISFF


CLIMATE REPORT
NATIONAL WEATHER SERVICE SPOKANE, WA
122 AM PDT FRI OCT 20 2017


...................................

...THE SPOKANE WA FELTS AIRPORT CLIMATE SUMMARY FOR OCTOBER 19 2017...

CLIMATE NORMAL PERIOD 1981 TO 2010
CLIMATE RECORD PERIOD 9999 TO 9999


WEATHER ITEM   OBSERVED TIME   RECORD YEAR NORMAL DEPARTURE LAST
                VALUE   (LST)  VALUE       VALUE  FROM      YEAR
                                                  NORMAL
..................................................................
TEMPERATURE (F)
 YESTERDAY
  MAXIMUM         60    238 PM  MM      MM  58      2       57
  MINIMUM         48   1159 PM  MM      MM  36     12       42
  AVERAGE         54                        47      7       50

PRECIPITATION (IN)
  YESTERDAY        0.32         MM      MM   0.05   0.27     0.00
  MONTH TO DATE    0.97                      0.73   0.24     3.31
  SINCE OCT 1      0.97                      0.73   0.24     3.31
  SINCE JAN 1     15.20                     12.31   2.89    14.48

SNOWFALL (IN)
  YESTERDAY       MM

DEGREE DAYS
 HEATING
  YESTERDAY       11                        18     -7       15
  MONTH TO DATE  295                       277     18      269
  SINCE SEP 1    448                       442      6      397
  SINCE JUL 1    448                       488    -40      413

 COOLING
  YESTERDAY        0                         0      0        0
  MONTH TO DATE    0                         0      0        0
  SINCE SEP 1     81                        30     51        9
  SINCE JAN 1    753                       406    347      480
..................................................................


WIND (MPH)
  HIGHEST WIND SPEED    16   HIGHEST WIND DIRECTION     S (200)
  HIGHEST GUST SPEED    21   HIGHEST GUST DIRECTION     S (200)
  AVERAGE WIND SPEED     5.4


SKY COVER
  POSSIBLE SUNSHINE  MM
  AVERAGE SKY COVER 1.0


WEATHER CONDITIONS
 THE FOLLOWING WEATHER WAS RECORDED YESTERDAY.
  RAIN
  LIGHT RAIN
  FOG


RELATIVE HUMIDITY (PERCENT)
 HIGHEST    93           900 PM
 LOWEST     47           100 AM
 AVERAGE    70

..........................................................


THE SPOKANE WA FELTS AIRPORT CLIMATE NORMALS FOR TODAY
                         NORMAL    RECORD    YEAR
 MAXIMUM TEMPERATURE (F)   57        MM        MM
 MINIMUM TEMPERATURE (F)   36        MM        MM


SUNRISE AND SUNSET
OCTOBER 20 2017.......SUNRISE   716 AM PDT   SUNSET   551 PM PDT
OCTOBER 21 2017.......SUNRISE   717 AM PDT   SUNSET   550 PM PDT


-  INDICATES NEGATIVE NUMBERS.
R  INDICATES RECORD WAS SET OR TIED.
MM INDICATES DATA IS MISSING.
T  INDICATES TRACE AMOUNT.




$$
