000
CDUS46 KOTX 040819
CLISFF


CLIMATE REPORT
NATIONAL WEATHER SERVICE SPOKANE, WA
118 AM PDT SAT JUL 4 2015


...................................

...THE SPOKANE WA FELTS AIRPORT CLIMATE SUMMARY FOR JULY 3 2015...

CLIMATE NORMAL PERIOD 1981 TO 2010
CLIMATE RECORD PERIOD 9999 TO 9999


WEATHER ITEM   OBSERVED TIME   RECORD YEAR NORMAL DEPARTURE LAST
                VALUE   (LST)  VALUE       VALUE  FROM      YEAR
                                                  NORMAL
..................................................................
TEMPERATURE (F)
 YESTERDAY
  MAXIMUM        101        MM  MM      MM  82     19       88
  MINIMUM         64        MM  MM      MM  53     11       65
  AVERAGE         83                        67     16       77

PRECIPITATION (IN)
  YESTERDAY        0.00         MM      MM   0.04  -0.04     0.00
  MONTH TO DATE    0.00                      0.12  -0.12     0.00
  SINCE OCT 1     12.71                     15.54  -2.83    12.48
  SINCE JAN 1      7.98                      9.34  -1.36    10.20

SNOWFALL (IN)
  YESTERDAY       MM

DEGREE DAYS
 HEATING
  YESTERDAY        0                         2     -2        0
  MONTH TO DATE    0                         6     -6        0
  SINCE JUN 1     15                       124   -109       79
  SINCE JUL 1      0                         6     -6        0

 COOLING
  YESTERDAY       18                         4     14       12
  MONTH TO DATE   49                        10     39       27
  SINCE JUN 1    273                        50    223       42
  SINCE JAN 1    311                        57    254       47
..................................................................


WIND (MPH)
  HIGHEST WIND SPEED    14   HIGHEST WIND DIRECTION    SW (240)
  HIGHEST GUST SPEED    22   HIGHEST GUST DIRECTION    SW (240)
  AVERAGE WIND SPEED     4.5


SKY COVER
  POSSIBLE SUNSHINE  MM
  AVERAGE SKY COVER 0.0


WEATHER CONDITIONS
 THE FOLLOWING WEATHER WAS RECORDED YESTERDAY.
  NO SIGNIFICANT WEATHER WAS OBSERVED.


RELATIVE HUMIDITY (PERCENT)
 HIGHEST    67           500 AM
 LOWEST     12           200 PM
 AVERAGE    40

..........................................................


THE SPOKANE WA FELTS AIRPORT CLIMATE NORMALS FOR TODAY
                         NORMAL    RECORD    YEAR
 MAXIMUM TEMPERATURE (F)   82        MM        MM
 MINIMUM TEMPERATURE (F)   53        MM        MM


SUNRISE AND SUNSET
JULY  4 2015..........SUNRISE   457 AM PDT   SUNSET   850 PM PDT
JULY  5 2015..........SUNRISE   458 AM PDT   SUNSET   850 PM PDT


-  INDICATES NEGATIVE NUMBERS.
R  INDICATES RECORD WAS SET OR TIED.
MM INDICATES DATA IS MISSING.
T  INDICATES TRACE AMOUNT.




$$
