000
CDUS43 KSGF 202326
CLISGF


CLIMATE REPORT
NATIONAL WEATHER SERVICE SPRINGFIELD MO
526 PM CST SAT JAN 20 2018


...................................

...THE SPRINGFIELD MO CLIMATE SUMMARY FOR JANUARY 20 2018...
VALID TODAY AS OF 0500 PM LOCAL TIME.

CLIMATE NORMAL PERIOD 1981 TO 2010
CLIMATE RECORD PERIOD 1888 TO 2018


WEATHER ITEM   OBSERVED TIME   RECORD YEAR NORMAL DEPARTURE LAST
                VALUE   (LST)  VALUE       VALUE  FROM      YEAR
                                                  NORMAL
..................................................................
TEMPERATURE (F)
 TODAY
  MAXIMUM         65    302 PM  70    1906  43     22       66
                                      1895
  MINIMUM         39   1241 AM -13    1985  22     17       45
  AVERAGE         52                        32     20       56

PRECIPITATION (IN)
  TODAY            0.00          1.57 1923   0.07  -0.07      T
  MONTH TO DATE    0.79                      1.65  -0.86     3.52
  SINCE DEC 1      2.31                      4.69  -2.38     4.14
  SINCE JAN 1      0.79                      1.65  -0.86     3.52

SNOWFALL (IN)
  TODAY            0.0
  MONTH TO DATE    2.7
  SINCE DEC 1      4.5
  SINCE JUL 1      4.5
  SNOW DEPTH       0

DEGREE DAYS
 HEATING
  TODAY           13                        32    -19        9
  MONTH TO DATE  780                       655    125      552
  SINCE DEC 1   1650                      1586     64     1449
  SINCE JUL 1   2334                      2465   -131     1965

 COOLING
  TODAY            0                         0      0        0
  MONTH TO DATE    0                         0      0        0
  SINCE DEC 1      0                         0      0        0
  SINCE JAN 1      0                         0      0        0
..................................................................


WIND (MPH)
  HIGHEST WIND SPEED    24   HIGHEST WIND DIRECTION    SW (220)
  HIGHEST GUST SPEED    33   HIGHEST GUST DIRECTION    SW (220)


SKY COVER
  AVERAGE SKY COVER 0.5


WEATHER CONDITIONS
 THE FOLLOWING WEATHER WAS RECORDED TODAY.
  NO SIGNIFICANT WEATHER WAS OBSERVED.


RELATIVE HUMIDITY (PERCENT)
 HIGHEST    86           200 AM
 LOWEST     48           300 PM
 AVERAGE    67

..........................................................


THE SPRINGFIELD MO CLIMATE NORMALS FOR TOMORROW
                         NORMAL    RECORD    YEAR
 MAXIMUM TEMPERATURE (F)   43        71      1957
 MINIMUM TEMPERATURE (F)   22        -8      1984


SUNRISE AND SUNSET
JANUARY 20 2018.......SUNRISE   724 AM CST   SUNSET   525 PM CST
JANUARY 21 2018.......SUNRISE   724 AM CST   SUNSET   526 PM CST


-  INDICATES NEGATIVE NUMBERS.
R  INDICATES RECORD WAS SET OR TIED.
MM INDICATES DATA IS MISSING.
T  INDICATES TRACE AMOUNT.




$$
