000
CDUS43 KSGF 280629
CLISGF


CLIMATE REPORT
NATIONAL WEATHER SERVICE SPRINGFIELD MO
127 AM CDT WED JUN 28 2017


...................................

...THE SPRINGFIELD MO CLIMATE SUMMARY FOR JUNE 27 2017...

CLIMATE NORMAL PERIOD 1981 TO 2010
CLIMATE RECORD PERIOD 1888 TO 2017


WEATHER ITEM   OBSERVED TIME   RECORD YEAR NORMAL DEPARTURE LAST
                VALUE   (LST)  VALUE       VALUE  FROM      YEAR
                                                  NORMAL
..................................................................
TEMPERATURE (F)
 YESTERDAY
  MAXIMUM         82    401 PM 101    2012  87     -5       89
                                      1954
  MINIMUM         59    521 AM  47    1974  66     -7       72
  AVERAGE         71                        76     -5       81

PRECIPITATION (IN)
  YESTERDAY        0.02          3.17 1933   0.16  -0.14      T
  MONTH TO DATE    4.33                      4.39  -0.06     3.44
  SINCE JUN 1      4.33                      4.39  -0.06     3.44
  SINCE JAN 1     33.03                     22.42  10.61    14.69

SNOWFALL (IN)
  YESTERDAY        0.0
  MONTH TO DATE    0.0
  SINCE JUN 1      0.0
  SINCE JUL 1      1.8
  SNOW DEPTH       0

DEGREE DAYS
 HEATING
  YESTERDAY        0                         0      0        0
  MONTH TO DATE    0                         7     -7        0
  SINCE JUN 1      0                         7     -7        0
  SINCE JUL 1   3355                      4576  -1221     3629

 COOLING
  YESTERDAY        6                        11     -5       16
  MONTH TO DATE  235                       229      6      358
  SINCE JUN 1    235                       229      6      358
  SINCE JAN 1    383                       344     39      478
..................................................................


WIND (MPH)
  HIGHEST WIND SPEED    17   HIGHEST WIND DIRECTION     S (160)
  HIGHEST GUST SPEED    24   HIGHEST GUST DIRECTION    SE (150)
  AVERAGE WIND SPEED     9.5


SKY COVER
  AVERAGE SKY COVER 0.2


WEATHER CONDITIONS
 THE FOLLOWING WEATHER WAS RECORDED YESTERDAY.
  LIGHT RAIN


RELATIVE HUMIDITY (PERCENT)
 HIGHEST   100           200 AM
 LOWEST     54           500 PM
 AVERAGE    77

..........................................................


THE SPRINGFIELD MO CLIMATE NORMALS FOR TODAY
                         NORMAL    RECORD    YEAR
 MAXIMUM TEMPERATURE (F)   87       101      2012
 MINIMUM TEMPERATURE (F)   66        54      1974
                                             1892


SUNRISE AND SUNSET
JUNE 28 2017..........SUNRISE   556 AM CDT   SUNSET   838 PM CDT
JUNE 29 2017..........SUNRISE   556 AM CDT   SUNSET   838 PM CDT


-  INDICATES NEGATIVE NUMBERS.
R  INDICATES RECORD WAS SET OR TIED.
MM INDICATES DATA IS MISSING.
T  INDICATES TRACE AMOUNT.




$$
