630
CDUS43 KSGF 300645
CLISGF


CLIMATE REPORT
NATIONAL WEATHER SERVICE SPRINGFIELD MO
145 AM CDT SUN APR 30 2017


...................................

...THE SPRINGFIELD MO CLIMATE SUMMARY FOR APRIL 29 2017...

CLIMATE NORMAL PERIOD 1981 TO 2010
CLIMATE RECORD PERIOD 1888 TO 2017


WEATHER ITEM   OBSERVED TIME   RECORD YEAR NORMAL DEPARTURE LAST
                VALUE   (LST)  VALUE       VALUE  FROM      YEAR
                                                  NORMAL
..................................................................
TEMPERATURE (F)
 YESTERDAY
  MAXIMUM         64   1140 PM  89    1899  71     -7       64
  MINIMUM         59    507 PM  31    2008  49     10       52
  AVERAGE         62                        60      2       58

PRECIPITATION (IN)
  YESTERDAY        4.31R         2.51 1983   0.17   4.14     0.98
  MONTH TO DATE   11.60                      4.14   7.46     2.39
  SINCE MAR 1     16.39                      7.76   8.63     5.33
  SINCE JAN 1     20.85                     12.75   8.10     6.61

SNOWFALL (IN)
  YESTERDAY        0.0
  MONTH TO DATE    0.0
  SINCE MAR 1      0.1
  SINCE JUL 1      1.8
  SNOW DEPTH      MM

DEGREE DAYS
 HEATING
  YESTERDAY        3                         6     -3        7
  MONTH TO DATE  168                       294   -126      189
  SINCE MAR 1    584                       875   -291      587
  SINCE JUL 1   3273                      4468  -1195     3500

 COOLING
  YESTERDAY        0                         1     -1        0
  MONTH TO DATE   35                        22     13       25
  SINCE MAR 1     41                        25     16       27
  SINCE JAN 1     50                        25     25       27
..................................................................


WIND (MPH)
  HIGHEST WIND SPEED    25   HIGHEST WIND DIRECTION     E (70)
  HIGHEST GUST SPEED    32   HIGHEST GUST DIRECTION     E (70)
  AVERAGE WIND SPEED    11.7


SKY COVER
  AVERAGE SKY COVER 0.8


WEATHER CONDITIONS
 THE FOLLOWING WEATHER WAS RECORDED YESTERDAY.
  THUNDERSTORM
  HEAVY RAIN
  RAIN
  LIGHT RAIN
  FOG


RELATIVE HUMIDITY (PERCENT)
 HIGHEST   100           300 PM
 LOWEST     90           400 AM
 AVERAGE    95

..........................................................


THE SPRINGFIELD MO CLIMATE NORMALS FOR TODAY
                         NORMAL    RECORD    YEAR
 MAXIMUM TEMPERATURE (F)   71        90      1987
                                             1952
 MINIMUM TEMPERATURE (F)   49        32      1907
                                             1903


SUNRISE AND SUNSET
APRIL 30 2017.........SUNRISE   620 AM CDT   SUNSET   802 PM CDT
MAY  1 2017...........SUNRISE   618 AM CDT   SUNSET   803 PM CDT


-  INDICATES NEGATIVE NUMBERS.
R  INDICATES RECORD WAS SET OR TIED.
MM INDICATES DATA IS MISSING.
T  INDICATES TRACE AMOUNT.




$$
