000
CDUS43 KSGF 250631
CLISGF


CLIMATE REPORT
NATIONAL WEATHER SERVICE SPRINGFIELD MO
130 AM CDT SAT OCT 25 2014


...................................

...THE SPRINGFIELD MO CLIMATE SUMMARY FOR OCTOBER 24 2014...

CLIMATE NORMAL PERIOD 1981 TO 2010
CLIMATE RECORD PERIOD 1888 TO 2014


WEATHER ITEM   OBSERVED TIME   RECORD YEAR NORMAL DEPARTURE LAST
                VALUE   (LST)  VALUE       VALUE  FROM      YEAR
                                                  NORMAL
..................................................................
TEMPERATURE (F)
 YESTERDAY
  MAXIMUM         76    229 PM  84    1939  67      9       51
                                      1891
  MINIMUM         47    551 AM  23    1999  44      3       32
  AVERAGE         62                        55      7       42

PRECIPITATION (IN)
  YESTERDAY        0.00          1.64 1905   0.12  -0.12     0.00
  MONTH TO DATE    7.24                      2.78   4.46     3.64
  SINCE SEP 1     12.24                      7.39   4.85     5.82
  SINCE JAN 1     34.21                     37.50  -3.29    43.97

SNOWFALL (IN)
  YESTERDAY        0.0
  MONTH TO DATE    0.0
  SINCE SEP 1      0.0
  SINCE JUL 1      0.0
  SNOW DEPTH       0

DEGREE DAYS
 HEATING
  YESTERDAY        3                        10     -7       23
  MONTH TO DATE  141                       173    -32      211
  SINCE SEP 1    172                       226    -54      225
  SINCE JUL 1    172                       228    -56      225

 COOLING
  YESTERDAY        0                         0      0        0
  MONTH TO DATE   29                        27      2       44
  SINCE SEP 1    208                       200      8      274
  SINCE JAN 1   1454                      1386     68     1417
..................................................................


WIND (MPH)
  HIGHEST WIND SPEED    15   HIGHEST WIND DIRECTION    SW (240)
  HIGHEST GUST SPEED    18   HIGHEST GUST DIRECTION    SW (220)
  AVERAGE WIND SPEED     7.1


SKY COVER
  AVERAGE SKY COVER 0.3


WEATHER CONDITIONS
 THE FOLLOWING WEATHER WAS RECORDED YESTERDAY.
  FOG
  FOG W/VISIBILITY <= 1/4 MILE


RELATIVE HUMIDITY (PERCENT)
 HIGHEST   100          1200 AM
 LOWEST     57          1200 PM
 AVERAGE    79

..........................................................


THE SPRINGFIELD MO CLIMATE NORMALS FOR TODAY
                         NORMAL    RECORD    YEAR
 MAXIMUM TEMPERATURE (F)   66        85      1939
 MINIMUM TEMPERATURE (F)   44        28      1968
                                             1926


SUNRISE AND SUNSET
OCTOBER 25 2014.......SUNRISE   731 AM CDT   SUNSET   624 PM CDT
OCTOBER 26 2014.......SUNRISE   732 AM CDT   SUNSET   622 PM CDT


-  INDICATES NEGATIVE NUMBERS.
R  INDICATES RECORD WAS SET OR TIED.
MM INDICATES DATA IS MISSING.
T  INDICATES TRACE AMOUNT.




$$
