000
CDUS45 KBYZ 200723
CLISHR


CLIMATE REPORT
NATIONAL WEATHER SERVICE BILLINGS MT
123 AM MDT FRI OCT 20 2017


...................................

...THE SHERIDAN WY CLIMATE SUMMARY FOR OCTOBER 19 2017...

CLIMATE NORMAL PERIOD 1981 TO 2010
CLIMATE RECORD PERIOD 1907 TO 2017


WEATHER ITEM   OBSERVED TIME   RECORD YEAR NORMAL DEPARTURE LAST
                VALUE   (LST)  VALUE       VALUE  FROM      YEAR
                                                  NORMAL
..................................................................
TEMPERATURE (F)
 YESTERDAY
  MAXIMUM         82    313 PM  89    2003  59     23       53
  MINIMUM         37    509 AM   7    1925  30      7       29
  AVERAGE         60                        44     16       41

PRECIPITATION (IN)
  YESTERDAY        0.00          1.09 1924   0.04  -0.04      T
  MONTH TO DATE    0.14                      0.99  -0.85     0.81
  SINCE OCT 1      0.14                      0.99  -0.85     0.81
  SINCE JAN 1     15.92                     12.47   3.45    14.03

DEGREE DAYS
 HEATING
  YESTERDAY        5                        21    -16       24
  MONTH TO DATE  352                       330     22      318
  SINCE SEP 1    628                       571     57      501
  SINCE JUL 1    652                       633     19      544

 COOLING
  YESTERDAY        0                         0      0        0
  MONTH TO DATE    0                         0      0        0
  SINCE SEP 1     52                        28     24       30
  SINCE JAN 1    481                       418     63      549
..................................................................


WIND (MPH)
  HIGHEST WIND SPEED    15   HIGHEST WIND DIRECTION    SW (240)
  HIGHEST GUST SPEED    17   HIGHEST GUST DIRECTION     S (160)
  AVERAGE WIND SPEED     4.6


SKY COVER
  POSSIBLE SUNSHINE  MM
  AVERAGE SKY COVER 0.0


WEATHER CONDITIONS
 THE FOLLOWING WEATHER WAS RECORDED YESTERDAY.
  NO SIGNIFICANT WEATHER WAS OBSERVED.


RELATIVE HUMIDITY (PERCENT)
 HIGHEST    70           700 AM
 LOWEST     14           100 PM
 AVERAGE    42

..........................................................


THE SHERIDAN WY CLIMATE NORMALS FOR TODAY
                         NORMAL    RECORD    YEAR
 MAXIMUM TEMPERATURE (F)   59        85      1947
 MINIMUM TEMPERATURE (F)   30         7      1932


SUNRISE AND SUNSET
OCTOBER 20 2017.......SUNRISE   730 AM MDT   SUNSET   614 PM MDT
OCTOBER 21 2017.......SUNRISE   732 AM MDT   SUNSET   613 PM MDT


-  INDICATES NEGATIVE NUMBERS.
R  INDICATES RECORD WAS SET OR TIED.
MM INDICATES DATA IS MISSING.
T  INDICATES TRACE AMOUNT.




$$
