000
CDUS45 KBYZ 230723
CLISHR


CLIMATE REPORT
NATIONAL WEATHER SERVICE BILLINGS MT
123 AM MDT TUE MAY 23 2017


...................................

...THE SHERIDAN WY CLIMATE SUMMARY FOR MAY 22 2017...

CLIMATE NORMAL PERIOD 1981 TO 2010
CLIMATE RECORD PERIOD 1907 TO 2017


WEATHER ITEM   OBSERVED TIME   RECORD YEAR NORMAL DEPARTURE LAST
                VALUE   (LST)  VALUE       VALUE  FROM      YEAR
                                                  NORMAL
..................................................................
TEMPERATURE (F)
 YESTERDAY
  MAXIMUM         61    401 PM  91    2006  68     -7       71
  MINIMUM         39   1159 PM  28    1915  40     -1       40
  AVERAGE         50                        54     -4       56

PRECIPITATION (IN)
  YESTERDAY        0.08          1.76 2008   0.07   0.01      T
  MONTH TO DATE    2.18                      1.67   0.51     0.62
  SINCE OCT 1     15.64                      8.03   7.61     9.17
  SINCE JAN 1     11.91                      5.35   6.56     7.02

DEGREE DAYS
 HEATING
  YESTERDAY       15                        11      4        9
  MONTH TO DATE  269                       306    -37      279
  SINCE MAR 1   1615                      1872   -257     1596
  SINCE JUL 1   7137                      7407   -270     6342

 COOLING
  YESTERDAY        0                         0      0        0
  MONTH TO DATE    0                         0      0        2
  SINCE MAR 1      0                         0      0        2
  SINCE JAN 1      0                         0      0        2
..................................................................


WIND (MPH)
  HIGHEST WIND SPEED    24   HIGHEST WIND DIRECTION    NW (320)
  HIGHEST GUST SPEED    30   HIGHEST GUST DIRECTION    NW (330)
  AVERAGE WIND SPEED    10.8


SKY COVER
  POSSIBLE SUNSHINE  MM
  AVERAGE SKY COVER 0.6


WEATHER CONDITIONS
 THE FOLLOWING WEATHER WAS RECORDED YESTERDAY.
  THUNDERSTORM
  RAIN
  LIGHT RAIN


RELATIVE HUMIDITY (PERCENT)
 HIGHEST    86          1100 AM
 LOWEST     47           200 AM
 AVERAGE    67

..........................................................


THE SHERIDAN WY CLIMATE NORMALS FOR TODAY
                         NORMAL    RECORD    YEAR
 MAXIMUM TEMPERATURE (F)   69        88      1951
 MINIMUM TEMPERATURE (F)   40        27      1966


SUNRISE AND SUNSET
MAY 23 2017...........SUNRISE   531 AM MDT   SUNSET   839 PM MDT
MAY 24 2017...........SUNRISE   531 AM MDT   SUNSET   840 PM MDT


-  INDICATES NEGATIVE NUMBERS.
R  INDICATES RECORD WAS SET OR TIED.
MM INDICATES DATA IS MISSING.
T  INDICATES TRACE AMOUNT.




$$
