000
CDUS45 KBYZ 102323
CLISHR


CLIMATE REPORT
NATIONAL WEATHER SERVICE BILLINGS MT
423 PM MST SUN DEC 10 2017


...................................

...THE SHERIDAN WY CLIMATE SUMMARY FOR DECEMBER 10 2017...
VALID TODAY AS OF 0400 PM LOCAL TIME.

CLIMATE NORMAL PERIOD 1981 TO 2010
CLIMATE RECORD PERIOD 1907 TO 2017


WEATHER ITEM   OBSERVED TIME   RECORD YEAR NORMAL DEPARTURE LAST
                VALUE   (LST)  VALUE       VALUE  FROM      YEAR
                                                  NORMAL
..................................................................
TEMPERATURE (F)
 TODAY
  MAXIMUM         63    127 PM  70    1981  35     28       33
  MINIMUM         21    603 AM -21    1932  11     10        7
  AVERAGE         42                        23     19       20

PRECIPITATION (IN)
  TODAY            0.00          0.28 1949   0.02  -0.02     0.08
  MONTH TO DATE    0.02                      0.20  -0.18     0.21
  SINCE OCT 1      1.90                      2.32  -0.42     2.94
  SINCE JAN 1     17.68                     13.80   3.88    16.16

DEGREE DAYS
 HEATING
  TODAY           23                        42    -19       45
  MONTH TO DATE  291                       410   -119      482
  SINCE DEC 1    291                       410   -119      482
  SINCE JUL 1   2081                      2288   -207     1959

 COOLING
  TODAY            0                         0      0        0
  MONTH TO DATE    0                         0      0        0
  SINCE DEC 1      0                         0      0        0
  SINCE JAN 1    481                       419     62      549
..................................................................


WIND (MPH)
  HIGHEST WIND SPEED    13   HIGHEST WIND DIRECTION    NW (310)
  HIGHEST GUST SPEED    16   HIGHEST GUST DIRECTION    NW (310)
  AVERAGE WIND SPEED     3.9


SKY COVER
  POSSIBLE SUNSHINE  MM
  AVERAGE SKY COVER 0.0


WEATHER CONDITIONS
 THE FOLLOWING WEATHER WAS RECORDED TODAY.
  NO SIGNIFICANT WEATHER WAS OBSERVED.


RELATIVE HUMIDITY (PERCENT)
 HIGHEST    65           300 AM
 LOWEST     11           100 PM
 AVERAGE    38

..........................................................


THE SHERIDAN WY CLIMATE NORMALS FOR TOMORROW
                         NORMAL    RECORD    YEAR
 MAXIMUM TEMPERATURE (F)   35        68      1939
 MINIMUM TEMPERATURE (F)   11       -24      1932


SUNRISE AND SUNSET
DECEMBER 10 2017......SUNRISE   735 AM MST   SUNSET   427 PM MST
DECEMBER 11 2017......SUNRISE   735 AM MST   SUNSET   427 PM MST


-  INDICATES NEGATIVE NUMBERS.
R  INDICATES RECORD WAS SET OR TIED.
MM INDICATES DATA IS MISSING.
T  INDICATES TRACE AMOUNT.




$$
