000
CDUS45 KBYZ 282226
CLISHR


CLIMATE REPORT
NATIONAL WEATHER SERVICE BILLINGS MT
424 PM MDT THU APR 28 2016


...................................

...THE SHERIDAN WY CLIMATE SUMMARY FOR APRIL 28 2016...
VALID TODAY AS OF 0400 PM LOCAL TIME.

CLIMATE NORMAL PERIOD 1981 TO 2010
CLIMATE RECORD PERIOD 1907 TO 2016


WEATHER ITEM   OBSERVED TIME   RECORD YEAR NORMAL DEPARTURE LAST
                VALUE   (LST)  VALUE       VALUE  FROM      YEAR
                                                  NORMAL
..................................................................
TEMPERATURE (F)
 TODAY
  MAXIMUM         41   1255 PM  85    1910  61    -20       67
  MINIMUM         32    645 AM  15    1984  33     -1       27
  AVERAGE         37                        47    -10       47

PRECIPITATION (IN)
  TODAY            0.04          0.85 1963   0.07  -0.03     0.00
  MONTH TO DATE    3.36                      1.45   1.91     1.37
  SINCE OCT 1      8.55                      6.21   2.34     5.89
  SINCE JAN 1      6.40                      3.53   2.87     3.50

DEGREE DAYS
 HEATING
  TODAY           28                        18     10       18
  MONTH TO DATE  505                       607   -102      591
  SINCE MAR 1   1275                      1531   -256     1292
  SINCE JUL 1   6021                      7066  -1045     6522

 COOLING
  TODAY            0                         0      0        0
  MONTH TO DATE    0                         0      0        0
  SINCE MAR 1      0                         0      0        0
  SINCE JAN 1      0                         0      0        0
..................................................................


WIND (MPH)
  HIGHEST WIND SPEED    10   HIGHEST WIND DIRECTION    NE (50)
  HIGHEST GUST SPEED    13   HIGHEST GUST DIRECTION    NE (50)
  AVERAGE WIND SPEED     5.3


SKY COVER
  POSSIBLE SUNSHINE  MM
  AVERAGE SKY COVER 0.9


WEATHER CONDITIONS
 THE FOLLOWING WEATHER WAS RECORDED TODAY.
  LIGHT SNOW
  FOG


RELATIVE HUMIDITY (PERCENT)
 HIGHEST    92           200 AM
 LOWEST     76          1200 PM
 AVERAGE    84

..........................................................


THE SHERIDAN WY CLIMATE NORMALS FOR TOMORROW
                         NORMAL    RECORD    YEAR
 MAXIMUM TEMPERATURE (F)   62        86      1992
 MINIMUM TEMPERATURE (F)   33        17      1950


SUNRISE AND SUNSET
APRIL 28 2016.........SUNRISE   601 AM MDT   SUNSET   810 PM MDT
APRIL 29 2016.........SUNRISE   600 AM MDT   SUNSET   811 PM MDT


-  INDICATES NEGATIVE NUMBERS.
R  INDICATES RECORD WAS SET OR TIED.
MM INDICATES DATA IS MISSING.
T  INDICATES TRACE AMOUNT.




$$
