000
CDUS45 KBYZ 250721
CLISHR


CLIMATE REPORT
NATIONAL WEATHER SERVICE BILLINGS MT
1220 AM MST SUN FEB 25 2018


...................................

...THE SHERIDAN WY CLIMATE SUMMARY FOR FEBRUARY 24 2018...

CLIMATE NORMAL PERIOD 1981 TO 2010
CLIMATE RECORD PERIOD 1907 TO 2018


WEATHER ITEM   OBSERVED TIME   RECORD YEAR NORMAL DEPARTURE LAST
                VALUE   (LST)  VALUE       VALUE  FROM      YEAR
                                                  NORMAL
..................................................................
TEMPERATURE (F)
 YESTERDAY
  MAXIMUM         30    415 PM  72    1995  41    -11       28
  MINIMUM         -6   1234 AM -20    2003  16    -22       18
  AVERAGE         12                        29    -17       23

PRECIPITATION (IN)
  YESTERDAY        0.00          0.22 2002   0.02  -0.02      T
  MONTH TO DATE    1.53                      0.46   1.07     0.62
  SINCE OCT 1      5.15                      3.70   1.45     5.39
  SINCE JAN 1      2.16                      1.02   1.14     1.66

DEGREE DAYS
 HEATING
  YESTERDAY       53                        36     17       42
  MONTH TO DATE 1280                       931    349      839
  SINCE DEC 1   3788                      3513    275     3883
  SINCE JUL 1   5578                      5391    187     5360

 COOLING
  YESTERDAY        0                         0      0        0
  MONTH TO DATE    0                         0      0        0
  SINCE DEC 1      0                         0      0        0
  SINCE JAN 1      0                         0      0        0
..................................................................


WIND (MPH)
  HIGHEST WIND SPEED    23   HIGHEST WIND DIRECTION     W (260)
  HIGHEST GUST SPEED    27   HIGHEST GUST DIRECTION     W (280)
  AVERAGE WIND SPEED     3.9


SKY COVER
  POSSIBLE SUNSHINE  MM
  AVERAGE SKY COVER 0.4


WEATHER CONDITIONS
 THE FOLLOWING WEATHER WAS RECORDED YESTERDAY.
  NO SIGNIFICANT WEATHER WAS OBSERVED.


RELATIVE HUMIDITY (PERCENT)
 HIGHEST    87          1200 AM
 LOWEST     39           300 AM
 AVERAGE    63

..........................................................


THE SHERIDAN WY CLIMATE NORMALS FOR TODAY
                         NORMAL    RECORD    YEAR
 MAXIMUM TEMPERATURE (F)   42        69      1983
 MINIMUM TEMPERATURE (F)   16       -19      1934


SUNRISE AND SUNSET
FEBRUARY 25 2018......SUNRISE   652 AM MST   SUNSET   550 PM MST
FEBRUARY 26 2018......SUNRISE   650 AM MST   SUNSET   552 PM MST


-  INDICATES NEGATIVE NUMBERS.
R  INDICATES RECORD WAS SET OR TIED.
MM INDICATES DATA IS MISSING.
T  INDICATES TRACE AMOUNT.




$$
