000
CDUS45 KBYZ 220912
CLISHR


CLIMATE REPORT
NATIONAL WEATHER SERVICE BILLINGS MT
311 AM MDT THU JUN 22 2017


...................................

...THE SHERIDAN WY CLIMATE SUMMARY FOR JUNE 21 2017...

CLIMATE NORMAL PERIOD 1981 TO 2010
CLIMATE RECORD PERIOD 1907 TO 2017


WEATHER ITEM   OBSERVED TIME   RECORD YEAR NORMAL DEPARTURE LAST
                VALUE   (LST)  VALUE       VALUE  FROM      YEAR
                                                  NORMAL
..................................................................
TEMPERATURE (F)
 YESTERDAY
  MAXIMUM         84    455 PM 104    2016  79      5      104
  MINIMUM         55    406 AM  34    1926  48      7       53
  AVERAGE         70                        63      7       79

PRECIPITATION (IN)
  YESTERDAY        T             2.00 1947   0.07  -0.07     0.00
  MONTH TO DATE    1.02                      1.65  -0.63     0.37
  SINCE OCT 1     16.72                     10.36   6.36     9.98
  SINCE JAN 1     12.99                      7.68   5.31     7.83

DEGREE DAYS
 HEATING
  YESTERDAY        0                         4     -4        0
  MONTH TO DATE   43                       124    -81       16
  SINCE JUN 1     43                       124    -81       16
  SINCE JUL 1   7266                      7618   -352     6456

 COOLING
  YESTERDAY        5                         2      3       14
  MONTH TO DATE   32                        23      9       75
  SINCE JUN 1     32                        23      9       75
  SINCE JAN 1     32                        27      5       77
..................................................................


WIND (MPH)
  HIGHEST WIND SPEED    20   HIGHEST WIND DIRECTION    NW (320)
  HIGHEST GUST SPEED    26   HIGHEST GUST DIRECTION    NW (330)
  AVERAGE WIND SPEED     6.5


SKY COVER
  POSSIBLE SUNSHINE  MM
  AVERAGE SKY COVER 0.0


WEATHER CONDITIONS
 THE FOLLOWING WEATHER WAS RECORDED YESTERDAY.
  NO SIGNIFICANT WEATHER WAS OBSERVED.


RELATIVE HUMIDITY (PERCENT)
 HIGHEST    87          1200 AM
 LOWEST     33           100 PM
 AVERAGE    60

..........................................................


THE SHERIDAN WY CLIMATE NORMALS FOR TODAY
                         NORMAL    RECORD    YEAR
 MAXIMUM TEMPERATURE (F)   79       101      1919
 MINIMUM TEMPERATURE (F)   48        35      1914


SUNRISE AND SUNSET
JUNE 22 2017..........SUNRISE   522 AM MDT   SUNSET   858 PM MDT
JUNE 23 2017..........SUNRISE   523 AM MDT   SUNSET   858 PM MDT


-  INDICATES NEGATIVE NUMBERS.
R  INDICATES RECORD WAS SET OR TIED.
MM INDICATES DATA IS MISSING.
T  INDICATES TRACE AMOUNT.




$$
