000
CDUS44 KSHV 222235
CLISHV


CLIMATE REPORT
NATIONAL WEATHER SERVICE SHREVEPORT, LA
434 PM CST SUN JAN 22 2017


...................................

...THE SHREVEPORT CLIMATE SUMMARY FOR JANUARY 22 2017...
VALID TODAY AS OF 0400 PM LOCAL TIME.

CLIMATE NORMAL PERIOD 1981 TO 2010
CLIMATE RECORD PERIOD 1874 TO 2017


WEATHER ITEM   OBSERVED TIME   RECORD YEAR NORMAL DEPARTURE LAST
                VALUE   (LST)  VALUE       VALUE  FROM      YEAR
                                                  NORMAL
..................................................................
TEMPERATURE (F)
 TODAY
  MAXIMUM         68   1233 PM  80    2012  58     10       49
                                      1943
  MINIMUM         53    745 AM   8    1930  36     17       36
  AVERAGE         61                        47     14       43

PRECIPITATION (IN)
  TODAY            0.02          2.82 2006   0.14  -0.12      T
  MONTH TO DATE    2.53                      2.87  -0.34     2.87
  SINCE DEC 1      5.67                      7.64  -1.97     5.76
  SINCE JAN 1      2.53                      2.87  -0.34     2.87

SNOWFALL (IN)
  TODAY            0.0
  MONTH TO DATE    0.0
  SINCE DEC 1      0.0
  SINCE JUL 1      0.0
  SNOW DEPTH       0

DEGREE DAYS
 HEATING
  TODAY            4                        18    -14       22
  MONTH TO DATE  219                       413   -194      416
  SINCE DEC 1    619                       944   -325      716
  SINCE JUL 1    773                      1315   -542      893

 COOLING
  TODAY            0                         0      0        0
  MONTH TO DATE   21                         0     21        0
  SINCE DEC 1     46                         7     39       36
  SINCE JAN 1     21                         0     21        0
..................................................................


WIND (MPH)
  HIGHEST WIND SPEED    28   HIGHEST WIND DIRECTION     W (290)
  HIGHEST GUST SPEED    35   HIGHEST GUST DIRECTION     W (290)
  AVERAGE WIND SPEED    13.3


SKY COVER
  POSSIBLE SUNSHINE  MM
  AVERAGE SKY COVER 0.6


WEATHER CONDITIONS
 THE FOLLOWING WEATHER WAS RECORDED TODAY.
  LIGHT RAIN
  FOG


RELATIVE HUMIDITY (PERCENT)
 HIGHEST    84          1200 AM
 LOWEST     37          1100 AM
 AVERAGE    61

..........................................................


THE SHREVEPORT CLIMATE NORMALS FOR TOMORROW
                         NORMAL    RECORD    YEAR
 MAXIMUM TEMPERATURE (F)   58        84      1943
 MINIMUM TEMPERATURE (F)   36        14      1963
                                             1940
                                             1930


SUNRISE AND SUNSET
JANUARY 22 2017.......SUNRISE   715 AM CST   SUNSET   539 PM CST
JANUARY 23 2017.......SUNRISE   714 AM CST   SUNSET   540 PM CST


-  INDICATES NEGATIVE NUMBERS.
R  INDICATES RECORD WAS SET OR TIED.
MM INDICATES DATA IS MISSING.
T  INDICATES TRACE AMOUNT.


$$

10
