000
CDUS44 KSHV 200858
CLISHV


CLIMATE REPORT
NATIONAL WEATHER SERVICE SHREVEPORT, LA
241 AM CST SAT JAN 20 2018


...................................

...THE SHREVEPORT CLIMATE SUMMARY FOR JANUARY 19 2018...

CLIMATE NORMAL PERIOD 1981 TO 2010
CLIMATE RECORD PERIOD 1874 TO 2018


WEATHER ITEM   OBSERVED TIME   RECORD YEAR NORMAL DEPARTURE LAST
                VALUE   (LST)  VALUE       VALUE  FROM      YEAR
                                                  NORMAL
..................................................................
TEMPERATURE (F)
 YESTERDAY
  MAXIMUM         56    257 PM  80    1982  57     -1       62
  MINIMUM         37    457 AM   3    1940  36      1       53
  AVERAGE         47                        47      0       58

PRECIPITATION (IN)
  YESTERDAY        0.00          3.17 1979   0.14  -0.14     0.01
  MONTH TO DATE    1.34                      2.45  -1.11     2.51
  SINCE DEC 1      5.46                      7.22  -1.76     5.65
  SINCE JAN 1      1.34                      2.45  -1.11     2.51

SNOWFALL (IN)
  YESTERDAY        0.0
  MONTH TO DATE    1.8
  SINCE DEC 1      1.8
  SINCE JUL 1      1.8
  SNOW DEPTH       0

DEGREE DAYS
 HEATING
  YESTERDAY       18                        18      0        7
  MONTH TO DATE  509                       359    150      213
  SINCE DEC 1   1017                       890    127      613
  SINCE JUL 1   1290                      1261     29      767

 COOLING
  YESTERDAY        0                         0      0        0
  MONTH TO DATE    0                         0      0       19
  SINCE DEC 1      3                         7     -4       44
  SINCE JAN 1      0                         0      0       19
..................................................................


WIND (MPH)
  HIGHEST WIND SPEED    15   HIGHEST WIND DIRECTION     S (160)
  HIGHEST GUST SPEED    20   HIGHEST GUST DIRECTION     S (180)
  AVERAGE WIND SPEED     7.2


SKY COVER
  POSSIBLE SUNSHINE  MM
  AVERAGE SKY COVER 1.0


WEATHER CONDITIONS
 THE FOLLOWING WEATHER WAS RECORDED YESTERDAY.
  NO SIGNIFICANT WEATHER WAS OBSERVED.


RELATIVE HUMIDITY (PERCENT)
 HIGHEST    54           500 AM
 LOWEST     20           300 PM
 AVERAGE    37

..........................................................


THE SHREVEPORT CLIMATE NORMALS FOR TODAY
                         NORMAL    RECORD    YEAR
 MAXIMUM TEMPERATURE (F)   57        81      1954
 MINIMUM TEMPERATURE (F)   36        12      1985


SUNRISE AND SUNSET
JANUARY 20 2018.......SUNRISE   716 AM CST   SUNSET   537 PM CST
JANUARY 21 2018.......SUNRISE   715 AM CST   SUNSET   538 PM CST


-  INDICATES NEGATIVE NUMBERS.
R  INDICATES RECORD WAS SET OR TIED.
MM INDICATES DATA IS MISSING.
T  INDICATES TRACE AMOUNT.




$$
