000
CDUS44 KSHV 200732
CLISHV


CLIMATE REPORT
NATIONAL WEATHER SERVICE SHREVEPORT, LA
231 AM CDT SUN AUG 20 2017


...................................

...THE SHREVEPORT CLIMATE SUMMARY FOR AUGUST 19 2017...

CLIMATE NORMAL PERIOD 1981 TO 2010
CLIMATE RECORD PERIOD 1874 TO 2017


WEATHER ITEM   OBSERVED TIME   RECORD YEAR NORMAL DEPARTURE LAST
                VALUE   (LST)  VALUE       VALUE  FROM      YEAR
                                                  NORMAL
..................................................................
TEMPERATURE (F)
 YESTERDAY
  MAXIMUM         97   1259 PM 108    2011  94      3       89
  MINIMUM         77    547 AM  61    1879  72      5       73
  AVERAGE         87                        83      4       81

PRECIPITATION (IN)
  YESTERDAY        0.00          1.32 1915   0.09  -0.09     0.44
  MONTH TO DATE    3.92                      1.72   2.20     4.70
  SINCE DEC 1     29.46                     37.75  -8.29    50.15
  SINCE JAN 1     26.32                     32.98  -6.66    47.26

SNOWFALL (IN)
  YESTERDAY        0.0
  MONTH TO DATE    0.0
  SINCE JUN 1      0.0
  SINCE JUL 1      0.0
  SNOW DEPTH       0

DEGREE DAYS
 HEATING
  YESTERDAY        0                         0      0        0
  MONTH TO DATE    0                         0      0        0
  SINCE JUN 1      0                         0      0        0
  SINCE JUL 1      0                         0      0        0

 COOLING
  YESTERDAY       22                        18      4       16
  MONTH TO DATE  341                       355    -14      377
  SINCE JUN 1   1385                      1358     27     1554
  SINCE JAN 1   1927                      1756    171     2014
..................................................................


WIND (MPH)
  HIGHEST WIND SPEED    15   HIGHEST WIND DIRECTION     W (270)
  HIGHEST GUST SPEED    18   HIGHEST GUST DIRECTION     W (270)
  AVERAGE WIND SPEED     4.8


SKY COVER
  POSSIBLE SUNSHINE  MM
  AVERAGE SKY COVER 0.2


WEATHER CONDITIONS
 THE FOLLOWING WEATHER WAS RECORDED YESTERDAY.
  THUNDERSTORM


RELATIVE HUMIDITY (PERCENT)
 HIGHEST    91           100 AM
 LOWEST     48           100 PM
 AVERAGE    70

..........................................................


THE SHREVEPORT CLIMATE NORMALS FOR TODAY
                         NORMAL    RECORD    YEAR
 MAXIMUM TEMPERATURE (F)   94       108      2011
 MINIMUM TEMPERATURE (F)   72        62      1940


SUNRISE AND SUNSET
AUGUST 20 2017........SUNRISE   643 AM CDT   SUNSET   754 PM CDT
AUGUST 21 2017........SUNRISE   643 AM CDT   SUNSET   753 PM CDT


-  INDICATES NEGATIVE NUMBERS.
R  INDICATES RECORD WAS SET OR TIED.
MM INDICATES DATA IS MISSING.
T  INDICATES TRACE AMOUNT.




$$
