000
CDUS44 KSHV 010839
CLISHV


CLIMATE REPORT
NATIONAL WEATHER SERVICE SHREVEPORT, LA
238 AM CST SUN FEB 1 2015


...................................

...THE SHREVEPORT CLIMATE SUMMARY FOR JANUARY 31 2015...

CLIMATE NORMAL PERIOD 1981 TO 2010
CLIMATE RECORD PERIOD 1874 TO 2015


WEATHER ITEM   OBSERVED TIME   RECORD YEAR NORMAL DEPARTURE LAST
                VALUE   (LST)  VALUE       VALUE  FROM      YEAR
                                                  NORMAL
..................................................................
TEMPERATURE (F)
 YESTERDAY
  MAXIMUM         58    500 PM  83    1911  59     -1       69
  MINIMUM         42        MM   8    1949  37      5       48
  AVERAGE         50                        48      2       59

PRECIPITATION (IN)
  YESTERDAY        T             4.12 1896   0.15  -0.15     0.00
  MONTH TO DATE    7.45                      4.20   3.25     0.82
  SINCE DEC 1     11.20                      8.97   2.23     5.80
  SINCE JAN 1      7.45                      4.20   3.25     0.82

SNOWFALL (IN)
  YESTERDAY        0.0
  MONTH TO DATE    0.0
  SINCE DEC 1      0.0
  SINCE JUL 1      T
  SNOW DEPTH       0

DEGREE DAYS
 HEATING
  YESTERDAY       15                        17     -2        6
  MONTH TO DATE  608                       573     35      659
  SINCE DEC 1   1049                      1101    -52     1218
  SINCE JUL 1   1453                      1472    -19     1629

 COOLING
  YESTERDAY        0                         0      0        0
  MONTH TO DATE    0                         4     -4        0
  SINCE DEC 1      2                        11     -9       11
  SINCE JAN 1      0                         4     -4        0
..................................................................


WIND (MPH)
  HIGHEST WIND SPEED    14   HIGHEST WIND DIRECTION    SE (150)
  HIGHEST GUST SPEED    24   HIGHEST GUST DIRECTION    SE (150)
  AVERAGE WIND SPEED     8.7


SKY COVER
  POSSIBLE SUNSHINE  MM
  AVERAGE SKY COVER 0.9


WEATHER CONDITIONS
 THE FOLLOWING WEATHER WAS RECORDED YESTERDAY.
  LIGHT RAIN


RELATIVE HUMIDITY (PERCENT)
 HIGHEST    67           300 AM
 LOWEST     39           300 PM
 AVERAGE    53

..........................................................


THE SHREVEPORT CLIMATE NORMALS FOR TODAY
                         NORMAL    RECORD    YEAR
 MAXIMUM TEMPERATURE (F)   59        82      1989
 MINIMUM TEMPERATURE (F)   37        10      1951
                                             1949


SUNRISE AND SUNSET
FEBRUARY  1 2015......SUNRISE   710 AM CST   SUNSET   548 PM CST
FEBRUARY  2 2015......SUNRISE   709 AM CST   SUNSET   549 PM CST


-  INDICATES NEGATIVE NUMBERS.
R  INDICATES RECORD WAS SET OR TIED.
MM INDICATES DATA IS MISSING.
T  INDICATES TRACE AMOUNT.




$$
