000
CDUS44 KSHV 222209
CLISHV


CLIMATE REPORT
NATIONAL WEATHER SERVICE SHREVEPORT, LA
508 PM CDT SAT APR 22 2017


...................................

...THE SHREVEPORT CLIMATE SUMMARY FOR APRIL 22 2017...
VALID TODAY AS OF 0500 PM LOCAL TIME.

CLIMATE NORMAL PERIOD 1981 TO 2010
CLIMATE RECORD PERIOD 1874 TO 2017


WEATHER ITEM   OBSERVED TIME   RECORD YEAR NORMAL DEPARTURE LAST
                VALUE   (LST)  VALUE       VALUE  FROM      YEAR
                                                  NORMAL
..................................................................
TEMPERATURE (F)
 TODAY
  MAXIMUM         74   1212 AM  90    2011  78     -4       81
  MINIMUM         60   1224 PM  38    1931  56      4       59
  AVERAGE         67                        67      0       70

PRECIPITATION (IN)
  TODAY            0.09          4.08 1995   0.13  -0.04     0.00
  MONTH TO DATE    3.27                      3.04   0.23     9.20
  SINCE DEC 1     12.00                     20.90  -8.90    29.94
  SINCE JAN 1      8.86                     16.13  -7.27    27.05

SNOWFALL (IN)
  TODAY            0.0
  MONTH TO DATE    0.0
  SINCE MAR 1      0.0
  SINCE JUL 1      0.0
  SNOW DEPTH       0

DEGREE DAYS
 HEATING
  TODAY            0                         2     -2        0
  MONTH TO DATE   17                        76    -59       33
  SINCE MAR 1    151                       327   -176      146
  SINCE JUL 1   1182                      2209  -1027     1449

 COOLING
  TODAY            2                         4     -2        5
  MONTH TO DATE  125                        59     66       57
  SINCE MAR 1    226                        90    136      111
  SINCE JAN 1    296                       100    196      129
..................................................................


WIND (MPH)
  HIGHEST WIND SPEED    22   HIGHEST WIND DIRECTION     S (180)
  HIGHEST GUST SPEED    26   HIGHEST GUST DIRECTION     S (190)
  AVERAGE WIND SPEED    12.2


SKY COVER
  POSSIBLE SUNSHINE  MM
  AVERAGE SKY COVER 1.0


WEATHER CONDITIONS
 THE FOLLOWING WEATHER WAS RECORDED TODAY.
  THUNDERSTORM
  HEAVY RAIN
  RAIN
  LIGHT RAIN
  FOG


RELATIVE HUMIDITY (PERCENT)
 HIGHEST   100           500 AM
 LOWEST     67           300 PM
 AVERAGE    84

..........................................................


THE SHREVEPORT CLIMATE NORMALS FOR TOMORROW
                         NORMAL    RECORD    YEAR
 MAXIMUM TEMPERATURE (F)   79        89      2011
                                             1988
                                             1925
 MINIMUM TEMPERATURE (F)   56        40      1884


SUNRISE AND SUNSET
APRIL 22 2017.........SUNRISE   638 AM CDT   SUNSET   750 PM CDT
APRIL 23 2017.........SUNRISE   637 AM CDT   SUNSET   751 PM CDT


-  INDICATES NEGATIVE NUMBERS.
R  INDICATES RECORD WAS SET OR TIED.
MM INDICATES DATA IS MISSING.
T  INDICATES TRACE AMOUNT.




$$

20
