000
CDUS46 KMFR 070849
CLISIY


CLIMATE REPORT
NATIONAL WEATHER SERVICE MEDFORD, OR
149 AM PDT TUE JUL 7 2015


...................................

...THE MONTAGUE CA CLIMATE SUMMARY FOR JULY 6 2015...

CLIMATE NORMAL PERIOD 1981 TO 2010
CLIMATE RECORD PERIOD 1948 TO 2015


WEATHER ITEM   OBSERVED TIME   RECORD YEAR NORMAL DEPARTURE LAST
                VALUE   (LST)  VALUE       VALUE  FROM      YEAR
                                                  NORMAL
..................................................................
TEMPERATURE (F)
 YESTERDAY
  MAXIMUM         97    324 PM 103    1968  89      8      101
  MINIMUM         60    459 AM  39    1988  53      7       53
  AVERAGE         79                        71      8       77

PRECIPITATION (IN)
  YESTERDAY        0.00          0.84 1970   0.01  -0.01     0.00
  MONTH TO DATE    0.04                      0.06  -0.02     0.02
  SINCE OCT 1     12.36                     17.10  -4.74     6.69
  SINCE JAN 1      6.45                     10.27  -3.82     6.05

SNOWFALL (IN)
  YESTERDAY       MM                        MM     MM       MM
  MONTH TO DATE   MM                        MM     MM       MM
  SINCE JUL 1     MM                        MM     MM       MM
  SNOW DEPTH      MM

DEGREE DAYS
 HEATING
  YESTERDAY        0                         0      0        0
  MONTH TO DATE    0                         1     -1        0
  SINCE JUN 1     17                        94    -77       46
  SINCE JUL 1      0                         1     -1        0

 COOLING
  YESTERDAY       14                         6      8       12
  MONTH TO DATE  108                        33     75       82
  SINCE JUN 1    342                        91    251      165
  SINCE JAN 1    357                       104    253      172
..................................................................


WIND (MPH)
  HIGHEST WIND SPEED    18   HIGHEST WIND DIRECTION    NW (320)
  HIGHEST GUST SPEED    24   HIGHEST GUST DIRECTION    NW (320)
  AVERAGE WIND SPEED     6.0


SKY COVER
  POSSIBLE SUNSHINE  MM
  AVERAGE SKY COVER 0.1


WEATHER CONDITIONS
 THE FOLLOWING WEATHER WAS RECORDED YESTERDAY.
  NO SIGNIFICANT WEATHER WAS OBSERVED.


RELATIVE HUMIDITY (PERCENT)
 HIGHEST    45          1000 PM
 LOWEST     17           500 PM

..........................................................


THE MONTAGUE CA CLIMATE NORMALS FOR TODAY
                         NORMAL    RECORD    YEAR
 MAXIMUM TEMPERATURE (F)   89       106      2014
 MINIMUM TEMPERATURE (F)   53        34      1981


SUNRISE AND SUNSET
JULY  7 2015..........SUNRISE   542 AM PDT   SUNSET   847 PM PDT
JULY  8 2015..........SUNRISE   543 AM PDT   SUNSET   847 PM PDT


-  INDICATES NEGATIVE NUMBERS.
R  INDICATES RECORD WAS SET OR TIED.
MM INDICATES DATA IS MISSING.
T  INDICATES TRACE AMOUNT.




$$
