000
CDUS46 KMFR 190051
CLISIY


CLIMATE REPORT
NATIONAL WEATHER SERVICE MEDFORD, OR
451 PM PST THU JAN 18 2018


...................................

...THE MONTAGUE CA CLIMATE SUMMARY FOR JANUARY 18 2018...
VALID TODAY AS OF 0400 PM LOCAL TIME.

CLIMATE NORMAL PERIOD 1981 TO 2010
CLIMATE RECORD PERIOD 1948 TO 2018


WEATHER ITEM   OBSERVED TIME   RECORD YEAR NORMAL DEPARTURE LAST
                VALUE   (LST)  VALUE       VALUE  FROM      YEAR
                                                  NORMAL
..................................................................
TEMPERATURE (F)
 TODAY
  MAXIMUM         53    141 AM  63    1986  44      9       44
  MINIMUM         43    732 AM   0    1952  26     17       35
  AVERAGE         48                        35     13       40

PRECIPITATION (IN)
  TODAY            0.50          1.07 1951   0.05   0.45     0.14
  MONTH TO DATE    0.93                      1.62  -0.69     1.49
  SINCE OCT 1      3.20                      8.45  -5.25     9.70
  SINCE JAN 1      0.93                      1.62  -0.69     1.49

SNOWFALL (IN)
  TODAY           MM                        MM     MM       MM
  MONTH TO DATE   MM                        MM     MM       MM
  SINCE JUL 1     MM                        MM     MM       MM
  SNOW DEPTH      MM

DEGREE DAYS
 HEATING
  TODAY           17                        30    -13       25
  MONTH TO DATE  425                       540   -115      665
  SINCE DEC 1   1432                      1467    -35     1679
  SINCE JUL 1   2662                      2773   -111     2809

 COOLING
  TODAY            0                         0      0        0
  MONTH TO DATE    0                         0      0        0
  SINCE DEC 1      0                         0      0        0
  SINCE JAN 1      0                         0      0        0
..................................................................


WIND (MPH)
  HIGHEST WIND SPEED    35   HIGHEST WIND DIRECTION     S (170)
  HIGHEST GUST SPEED    40   HIGHEST GUST DIRECTION     S (170)
  AVERAGE WIND SPEED    10.9


SKY COVER
  POSSIBLE SUNSHINE  MM
  AVERAGE SKY COVER 1.0


WEATHER CONDITIONS
 THE FOLLOWING WEATHER WAS RECORDED TODAY.
  RAIN
  LIGHT RAIN
  FOG


RELATIVE HUMIDITY (PERCENT)
 HIGHEST    93           400 AM
 LOWEST     64          1200 AM

..........................................................


THE MONTAGUE CA CLIMATE NORMALS FOR TOMORROW
                         NORMAL    RECORD    YEAR
 MAXIMUM TEMPERATURE (F)   45        58      1997
 MINIMUM TEMPERATURE (F)   26         2      1952


SUNRISE AND SUNSET
JANUARY 18 2018.......SUNRISE   733 AM PST   SUNSET   508 PM PST
JANUARY 19 2018.......SUNRISE   733 AM PST   SUNSET   509 PM PST


-  INDICATES NEGATIVE NUMBERS.
R  INDICATES RECORD WAS SET OR TIED.
MM INDICATES DATA IS MISSING.
T  INDICATES TRACE AMOUNT.




$$
