000
CDUS46 KMFR 200841
CLISIY


CLIMATE REPORT
NATIONAL WEATHER SERVICE MEDFORD, OR
140 AM PDT FRI OCT 20 2017


...................................

...THE MONTAGUE CA CLIMATE SUMMARY FOR OCTOBER 19 2017...

CLIMATE NORMAL PERIOD 1981 TO 2010
CLIMATE RECORD PERIOD 1948 TO 2017


WEATHER ITEM   OBSERVED TIME   RECORD YEAR NORMAL DEPARTURE LAST
                VALUE   (LST)  VALUE       VALUE  FROM      YEAR
                                                  NORMAL
..................................................................
TEMPERATURE (F)
 YESTERDAY
  MAXIMUM         67    202 PM  82    1974  66      1       60
  MINIMUM         38    624 AM  24    1957  36      2       31
  AVERAGE         53                        51      2       46

PRECIPITATION (IN)
  YESTERDAY        0.40          1.42 2007   0.04   0.36     0.00
  MONTH TO DATE    0.40                      0.50  -0.10     2.57
  SINCE OCT 1      0.40                      0.50  -0.10     2.57
  SINCE JAN 1      8.17                     12.14  -3.97    12.80

SNOWFALL (IN)
  YESTERDAY       MM                        MM     MM       MM
  MONTH TO DATE   MM                        MM     MM       MM
  SINCE JUL 1     MM                        MM     MM       MM
  SNOW DEPTH      MM

DEGREE DAYS
 HEATING
  YESTERDAY       12                        14     -2       19
  MONTH TO DATE  279                       208     71      247
  SINCE SEP 1    407                       333     74      347
  SINCE JUL 1    407                       350     57      360

 COOLING
  YESTERDAY        0                         0      0        0
  MONTH TO DATE    0                         0      0        0
  SINCE SEP 1     85                        41     44       35
  SINCE JAN 1    902                       542    360      689
..................................................................


WIND (MPH)
  HIGHEST WIND SPEED    36   HIGHEST WIND DIRECTION     S (170)
  HIGHEST GUST SPEED    41   HIGHEST GUST DIRECTION     S (170)
  AVERAGE WIND SPEED    12.7


SKY COVER
  POSSIBLE SUNSHINE  MM
  AVERAGE SKY COVER 0.3


WEATHER CONDITIONS
 THE FOLLOWING WEATHER WAS RECORDED YESTERDAY.
  HEAVY RAIN
  RAIN
  LIGHT RAIN
  FOG


RELATIVE HUMIDITY (PERCENT)
 HIGHEST    89          1100 PM
 LOWEST     31          1100 AM

..........................................................


THE MONTAGUE CA CLIMATE NORMALS FOR TODAY
                         NORMAL    RECORD    YEAR
 MAXIMUM TEMPERATURE (F)   65        81      1991
 MINIMUM TEMPERATURE (F)   35        20      1949


SUNRISE AND SUNSET
OCTOBER 20 2017.......SUNRISE   728 AM PDT   SUNSET   620 PM PDT
OCTOBER 21 2017.......SUNRISE   729 AM PDT   SUNSET   619 PM PDT


-  INDICATES NEGATIVE NUMBERS.
R  INDICATES RECORD WAS SET OR TIED.
MM INDICATES DATA IS MISSING.
T  INDICATES TRACE AMOUNT.




$$
