000
CDUS46 KMTR 290827
CLISJC


CLIMATE REPORT
NATIONAL WEATHER SERVICE SAN FRANCISCO BAY AREA
127 AM PDT SUN MAR 29 2015


...................................

...THE SAN JOSE AIRPORT CLIMATE SUMMARY FOR MARCH 28 2015...

CLIMATE NORMAL PERIOD 1981 TO 2010
CLIMATE RECORD PERIOD 1893 TO 2015


WEATHER ITEM   OBSERVED TIME   RECORD YEAR NORMAL DEPARTURE LAST
                VALUE   (LST)  VALUE       VALUE  FROM      YEAR
                                                  NORMAL
..................................................................
TEMPERATURE (F)
 YESTERDAY
  MAXIMUM         78    332 PM  81    1893  67     11       71
  MINIMUM         49    432 AM  36    1972  47      2       50
  AVERAGE         64                        57      7       61

PRECIPITATION (IN)
  YESTERDAY        0.00          0.92 1915   0.05  -0.05     0.00
  MONTH TO DATE    0.19                      1.87  -1.68     0.59
  SINCE OCT 1     11.88                     12.96  -1.08     4.26
  SINCE JAN 1      1.93                      8.18  -6.25     3.36

SNOWFALL (IN)
  YESTERDAY        0.0                      MM     MM        0.0
  MONTH TO DATE    0.0                      MM     MM        0.0
  SINCE MAR 1      0.0                      MM     MM        0.0
  SINCE JUL 1      0.0                      MM     MM        0.0

DEGREE DAYS
 HEATING
  YESTERDAY        1                         8     -7        4
  MONTH TO DATE  124                       228   -104      137
  SINCE MAR 1    124                       228   -104      137
  SINCE JUL 1   1344                      1691   -347     1678

 COOLING
  YESTERDAY        0                         0      0        0
  MONTH TO DATE   14                         0     14        4
  SINCE MAR 1     14                         0     14        4
  SINCE JAN 1     14                         0     14        4
..................................................................


WIND (MPH)
  RESULTANT WIND SPEED   5   RESULTANT WIND DIRECTION  NW (300)
  HIGHEST WIND SPEED    17   HIGHEST WIND DIRECTION     W (290)
  HIGHEST GUST SPEED    29   HIGHEST GUST DIRECTION    SW (220)
  AVERAGE WIND SPEED     6.1


SKY COVER
  POSSIBLE SUNSHINE  MM
  AVERAGE SKY COVER 0.3


WEATHER CONDITIONS
 THE FOLLOWING WEATHER WAS RECORDED YESTERDAY.
  NO SIGNIFICANT WEATHER WAS OBSERVED.


RELATIVE HUMIDITY (PERCENT)
 HIGHEST    83           100 AM
 LOWEST     29           400 PM
 AVERAGE    56

..........................................................


THE SAN JOSE AIRPORT CLIMATE NORMALS FOR TODAY
                         NORMAL    RECORD    YEAR
 MAXIMUM TEMPERATURE (F)   67        81      1968
 MINIMUM TEMPERATURE (F)   47        30      1895


SUNRISE AND SUNSET
MARCH 29 2015.........SUNRISE   658 AM PDT   SUNSET   728 PM PDT
MARCH 30 2015.........SUNRISE   656 AM PDT   SUNSET   728 PM PDT


-  INDICATES NEGATIVE NUMBERS.
R  INDICATES RECORD WAS SET OR TIED.
MM INDICATES DATA IS MISSING.
T  INDICATES TRACE AMOUNT.




$$
