000
CDUS46 KMTR 290027
CLISJC


CLIMATE REPORT
NATIONAL WEATHER SERVICE SAN FRANCISCO BAY AREA
526 PM PDT SUN AUG 28 2016


...................................

...THE SAN JOSE CA CLIMATE SUMMARY FOR AUGUST 28 2016...
VALID TODAY AS OF 0500 PM LOCAL TIME.

CLIMATE NORMAL PERIOD 1981 TO 2010
CLIMATE RECORD PERIOD 1893 TO 2016


WEATHER ITEM   OBSERVED TIME   RECORD YEAR NORMAL DEPARTURE LAST
                VALUE   (LST)  VALUE       VALUE  FROM      YEAR
                                                  NORMAL
..................................................................
TEMPERATURE (F)
 TODAY
  MAXIMUM         79    122 PM 101    2009  83     -4       95
  MINIMUM         61    345 AM  45    1902  58      3       64
  AVERAGE         70                        71     -1       80

PRECIPITATION (IN)
  TODAY            0.00          0.01 1941   0.00   0.00     0.00
  MONTH TO DATE    T                         0.00   0.00     0.02
  SINCE OCT 1     14.91                     14.67   0.24    13.38
  SINCE JAN 1     10.21                      9.89   0.32     3.43

SNOWFALL (IN)
  TODAY            0.0           0.0  1947
  MONTH TO DATE    0.0
  SINCE JUN 1      0.0
  SINCE JUL 1      0.0

DEGREE DAYS
 HEATING
  TODAY            0                         0      0        0
  MONTH TO DATE    0                         0      0        0
  SINCE JUN 1      6                        16    -10       10
  SINCE JUL 1      0                         1     -1        0

 COOLING
  TODAY            5                         6     -1       15
  MONTH TO DATE  129                       168    -39      182
  SINCE JUN 1    427                       467    -40      453
  SINCE JAN 1    509                       537    -28      480
..................................................................


WIND (MPH)
  RESULTANT WIND SPEED   2   RESULTANT WIND DIRECTION  NW (320)
  HIGHEST WIND SPEED    17   HIGHEST WIND DIRECTION    NW (310)
  HIGHEST GUST SPEED    21   HIGHEST GUST DIRECTION    NW (310)
  AVERAGE WIND SPEED     4.9


SKY COVER
  POSSIBLE SUNSHINE  MM
  AVERAGE SKY COVER 0.6


WEATHER CONDITIONS
 THE FOLLOWING WEATHER WAS RECORDED TODAY.
  NO SIGNIFICANT WEATHER WAS OBSERVED.


RELATIVE HUMIDITY (PERCENT)
 HIGHEST    78          1200 AM
 LOWEST     45           200 PM
 AVERAGE    62

..........................................................


THE SAN JOSE CA CLIMATE NORMALS FOR TOMORROW
                         NORMAL    RECORD    YEAR
 MAXIMUM TEMPERATURE (F)   83       100      2009
 MINIMUM TEMPERATURE (F)   58        44      1895


SUNRISE AND SUNSET
AUGUST 28 2016........SUNRISE   635 AM PDT   SUNSET   741 PM PDT
AUGUST 29 2016........SUNRISE   636 AM PDT   SUNSET   740 PM PDT


-  INDICATES NEGATIVE NUMBERS.
R  INDICATES RECORD WAS SET OR TIED.
MM INDICATES DATA IS MISSING.
T  INDICATES TRACE AMOUNT.




$$
