000
CDUS46 KMTR 270025
CLISJC


CLIMATE REPORT
NATIONAL WEATHER SERVICE SAN FRANCISCO BAY AREA
425 PM PST THU FEB 26 2015


...................................

...THE SAN JOSE CA CLIMATE SUMMARY FOR FEBRUARY 26 2015...
VALID TODAY AS OF 0400 PM LOCAL TIME.

CLIMATE NORMAL PERIOD 1981 TO 2010
CLIMATE RECORD PERIOD 1893 TO 2015


WEATHER ITEM   OBSERVED TIME   RECORD YEAR NORMAL DEPARTURE LAST
                VALUE   (LST)  VALUE       VALUE  FROM      YEAR
                                                  NORMAL
..................................................................
TEMPERATURE (F)
 TODAY
  MAXIMUM         69    326 PM  81    1986  66      3       61
  MINIMUM         46    728 AM  33    2011  47     -1       52
                                      1897
  AVERAGE         58                        56      2       57

PRECIPITATION (IN)
  TODAY            0.00          0.94 1955   0.12  -0.12     0.68
  MONTH TO DATE    1.70                      3.08  -1.38     1.67
  SINCE OCT 1     11.65                     10.85   0.80     2.69
  SINCE JAN 1      1.70                      6.07  -4.37     1.79

SNOWFALL (IN)
  TODAY            0.0           0.0  1947
  MONTH TO DATE    0.0
  SINCE DEC 1      0.0
  SINCE JUL 1      0.0

DEGREE DAYS
 HEATING
  TODAY            7                         9     -2        8
  MONTH TO DATE  182                       277    -95      280
  SINCE DEC 1    915                      1121   -206     1147
  SINCE JUL 1   1199                      1446   -247     1527

 COOLING
  TODAY            0                         0      0        0
  MONTH TO DATE    0                         0      0        0
  SINCE DEC 1      0                         0      0        0
  SINCE JAN 1      0                         0      0        0
..................................................................


WIND (MPH)
  RESULTANT WIND SPEED   2   RESULTANT WIND DIRECTION   W (290)
  HIGHEST WIND SPEED    18   HIGHEST WIND DIRECTION    NW (310)
  HIGHEST GUST SPEED    21   HIGHEST GUST DIRECTION    NW (300)
  AVERAGE WIND SPEED     3.7


SKY COVER
  POSSIBLE SUNSHINE  MM
  AVERAGE SKY COVER 0.5


WEATHER CONDITIONS
 THE FOLLOWING WEATHER WAS RECORDED TODAY.
  NO SIGNIFICANT WEATHER WAS OBSERVED.


RELATIVE HUMIDITY (PERCENT)
 HIGHEST    86           400 AM
 LOWEST     39           100 PM
 AVERAGE    63

..........................................................


THE SAN JOSE CA CLIMATE NORMALS FOR TOMORROW
                         NORMAL    RECORD    YEAR
 MAXIMUM TEMPERATURE (F)   66        79      1992
 MINIMUM TEMPERATURE (F)   47        28      1893


SUNRISE AND SUNSET
FEBRUARY 26 2015......SUNRISE   643 AM PST   SUNSET   559 PM PST
FEBRUARY 27 2015......SUNRISE   642 AM PST   SUNSET   600 PM PST


-  INDICATES NEGATIVE NUMBERS.
R  INDICATES RECORD WAS SET OR TIED.
MM INDICATES DATA IS MISSING.
T  INDICATES TRACE AMOUNT.




$$
