000
CDUS46 KMTR 010026
CLISJC


CLIMATE REPORT
NATIONAL WEATHER SERVICE SAN FRANCISCO BAY AREA
526 PM PDT TUE SEP 30 2014


...................................

...THE SAN JOSE CA CLIMATE SUMMARY FOR SEPTEMBER 30 2014...
VALID TODAY AS OF 0500 PM LOCAL TIME.

CLIMATE NORMAL PERIOD 1981 TO 2010
CLIMATE RECORD PERIOD 1893 TO 2014


WEATHER ITEM   OBSERVED TIME   RECORD YEAR NORMAL DEPARTURE LAST
                VALUE   (LST)  VALUE       VALUE  FROM      YEAR
                                                  NORMAL
..................................................................
TEMPERATURE (F)
 TODAY
  MAXIMUM         76    205 PM  94    2001  80     -4       77
  MINIMUM         54    629 AM  35    1893  55     -1       57
  AVERAGE         65                        67     -2       67

PRECIPITATION (IN)
  TODAY            0.00          0.69 1894   0.04  -0.04     0.00
  MONTH TO DATE    0.36                      0.23   0.13     0.66
  SINCE JUL 1      0.36                      0.23   0.13     0.66
  SINCE JAN 1      5.15                     10.12  -4.97     2.90

SNOWFALL (IN)
  TODAY            0.0           0.0  1947
  MONTH TO DATE    0.0
  SINCE SEP 1      0.0
  SINCE JUL 1      0.0

DEGREE DAYS
 HEATING
  TODAY            0                         1     -1        0
  MONTH TO DATE    2                         8     -6        8
  SINCE SEP 1      2                        10     -8        8
  SINCE JUL 1      2                        13    -11        9

 COOLING
  TODAY            0                         3     -3        2
  MONTH TO DATE  110                       137    -27      111
  SINCE SEP 1    110                       137    -27      111
  SINCE JAN 1    611                       683    -72      536
..................................................................


WIND (MPH)
  RESULTANT WIND SPEED   3   RESULTANT WIND DIRECTION  NW (310)
  HIGHEST WIND SPEED    15   HIGHEST WIND DIRECTION     W (290)
  HIGHEST GUST SPEED    20   HIGHEST GUST DIRECTION    NW (300)
  AVERAGE WIND SPEED     4.6


SKY COVER
  POSSIBLE SUNSHINE  MM
  AVERAGE SKY COVER 0.2


WEATHER CONDITIONS
 THE FOLLOWING WEATHER WAS RECORDED TODAY.
  FOG


RELATIVE HUMIDITY (PERCENT)
 HIGHEST    93           100 AM
 LOWEST     33           200 PM
 AVERAGE    63

..........................................................


THE SAN JOSE CA CLIMATE NORMALS FOR TOMORROW
                         NORMAL    RECORD    YEAR
 MAXIMUM TEMPERATURE (F)   79        97      1980
 MINIMUM TEMPERATURE (F)   55        39      1894


SUNRISE AND SUNSET
SEPTEMBER 30 2014.....SUNRISE   702 AM PDT   SUNSET   652 PM PDT
OCTOBER  1 2014.......SUNRISE   703 AM PDT   SUNSET   651 PM PDT


-  INDICATES NEGATIVE NUMBERS.
R  INDICATES RECORD WAS SET OR TIED.
MM INDICATES DATA IS MISSING.
T  INDICATES TRACE AMOUNT.




$$
