000
CDUS46 KMTR 300845
CLISJC


CLIMATE REPORT
NATIONAL WEATHER SERVICE SAN FRANCISCO BAY AREA
145 AM PDT MON MAY 30 2016


...................................

...THE SAN JOSE AIRPORT CLIMATE SUMMARY FOR MAY 29 2016...

CLIMATE NORMAL PERIOD 1981 TO 2010
CLIMATE RECORD PERIOD 1893 TO 2016


WEATHER ITEM   OBSERVED TIME   RECORD YEAR NORMAL DEPARTURE LAST
                VALUE   (LST)  VALUE       VALUE  FROM      YEAR
                                                  NORMAL
..................................................................
TEMPERATURE (F)
 YESTERDAY
  MAXIMUM         83    140 PM  99    1950  77      6       69
  MINIMUM         55    531 AM  36    1895  54      1       54
  AVERAGE         69                        66      3       62

PRECIPITATION (IN)
  YESTERDAY        0.00          0.17 1998   0.01  -0.01     0.00
  MONTH TO DATE    0.32                      0.38  -0.06     0.50
  SINCE OCT 1     14.91                     14.57   0.34    13.26
  SINCE JAN 1     10.21                      9.79   0.42     3.31

SNOWFALL (IN)
  YESTERDAY        0.0                      MM     MM        0.0
  MONTH TO DATE    0.0                      MM     MM        0.0
  SINCE MAR 1      0.0                      MM     MM        0.0
  SINCE JUL 1      0.0                      MM     MM        0.0

DEGREE DAYS
 HEATING
  YESTERDAY        0                         1     -1        3
  MONTH TO DATE   57                        79    -22      127
  SINCE MAR 1    374                       520   -146      428
  SINCE JUL 1   1744                      1983   -239     1648

 COOLING
  YESTERDAY        4                         2      2        0
  MONTH TO DATE   40                        47     -7        6
  SINCE MAR 1     69                        66      3       27
  SINCE JAN 1     69                        66      3       27
..................................................................


WIND (MPH)
  RESULTANT WIND SPEED   1   RESULTANT WIND DIRECTION   W (260)
  HIGHEST WIND SPEED    20   HIGHEST WIND DIRECTION    NW (300)
  HIGHEST GUST SPEED    23   HIGHEST GUST DIRECTION    NW (300)
  AVERAGE WIND SPEED     8.0


SKY COVER
  POSSIBLE SUNSHINE  MM
  AVERAGE SKY COVER 0.1


WEATHER CONDITIONS
 THE FOLLOWING WEATHER WAS RECORDED YESTERDAY.
  HAZE


RELATIVE HUMIDITY (PERCENT)
 HIGHEST    83           600 AM
 LOWEST     35           100 PM
 AVERAGE    59

..........................................................


THE SAN JOSE AIRPORT CLIMATE NORMALS FOR TODAY
                         NORMAL    RECORD    YEAR
 MAXIMUM TEMPERATURE (F)   77       100      2001
 MINIMUM TEMPERATURE (F)   54        35      1893


SUNRISE AND SUNSET
MAY 30 2016...........SUNRISE   549 AM PDT   SUNSET   822 PM PDT
MAY 31 2016...........SUNRISE   549 AM PDT   SUNSET   823 PM PDT


-  INDICATES NEGATIVE NUMBERS.
R  INDICATES RECORD WAS SET OR TIED.
MM INDICATES DATA IS MISSING.
T  INDICATES TRACE AMOUNT.




$$
