000
CDUS46 KMTR 040036
CLISJC


CLIMATE REPORT
NATIONAL WEATHER SERVICE SAN FRANCISCO BAY AREA
535 PM PDT TUE MAY 3 2016


...................................

...THE SAN JOSE CA CLIMATE SUMMARY FOR MAY 3 2016...
VALID TODAY AS OF 0500 PM LOCAL TIME.

CLIMATE NORMAL PERIOD 1981 TO 2010
CLIMATE RECORD PERIOD 1893 TO 2016


WEATHER ITEM   OBSERVED TIME   RECORD YEAR NORMAL DEPARTURE LAST
                VALUE   (LST)  VALUE       VALUE  FROM      YEAR
                                                  NORMAL
..................................................................
TEMPERATURE (F)
 TODAY
  MAXIMUM         73    315 PM  90    2013  74     -1       70
                                      1992
  MINIMUM         55   1230 AM  34    1894  51      4       51
  AVERAGE         64                        62      2       61

PRECIPITATION (IN)
  TODAY            0.00          0.35 1998   0.02  -0.02     0.00
  MONTH TO DATE    0.00                      0.07  -0.07     0.00
  SINCE OCT 1     14.59                     14.26   0.33    12.76
  SINCE JAN 1      9.89                      9.48   0.41     2.81

SNOWFALL (IN)
  TODAY            0.0           0.0  1947
  MONTH TO DATE    0.0
  SINCE MAR 1      0.0
  SINCE JUL 1      0.0

DEGREE DAYS
 HEATING
  TODAY            1                         4     -3        4
  MONTH TO DATE    3                        12     -9        6
  SINCE MAR 1    320                       453   -133      307
  SINCE JUL 1   1690                      1916   -226     1527

 COOLING
  TODAY            0                         1     -1        0
  MONTH TO DATE    4                         3      1        6
  SINCE MAR 1     33                        22     11       27
  SINCE JAN 1     33                        22     11       27
..................................................................


WIND (MPH)
  RESULTANT WIND SPEED   5   RESULTANT WIND DIRECTION  NW (310)
  HIGHEST WIND SPEED    13   HIGHEST WIND DIRECTION    NW (310)
  HIGHEST GUST SPEED    16   HIGHEST GUST DIRECTION     W (290)
  AVERAGE WIND SPEED     5.6


SKY COVER
  POSSIBLE SUNSHINE  MM
  AVERAGE SKY COVER 0.8


WEATHER CONDITIONS
 THE FOLLOWING WEATHER WAS RECORDED TODAY.
  HAZE


RELATIVE HUMIDITY (PERCENT)
 HIGHEST    86          1200 AM
 LOWEST     41           300 PM
 AVERAGE    64

..........................................................


THE SAN JOSE CA CLIMATE NORMALS FOR TOMORROW
                         NORMAL    RECORD    YEAR
 MAXIMUM TEMPERATURE (F)   74        94      1990
 MINIMUM TEMPERATURE (F)   51        36      1902


SUNRISE AND SUNSET
MAY  3 2016...........SUNRISE   610 AM PDT   SUNSET   800 PM PDT
MAY  4 2016...........SUNRISE   609 AM PDT   SUNSET   801 PM PDT


-  INDICATES NEGATIVE NUMBERS.
R  INDICATES RECORD WAS SET OR TIED.
MM INDICATES DATA IS MISSING.
T  INDICATES TRACE AMOUNT.




$$
