000
CDUS46 KMTR 290845
CLISJC


CLIMATE REPORT
NATIONAL WEATHER SERVICE SAN FRANCISCO BAY AREA
145 AM PDT WED MAR 29 2017


...................................

...THE SAN JOSE AIRPORT CLIMATE SUMMARY FOR MARCH 28 2017...

CLIMATE NORMAL PERIOD 1981 TO 2010
CLIMATE RECORD PERIOD 1893 TO 2017


WEATHER ITEM   OBSERVED TIME   RECORD YEAR NORMAL DEPARTURE LAST
                VALUE   (LST)  VALUE       VALUE  FROM      YEAR
                                                  NORMAL
..................................................................
TEMPERATURE (F)
 YESTERDAY
  MAXIMUM         72    348 PM  81    1893  67      5       61
  MINIMUM         45    431 AM  36    1972  47     -2       47
  AVERAGE         59                        57      2       54

PRECIPITATION (IN)
  YESTERDAY        T             0.92 1915   0.06  -0.06     0.04
  MONTH TO DATE    1.45                      2.37  -0.92     3.96
  SINCE OCT 1     16.71                     13.64   3.07    13.06
  SINCE JAN 1     12.33                      8.55   3.78     8.36

SNOWFALL (IN)
  YESTERDAY       MM                         0.0   MM       MM
  MONTH TO DATE    0.0                       0.0    0.0      0.0
  SINCE MAR 1      0.0                       0.0    0.0      0.0
  SINCE JUL 1      0.0                       0.0    0.0      0.0

DEGREE DAYS
 HEATING
  YESTERDAY        6                         8     -2       11
  MONTH TO DATE  202                       252    -50      179
  SINCE MAR 1    202                       252    -50      179
  SINCE JUL 1   1633                      1917   -284     1549

 COOLING
  YESTERDAY        0                         0      0        0
  MONTH TO DATE    2                         0      2        0
  SINCE MAR 1      2                         0      2        0
  SINCE JAN 1      2                         0      2        0
..................................................................


WIND (MPH)
  RESULTANT WIND SPEED   6   RESULTANT WIND DIRECTION  NW (300)
  HIGHEST WIND SPEED    21   HIGHEST WIND DIRECTION     W (280)
  HIGHEST GUST SPEED    27   HIGHEST GUST DIRECTION     W (290)
  AVERAGE WIND SPEED     7.2


SKY COVER
  POSSIBLE SUNSHINE  MM
  AVERAGE SKY COVER 0.3


WEATHER CONDITIONS
 THE FOLLOWING WEATHER WAS RECORDED YESTERDAY.
  NO SIGNIFICANT WEATHER WAS OBSERVED.


RELATIVE HUMIDITY (PERCENT)
 HIGHEST    86           200 AM
 LOWEST     35           200 PM
 AVERAGE    61

..........................................................


THE SAN JOSE AIRPORT CLIMATE NORMALS FOR TODAY
                         NORMAL    RECORD    YEAR
 MAXIMUM TEMPERATURE (F)   67        81      1968
 MINIMUM TEMPERATURE (F)   47        30      1895


SUNRISE AND SUNSET
MARCH 29 2017.........SUNRISE   657 AM PDT   SUNSET   728 PM PDT
MARCH 30 2017.........SUNRISE   656 AM PDT   SUNSET   729 PM PDT


-  INDICATES NEGATIVE NUMBERS.
R  INDICATES RECORD WAS SET OR TIED.
MM INDICATES DATA IS MISSING.
T  INDICATES TRACE AMOUNT.




$$
