000
CDUS44 KSJT 300805
CLISJT


CLIMATE REPORT
NATIONAL WEATHER SERVICE SAN ANGELO TX
305 AM CDT TUE MAY 30 2017


...................................

...THE SAN ANGELO CLIMATE SUMMARY FOR MAY 29 2017...

CLIMATE NORMAL PERIOD 1981 TO 2010
CLIMATE RECORD PERIOD 1907 TO 2017


WEATHER ITEM   OBSERVED TIME   RECORD YEAR NORMAL DEPARTURE LAST
                VALUE   (LST)  VALUE       VALUE  FROM      YEAR
                                                  NORMAL
..................................................................
TEMPERATURE (F)
 YESTERDAY
  MAXIMUM         88    440 PM 107    1927  90     -2       90
  MINIMUM         66    622 AM  48    1947  66      0       66
  AVERAGE         77                        78     -1       78

PRECIPITATION (IN)
  YESTERDAY        0.00          2.40 1932   0.11  -0.11     0.15
  MONTH TO DATE    2.06                      2.60  -0.54     4.92
  SINCE MAR 1      3.77                      5.52  -1.75    13.35
  SINCE JAN 1      6.48                      7.80  -1.32    14.15

DEGREE DAYS
 HEATING
  YESTERDAY        0                         0      0        0
  MONTH TO DATE    9                         8      1       22
  SINCE MAR 1    183                       353   -170      232
  SINCE JUL 1   1507                      2314   -807     1825

 COOLING
  YESTERDAY       12                        13     -1       13
  MONTH TO DATE  264                       279    -15      255
  SINCE MAR 1    538                       430    108      379
  SINCE JAN 1    565                       435    130      389
..................................................................


WIND (MPH)
  HIGHEST WIND SPEED    17   HIGHEST WIND DIRECTION     E (80)
  HIGHEST GUST SPEED    22   HIGHEST GUST DIRECTION     E (70)
  AVERAGE WIND SPEED     8.3


SKY COVER
  POSSIBLE SUNSHINE  MM
  AVERAGE SKY COVER 0.3


WEATHER CONDITIONS
 THE FOLLOWING WEATHER WAS RECORDED YESTERDAY.
  NO SIGNIFICANT WEATHER WAS OBSERVED.


RELATIVE HUMIDITY (PERCENT)
 HIGHEST    78           500 AM
 LOWEST     26           400 PM
 AVERAGE    52

..........................................................


THE SAN ANGELO CLIMATE NORMALS FOR TODAY
                         NORMAL    RECORD    YEAR
 MAXIMUM TEMPERATURE (F)   90       107      1927
 MINIMUM TEMPERATURE (F)   66        46      1947


SUNRISE AND SUNSET
MAY 30 2017...........SUNRISE   639 AM CDT   SUNSET   841 PM CDT
MAY 31 2017...........SUNRISE   638 AM CDT   SUNSET   841 PM CDT


-  INDICATES NEGATIVE NUMBERS.
R  INDICATES RECORD WAS SET OR TIED.
MM INDICATES DATA IS MISSING.
T  INDICATES TRACE AMOUNT.




$$
