000
CDUS44 KSJT 032226
CLISJT


CLIMATE REPORT
NATIONAL WEATHER SERVICE SAN ANGELO TX
525 PM CDT FRI JUL 3 2015


...................................

...THE SAN ANGELO CLIMATE SUMMARY FOR JULY 3 2015...
VALID TODAY AS OF 0500 PM LOCAL TIME.

CLIMATE NORMAL PERIOD 1981 TO 2010
CLIMATE RECORD PERIOD 1907 TO 2015


WEATHER ITEM   OBSERVED TIME   RECORD YEAR NORMAL DEPARTURE LAST
                VALUE   (LST)  VALUE       VALUE  FROM      YEAR
                                                  NORMAL
..................................................................
TEMPERATURE (F)
 TODAY
  MAXIMUM         91    334 PM 106    2005  94     -3       95
  MINIMUM         71    651 AM  57    2013  71      0       67
  AVERAGE         81                        82     -1       81

PRECIPITATION (IN)
  TODAY            0.00          2.28 1922   0.05  -0.05     0.00
  MONTH TO DATE    0.00                      0.15  -0.15     0.00
  SINCE JUN 1      3.55                      2.74   0.81     2.29
  SINCE JAN 1     18.41                     10.76   7.65    10.56

DEGREE DAYS
 HEATING
  TODAY            0                         0      0        0
  MONTH TO DATE    0                         0      0        0
  SINCE JUN 1      0                         0      0        0
  SINCE JUL 1      0                         0      0        0

 COOLING
  TODAY           16                        17     -1       16
  MONTH TO DATE   44                        51     -7       57
  SINCE JUN 1    488                       515    -27      541
  SINCE JAN 1    955                       975    -20     1143
..................................................................


WIND (MPH)
  HIGHEST WIND SPEED    17   HIGHEST WIND DIRECTION     S (160)
  HIGHEST GUST SPEED    22   HIGHEST GUST DIRECTION     S (160)
  AVERAGE WIND SPEED     7.7


SKY COVER
  POSSIBLE SUNSHINE  MM
  AVERAGE SKY COVER 0.1


WEATHER CONDITIONS
 THE FOLLOWING WEATHER WAS RECORDED TODAY.
  NO SIGNIFICANT WEATHER WAS OBSERVED.


RELATIVE HUMIDITY (PERCENT)
 HIGHEST    90           700 AM
 LOWEST     41           300 PM
 AVERAGE    66

..........................................................


THE SAN ANGELO CLIMATE NORMALS FOR TOMORROW
                         NORMAL    RECORD    YEAR
 MAXIMUM TEMPERATURE (F)   94       105      2005
                                             1910
 MINIMUM TEMPERATURE (F)   71        60      1985
                                             1924


SUNRISE AND SUNSET
JULY  3 2015..........SUNRISE   642 AM CDT   SUNSET   850 PM CDT
JULY  4 2015..........SUNRISE   642 AM CDT   SUNSET   850 PM CDT


-  INDICATES NEGATIVE NUMBERS.
R  INDICATES RECORD WAS SET OR TIED.
MM INDICATES DATA IS MISSING.
T  INDICATES TRACE AMOUNT.




$$
