000
CDUS44 KSJT 250652
CLISJT


CLIMATE REPORT
NATIONAL WEATHER SERVICE SAN ANGELO TX
151 AM CDT SUN SEP 25 2016


...................................

...THE SAN ANGELO CLIMATE SUMMARY FOR SEPTEMBER 24 2016...

CLIMATE NORMAL PERIOD 1981 TO 2010
CLIMATE RECORD PERIOD 1907 TO 2016


WEATHER ITEM   OBSERVED TIME   RECORD YEAR NORMAL DEPARTURE LAST
                VALUE   (LST)  VALUE       VALUE  FROM      YEAR
                                                  NORMAL
..................................................................
TEMPERATURE (F)
 YESTERDAY
  MAXIMUM         93    439 PM 102    1926  85      8       90
                                      1907
  MINIMUM         71   1159 PM  39    1989  61     10       64
                                      1913
  AVERAGE         82                        73      9       77

PRECIPITATION (IN)
  YESTERDAY        0.07          2.91 1959   0.08  -0.01     0.00
  MONTH TO DATE    2.56                      2.01   0.55     0.45
  SINCE SEP 1      2.56                      2.01   0.55     0.45
  SINCE JAN 1     28.08                     16.08  12.00    20.69

DEGREE DAYS
 HEATING
  YESTERDAY        0                         1     -1        0
  MONTH TO DATE    0                         2     -2        0
  SINCE SEP 1      0                         2     -2        0
  SINCE JUL 1      0                         2     -2        0

 COOLING
  YESTERDAY       17                         9      8       12
  MONTH TO DATE  380                       284     96      420
  SINCE SEP 1    380                       284     96      420
  SINCE JAN 1   2540                      2320    220     2635
..................................................................


WIND (MPH)
  HIGHEST WIND SPEED    20   HIGHEST WIND DIRECTION    NW (320)
  HIGHEST GUST SPEED    28   HIGHEST GUST DIRECTION     S (180)
  AVERAGE WIND SPEED    10.8


SKY COVER
  POSSIBLE SUNSHINE  MM
  AVERAGE SKY COVER 0.4


WEATHER CONDITIONS
 THE FOLLOWING WEATHER WAS RECORDED YESTERDAY.
  THUNDERSTORM
  HEAVY RAIN
  LIGHT RAIN
  FOG


RELATIVE HUMIDITY (PERCENT)
 HIGHEST    84           600 AM
 LOWEST     39           400 PM
 AVERAGE    62

..........................................................


THE SAN ANGELO CLIMATE NORMALS FOR TODAY
                         NORMAL    RECORD    YEAR
 MAXIMUM TEMPERATURE (F)   85       107      2005
 MINIMUM TEMPERATURE (F)   60        37      1989


SUNRISE AND SUNSET
SEPTEMBER 25 2016.....SUNRISE   732 AM CDT   SUNSET   734 PM CDT
SEPTEMBER 26 2016.....SUNRISE   733 AM CDT   SUNSET   733 PM CDT


-  INDICATES NEGATIVE NUMBERS.
R  INDICATES RECORD WAS SET OR TIED.
MM INDICATES DATA IS MISSING.
T  INDICATES TRACE AMOUNT.




$$
