000
CDUS44 KSJT 240756
CLISJT


CLIMATE REPORT
NATIONAL WEATHER SERVICE SAN ANGELO TX
256 AM CDT MON JUL 24 2017


...................................

...THE SAN ANGELO CLIMATE SUMMARY FOR JULY 23 2017...

CLIMATE NORMAL PERIOD 1981 TO 2010
CLIMATE RECORD PERIOD 1907 TO 2017


WEATHER ITEM   OBSERVED TIME   RECORD YEAR NORMAL DEPARTURE LAST
                VALUE   (LST)  VALUE       VALUE  FROM      YEAR
                                                  NORMAL
..................................................................
TEMPERATURE (F)
 YESTERDAY
  MAXIMUM        100    132 PM 108    1911  96      4      102
  MINIMUM         73    553 AM  56    1915  72      1       74
  AVERAGE         87                        84      3       88

PRECIPITATION (IN)
  YESTERDAY        T             1.10 1990   0.03  -0.03     0.00
  MONTH TO DATE    1.69                      0.90   0.79     0.00
  SINCE JUN 1      3.21                      3.49  -0.28     7.02
  SINCE JAN 1      9.69                     11.51  -1.82    22.65

DEGREE DAYS
 HEATING
  YESTERDAY        0                         0      0        0
  MONTH TO DATE    0                         0      0        0
  SINCE JUN 1      0                         0      0        0
  SINCE JUL 1      0                         0      0        0

 COOLING
  YESTERDAY       22                        19      3       23
  MONTH TO DATE  438                       412     26      529
  SINCE JUN 1   1000                       876    124      975
  SINCE JAN 1   1576                      1336    240     1386
..................................................................


WIND (MPH)
  HIGHEST WIND SPEED    25   HIGHEST WIND DIRECTION     W (250)
  HIGHEST GUST SPEED    31   HIGHEST GUST DIRECTION     W (260)
  AVERAGE WIND SPEED     8.0


SKY COVER
  POSSIBLE SUNSHINE  MM
  AVERAGE SKY COVER 0.1


WEATHER CONDITIONS
 THE FOLLOWING WEATHER WAS RECORDED YESTERDAY.
  THUNDERSTORM


RELATIVE HUMIDITY (PERCENT)
 HIGHEST    68           500 AM
 LOWEST     30           400 PM
 AVERAGE    49

..........................................................


THE SAN ANGELO CLIMATE NORMALS FOR TODAY
                         NORMAL    RECORD    YEAR
 MAXIMUM TEMPERATURE (F)   96       107      1995
 MINIMUM TEMPERATURE (F)   72        58      1915


SUNRISE AND SUNSET
JULY 24 2017..........SUNRISE   654 AM CDT   SUNSET   843 PM CDT
JULY 25 2017..........SUNRISE   654 AM CDT   SUNSET   842 PM CDT


-  INDICATES NEGATIVE NUMBERS.
R  INDICATES RECORD WAS SET OR TIED.
MM INDICATES DATA IS MISSING.
T  INDICATES TRACE AMOUNT.




$$
