000
CDUS44 KSJT 270700
CLISJT


CLIMATE REPORT
NATIONAL WEATHER SERVICE SAN ANGELO TX
200 AM CDT SAT AUG 27 2016


...................................

...THE SAN ANGELO CLIMATE SUMMARY FOR AUGUST 26 2016...

CLIMATE NORMAL PERIOD 1981 TO 2010
CLIMATE RECORD PERIOD 1907 TO 2016


WEATHER ITEM   OBSERVED TIME   RECORD YEAR NORMAL DEPARTURE LAST
                VALUE   (LST)  VALUE       VALUE  FROM      YEAR
                                                  NORMAL
..................................................................
TEMPERATURE (F)
 YESTERDAY
  MAXIMUM         94    350 PM 104    2002  93      1       97
                                      1922
  MINIMUM         68    448 AM  54    1926  70     -2       68
  AVERAGE         81                        82     -1       83

PRECIPITATION (IN)
  YESTERDAY        T             1.93 1914   0.09  -0.09     0.00
  MONTH TO DATE    2.87                      1.77   1.10     1.28
  SINCE JUN 1      9.89                      5.56   4.33     5.38
  SINCE JAN 1     25.52                     13.58  11.94    20.24

DEGREE DAYS
 HEATING
  YESTERDAY        0                         0      0        0
  MONTH TO DATE    0                         0      0        0
  SINCE JUN 1      0                         0      0        0
  SINCE JUL 1      0                         0      0        0

 COOLING
  YESTERDAY       16                        17     -1       18
  MONTH TO DATE  523                       472     51      586
  SINCE JUN 1   1670                      1499    171     1660
  SINCE JAN 1   2081                      1959    122     2127
..................................................................


WIND (MPH)
  HIGHEST WIND SPEED    26   HIGHEST WIND DIRECTION    NW (330)
  HIGHEST GUST SPEED    32   HIGHEST GUST DIRECTION    NW (330)
  AVERAGE WIND SPEED     4.8


SKY COVER
  POSSIBLE SUNSHINE  MM
  AVERAGE SKY COVER 0.2


WEATHER CONDITIONS
 THE FOLLOWING WEATHER WAS RECORDED YESTERDAY.
  LIGHT RAIN


RELATIVE HUMIDITY (PERCENT)
 HIGHEST    87          1100 PM
 LOWEST     30           400 PM
 AVERAGE    59

..........................................................


THE SAN ANGELO CLIMATE NORMALS FOR TODAY
                         NORMAL    RECORD    YEAR
 MAXIMUM TEMPERATURE (F)   93       106      2002
 MINIMUM TEMPERATURE (F)   69        55      1926


SUNRISE AND SUNSET
AUGUST 27 2016........SUNRISE   715 AM CDT   SUNSET   811 PM CDT
AUGUST 28 2016........SUNRISE   716 AM CDT   SUNSET   810 PM CDT


-  INDICATES NEGATIVE NUMBERS.
R  INDICATES RECORD WAS SET OR TIED.
MM INDICATES DATA IS MISSING.
T  INDICATES TRACE AMOUNT.




$$
