000
CDUS44 KSJT 232228
CLISJT


CLIMATE REPORT
NATIONAL WEATHER SERVICE SAN ANGELO TX
528 PM CDT SAT SEP 23 2017


...................................

...THE SAN ANGELO CLIMATE SUMMARY FOR SEPTEMBER 23 2017...
VALID TODAY AS OF 0500 PM LOCAL TIME.

CLIMATE NORMAL PERIOD 1981 TO 2010
CLIMATE RECORD PERIOD 1907 TO 2017


WEATHER ITEM   OBSERVED TIME   RECORD YEAR NORMAL DEPARTURE LAST
                VALUE   (LST)  VALUE       VALUE  FROM      YEAR
                                                  NORMAL
..................................................................
TEMPERATURE (F)
 TODAY
  MAXIMUM         92    337 PM 102    1926  86      6       96
  MINIMUM         72    654 AM  35    1913  61     11       68
  AVERAGE         82                        73      9       82

PRECIPITATION (IN)
  TODAY            0.00          1.48 2004   0.07  -0.07     0.00
  MONTH TO DATE    0.81                      1.93  -1.12     2.49
  SINCE SEP 1      0.81                      1.93  -1.12     2.49
  SINCE JAN 1     12.91                     16.00  -3.09    28.01

DEGREE DAYS
 HEATING
  TODAY            0                         1     -1        0
  MONTH TO DATE    0                         1     -1        0
  SINCE SEP 1      0                         1     -1        0
  SINCE JUL 1      0                         1     -1        0

 COOLING
  TODAY           17                         9      8       17
  MONTH TO DATE  334                       275     59      363
  SINCE SEP 1    334                       275     59      363
  SINCE JAN 1   2608                      2311    297     2523
..................................................................


WIND (MPH)
  HIGHEST WIND SPEED    22   HIGHEST WIND DIRECTION    SE (150)
  HIGHEST GUST SPEED    27   HIGHEST GUST DIRECTION    SE (140)
  AVERAGE WIND SPEED    12.4


SKY COVER
  POSSIBLE SUNSHINE  MM
  AVERAGE SKY COVER 0.3


WEATHER CONDITIONS
 THE FOLLOWING WEATHER WAS RECORDED TODAY.
  NO SIGNIFICANT WEATHER WAS OBSERVED.


RELATIVE HUMIDITY (PERCENT)
 HIGHEST    79           600 AM
 LOWEST     34           400 PM
 AVERAGE    57

..........................................................


THE SAN ANGELO CLIMATE NORMALS FOR TOMORROW
                         NORMAL    RECORD    YEAR
 MAXIMUM TEMPERATURE (F)   85       102      1926
                                             1907
 MINIMUM TEMPERATURE (F)   61        39      1989
                                             1913


SUNRISE AND SUNSET
SEPTEMBER 23 2017.....SUNRISE   731 AM CDT   SUNSET   737 PM CDT
SEPTEMBER 24 2017.....SUNRISE   732 AM CDT   SUNSET   736 PM CDT


-  INDICATES NEGATIVE NUMBERS.
R  INDICATES RECORD WAS SET OR TIED.
MM INDICATES DATA IS MISSING.
T  INDICATES TRACE AMOUNT.




$$
