000
CDUS44 KSJT 190753
CLISJT


CLIMATE REPORT
NATIONAL WEATHER SERVICE SAN ANGELO TX
151 AM CST SUN FEB 19 2017


...................................

...THE SAN ANGELO CLIMATE SUMMARY FOR FEBRUARY 18 2017...

CLIMATE NORMAL PERIOD 1981 TO 2010
CLIMATE RECORD PERIOD 1907 TO 2017


WEATHER ITEM   OBSERVED TIME   RECORD YEAR NORMAL DEPARTURE LAST
                VALUE   (LST)  VALUE       VALUE  FROM      YEAR
                                                  NORMAL
..................................................................
TEMPERATURE (F)
 YESTERDAY
  MAXIMUM         82    400 PM  87    1986  64     18       81
  MINIMUM         45    736 AM  12    1936  38      7       55
  AVERAGE         64                        51     13       68

PRECIPITATION (IN)
  YESTERDAY        0.00          1.80 1911   0.06  -0.06     0.00
  MONTH TO DATE    1.01                      0.85   0.16     0.00
  SINCE DEC 1      3.23                      2.63   0.60     2.29
  SINCE JAN 1      2.49                      1.78   0.71     0.03

SNOWFALL (IN)
  YESTERDAY        0.0           0.0    MM   0.0    0.0      0.0
  MONTH TO DATE    0.0                       0.2   -0.2      0.0
  SINCE NOV 1      T                         2.0   -2.0      3.1
  SINCE JUL 1      T                         2.0   -2.0      3.1
  SNOW DEPTH       0

DEGREE DAYS
 HEATING
  YESTERDAY        1                        14    -13        0
  MONTH TO DATE  161                       286   -125      230
  SINCE DEC 1   1110                      1430   -320     1205
  SINCE JUL 1   1278                      1830   -552     1491

 COOLING
  YESTERDAY        0                         0      0        3
  MONTH TO DATE   10                         0     10        3
  SINCE DEC 1     12                         2     10        3
  SINCE JAN 1     11                         1     10        3
..................................................................


WIND (MPH)
  HIGHEST WIND SPEED    15   HIGHEST WIND DIRECTION    SW (230)
  HIGHEST GUST SPEED    20   HIGHEST GUST DIRECTION    SW (230)
  AVERAGE WIND SPEED     8.5


SKY COVER
  POSSIBLE SUNSHINE  MM
  AVERAGE SKY COVER 0.0


WEATHER CONDITIONS
 THE FOLLOWING WEATHER WAS RECORDED YESTERDAY.
  NO SIGNIFICANT WEATHER WAS OBSERVED.


RELATIVE HUMIDITY (PERCENT)
 HIGHEST    65           600 AM
 LOWEST     20           400 PM
 AVERAGE    43

..........................................................


THE SAN ANGELO CLIMATE NORMALS FOR TODAY
                         NORMAL    RECORD    YEAR
 MAXIMUM TEMPERATURE (F)   64        90      1986
 MINIMUM TEMPERATURE (F)   38        13      1936


SUNRISE AND SUNSET
FEBRUARY 19 2017......SUNRISE   719 AM CST   SUNSET   633 PM CST
FEBRUARY 20 2017......SUNRISE   718 AM CST   SUNSET   634 PM CST


-  INDICATES NEGATIVE NUMBERS.
R  INDICATES RECORD WAS SET OR TIED.
MM INDICATES DATA IS MISSING.
T  INDICATES TRACE AMOUNT.




$$
