000
CDUS44 KSJT 250656
CLISJT


CLIMATE REPORT
NATIONAL WEATHER SERVICE SAN ANGELO TX
156 AM CDT FRI JUL 25 2014


...................................

...THE SAN ANGELO CLIMATE SUMMARY FOR JULY 24 2014...

CLIMATE NORMAL PERIOD 1981 TO 2010
CLIMATE RECORD PERIOD 1907 TO 2014


WEATHER ITEM   OBSERVED TIME   RECORD YEAR NORMAL DEPARTURE LAST
                VALUE   (LST)  VALUE       VALUE  FROM      YEAR
                                                  NORMAL
..................................................................
TEMPERATURE (F)
 YESTERDAY
  MAXIMUM         97    414 PM 107    1995  96      1       97
  MINIMUM         71    613 AM  58    1915  72     -1       72
  AVERAGE         84                        84      0       85

PRECIPITATION (IN)
  YESTERDAY        0.00          2.84 1911   0.04  -0.04     0.00
  MONTH TO DATE    0.77                      0.94  -0.17     3.14
  SINCE JUN 1      3.06                      3.53  -0.47     4.54
  SINCE JAN 1     11.33                     11.55  -0.22    10.92

DEGREE DAYS
 HEATING
  YESTERDAY        0                         0      0        0
  MONTH TO DATE    0                         0      0        0
  SINCE JUN 1      0                         0      0        0
  SINCE JUL 1      0                         0      0        0

 COOLING
  YESTERDAY       19                        19      0       20
  MONTH TO DATE  427                       431     -4      405
  SINCE JUN 1    911                       895     16      966
  SINCE JAN 1   1513                      1355    158     1562
..................................................................


WIND (MPH)
  HIGHEST WIND SPEED    16   HIGHEST WIND DIRECTION     E (100)
  HIGHEST GUST SPEED    21   HIGHEST GUST DIRECTION     E (70)
  AVERAGE WIND SPEED     5.5


SKY COVER
  POSSIBLE SUNSHINE  MM
  AVERAGE SKY COVER 0.0


WEATHER CONDITIONS
 THE FOLLOWING WEATHER WAS RECORDED YESTERDAY.
  NO SIGNIFICANT WEATHER WAS OBSERVED.


RELATIVE HUMIDITY (PERCENT)
 HIGHEST    79           500 AM
 LOWEST     33           200 PM
 AVERAGE    56

..........................................................


THE SAN ANGELO CLIMATE NORMALS FOR TODAY
                         NORMAL    RECORD    YEAR
 MAXIMUM TEMPERATURE (F)   96       106      1912
 MINIMUM TEMPERATURE (F)   72        60      1989


SUNRISE AND SUNSET
JULY 25 2014..........SUNRISE   654 AM CDT   SUNSET   843 PM CDT
JULY 26 2014..........SUNRISE   655 AM CDT   SUNSET   842 PM CDT


-  INDICATES NEGATIVE NUMBERS.
R  INDICATES RECORD WAS SET OR TIED.
MM INDICATES DATA IS MISSING.
T  INDICATES TRACE AMOUNT.




$$
