098
CDUS44 KSJT 220756
CLISJT


CLIMATE REPORT
NATIONAL WEATHER SERVICE SAN ANGELO TX
155 AM CST THU FEB 22 2018


...................................

...THE SAN ANGELO CLIMATE SUMMARY FOR FEBRUARY 21 2018...

CLIMATE NORMAL PERIOD 1981 TO 2010
CLIMATE RECORD PERIOD 1907 TO 2018


WEATHER ITEM   OBSERVED TIME   RECORD YEAR NORMAL DEPARTURE LAST
                VALUE   (LST)  VALUE       VALUE  FROM      YEAR
                                                  NORMAL
..................................................................
TEMPERATURE (F)
 YESTERDAY
  MAXIMUM         41   1219 AM  93    1996  65    -24       81
  MINIMUM         29   1159 PM  19    1939  38     -9       39
  AVERAGE         35                        52    -17       60

PRECIPITATION (IN)
  YESTERDAY        1.02          1.55 1958   0.04   0.98     0.00
  MONTH TO DATE    1.21                      0.99   0.22     1.23
  SINCE DEC 1      2.35                      2.77  -0.42     3.45
  SINCE JAN 1      1.22                      1.92  -0.70     2.71

SNOWFALL (IN)
  YESTERDAY        T             1.1  1966   0.0    0.0      0.0
  MONTH TO DATE    T                         0.2   -0.2      0.0
  SINCE NOV 1      T                         2.0   -2.0       T
  SINCE JUL 1      T                         2.0   -2.0       T
  SNOW DEPTH       0

DEGREE DAYS
 HEATING
  YESTERDAY       30                        14     16        5
  MONTH TO DATE  279                       328    -49      170
  SINCE DEC 1   1463                      1472     -9     1119
  SINCE JUL 1   1763                      1872   -109     1287

 COOLING
  YESTERDAY        0                         0      0        0
  MONTH TO DATE   16                         0     16       11
  SINCE DEC 1     19                         2     17       13
  SINCE JAN 1     16                         1     15       12
..................................................................


WIND (MPH)
  HIGHEST WIND SPEED    30   HIGHEST WIND DIRECTION    NE (40)
  HIGHEST GUST SPEED    37   HIGHEST GUST DIRECTION    NE (30)
  AVERAGE WIND SPEED    14.8


SKY COVER
  POSSIBLE SUNSHINE  MM
  AVERAGE SKY COVER 1.0


WEATHER CONDITIONS
 THE FOLLOWING WEATHER WAS RECORDED YESTERDAY.
  THUNDERSTORM
  RAIN
  LIGHT RAIN
  FREEZING RAIN
  SLEET
  FOG
  HAZE


RELATIVE HUMIDITY (PERCENT)
 HIGHEST    92          1100 PM
 LOWEST     73          1200 AM
 AVERAGE    83

..........................................................


THE SAN ANGELO CLIMATE NORMALS FOR TODAY
                         NORMAL    RECORD    YEAR
 MAXIMUM TEMPERATURE (F)   65        97      1996
 MINIMUM TEMPERATURE (F)   39        18      1939


SUNRISE AND SUNSET
FEBRUARY 22 2018......SUNRISE   716 AM CST   SUNSET   635 PM CST
FEBRUARY 23 2018......SUNRISE   715 AM CST   SUNSET   636 PM CST


-  INDICATES NEGATIVE NUMBERS.
R  INDICATES RECORD WAS SET OR TIED.
MM INDICATES DATA IS MISSING.
T  INDICATES TRACE AMOUNT.




$$
