000
CDUS44 KSJT 060702
CLISJT


CLIMATE REPORT
NATIONAL WEATHER SERVICE SAN ANGELO TX
201 AM CDT FRI MAY 6 2016


...................................

...THE SAN ANGELO CLIMATE SUMMARY FOR MAY 5 2016...

CLIMATE NORMAL PERIOD 1981 TO 2010
CLIMATE RECORD PERIOD 1907 TO 2016


WEATHER ITEM   OBSERVED TIME   RECORD YEAR NORMAL DEPARTURE LAST
                VALUE   (LST)  VALUE       VALUE  FROM      YEAR
                                                  NORMAL
..................................................................
TEMPERATURE (F)
 YESTERDAY
  MAXIMUM         88    142 PM 103    2014  85      3       78
                                      1984
                                      1947
  MINIMUM         44    543 AM  39    1945  58    -14       67
  AVERAGE         66                        72     -6       73

PRECIPITATION (IN)
  YESTERDAY        0.00          1.18 1993   0.07  -0.07     0.29
  MONTH TO DATE    T                         0.35  -0.35     0.29
  SINCE MAR 1      8.43                      3.27   5.16     3.77
  SINCE JAN 1      9.23                      5.55   3.68     6.03

DEGREE DAYS
 HEATING
  YESTERDAY        0                         1     -1        0
  MONTH TO DATE   14                         5      9        0
  SINCE MAR 1    224                       350   -126      330
  SINCE JUL 1   1817                      2311   -494     2177

 COOLING
  YESTERDAY        1                         7     -6        8
  MONTH TO DATE    2                        34    -32       33
  SINCE MAR 1    126                       185    -59      227
  SINCE JAN 1    136                       190    -54      229
..................................................................


WIND (MPH)
  HIGHEST WIND SPEED    13   HIGHEST WIND DIRECTION    SE (120)
  HIGHEST GUST SPEED    17   HIGHEST GUST DIRECTION     E (110)
  AVERAGE WIND SPEED     5.5


SKY COVER
  POSSIBLE SUNSHINE  MM
  AVERAGE SKY COVER 0.0


WEATHER CONDITIONS
 THE FOLLOWING WEATHER WAS RECORDED YESTERDAY.
  NO SIGNIFICANT WEATHER WAS OBSERVED.


RELATIVE HUMIDITY (PERCENT)
 HIGHEST    89           600 AM
 LOWEST     18           200 PM
 AVERAGE    54

..........................................................


THE SAN ANGELO CLIMATE NORMALS FOR TODAY
                         NORMAL    RECORD    YEAR
 MAXIMUM TEMPERATURE (F)   85       104      2000
                                             1984
 MINIMUM TEMPERATURE (F)   59        41      1991
                                             1924


SUNRISE AND SUNSET
MAY  6 2016...........SUNRISE   652 AM CDT   SUNSET   825 PM CDT
MAY  7 2016...........SUNRISE   651 AM CDT   SUNSET   826 PM CDT


-  INDICATES NEGATIVE NUMBERS.
R  INDICATES RECORD WAS SET OR TIED.
MM INDICATES DATA IS MISSING.
T  INDICATES TRACE AMOUNT.




$$
