000
CDUS44 KSJT 100844
CLISJT


CLIMATE REPORT
NATIONAL WEATHER SERVICE SAN ANGELO TX
244 AM CST SAT DEC 10 2016


...................................

...THE SAN ANGELO CLIMATE SUMMARY FOR DECEMBER 9 2016...

CLIMATE NORMAL PERIOD 1981 TO 2010
CLIMATE RECORD PERIOD 1907 TO 2016


WEATHER ITEM   OBSERVED TIME   RECORD YEAR NORMAL DEPARTURE LAST
                VALUE   (LST)  VALUE       VALUE  FROM      YEAR
                                                  NORMAL
..................................................................
TEMPERATURE (F)
 YESTERDAY
  MAXIMUM         48    344 PM  80    1970  61    -13       76
  MINIMUM         30   1200 AM  11    2005  34     -4       34
  AVERAGE         39                        47     -8       55

PRECIPITATION (IN)
  YESTERDAY        0.00          3.71 1911   0.02  -0.02     0.00
  MONTH TO DATE    0.73                      0.22   0.51     0.00
  SINCE DEC 1      0.73                      0.22   0.51     0.00
  SINCE JAN 1     35.71                     20.62  15.09    24.52

SNOWFALL (IN)
  YESTERDAY        0.0           1.0  1967   0.0    0.0      0.0
  MONTH TO DATE    T                         0.1   -0.1      0.0
  SINCE NOV 1      T                         0.4   -0.4      0.0
  SINCE JUL 1      T                         0.4   -0.4      0.0
  SNOW DEPTH       0

DEGREE DAYS
 HEATING
  YESTERDAY       26                        18      8       10
  MONTH TO DATE  183                       150     33      127
  SINCE DEC 1    183                       150     33      127
  SINCE JUL 1    351                       550   -199      413

 COOLING
  YESTERDAY        0                         0      0        0
  MONTH TO DATE    0                         0      0        0
  SINCE DEC 1      0                         0      0        0
  SINCE JAN 1   2829                      2502    327     2928
..................................................................


WIND (MPH)
  HIGHEST WIND SPEED    13   HIGHEST WIND DIRECTION     S (190)
  HIGHEST GUST SPEED    17   HIGHEST GUST DIRECTION     S (170)
  AVERAGE WIND SPEED     6.6


SKY COVER
  POSSIBLE SUNSHINE  MM
  AVERAGE SKY COVER 0.8


WEATHER CONDITIONS
 THE FOLLOWING WEATHER WAS RECORDED YESTERDAY.
  NO SIGNIFICANT WEATHER WAS OBSERVED.


RELATIVE HUMIDITY (PERCENT)
 HIGHEST    75          1000 PM
 LOWEST     38           200 PM
 AVERAGE    57

..........................................................


THE SAN ANGELO CLIMATE NORMALS FOR TODAY
                         NORMAL    RECORD    YEAR
 MAXIMUM TEMPERATURE (F)   61        83      1989
 MINIMUM TEMPERATURE (F)   34        14      1917


SUNRISE AND SUNSET
DECEMBER 10 2016......SUNRISE   730 AM CST   SUNSET   540 PM CST
DECEMBER 11 2016......SUNRISE   731 AM CST   SUNSET   540 PM CST


-  INDICATES NEGATIVE NUMBERS.
R  INDICATES RECORD WAS SET OR TIED.
MM INDICATES DATA IS MISSING.
T  INDICATES TRACE AMOUNT.




$$
